{"id":231,"date":"2022-03-06T10:08:50","date_gmt":"2022-03-06T13:08:50","guid":{"rendered":"https:\/\/www.taller-palabras.com\/WordPress_04\/?post_type=product&#038;p=231"},"modified":"2026-03-31T13:06:12","modified_gmt":"2026-03-31T16:06:12","slug":"el-sueno-del-celta-mario-vargas-llosa","status":"publish","type":"product","link":"https:\/\/www.taller-palabras.com\/WordPress_04\/producto\/el-sueno-del-celta-mario-vargas-llosa","title":{"rendered":"El sue\u00f1o del celta &#8211; Mario Vargas Llosa  \/ebook"},"content":{"rendered":"<figure id=\"attachment_235\" aria-describedby=\"caption-attachment-235\" style=\"width: 150px\" class=\"wp-caption alignleft\"><img loading=\"lazy\" decoding=\"async\" class=\"wp-image-235 size-thumbnail\" src=\"https:\/\/www.taller-palabras.com\/WordPress_04\/wp-content\/uploads\/2018\/10\/vargas_llosa-150x150.jpg\" alt=\"\" width=\"150\" height=\"150\" srcset=\"https:\/\/www.taller-palabras.com\/WordPress_04\/wp-content\/uploads\/2018\/10\/vargas_llosa-150x150.jpg 150w, https:\/\/www.taller-palabras.com\/WordPress_04\/wp-content\/uploads\/2018\/10\/vargas_llosa-324x324.jpg 324w, https:\/\/www.taller-palabras.com\/WordPress_04\/wp-content\/uploads\/2018\/10\/vargas_llosa-100x100.jpg 100w\" sizes=\"auto, (max-width: 150px) 100vw, 150px\" \/><figcaption id=\"caption-attachment-235\" class=\"wp-caption-text\">Autor Mario Vargas Llosa<\/figcaption><\/figure>\n<p>La aventura que narra esta novela empieza en el Congo en 1903 y termina en una c\u00e1rcel de Londres, una ma\u00f1ana de 1916. Aqu\u00ed se cuenta la peripecia vital de un hombre de leyenda: el irland\u00e9s Roger Casement. H\u00e9roe y villano, traidor y libertario, moral e inmoral, su figura m\u00faltiple se apaga y renace tras su muerte. Casement fue uno de los primeros europeos en denunciar los horrores del colonialismo con argumentos. De sus viajes al Congo Belga y a la Amazon\u00eda peruana quedaron dos informes memorables que conmocionaron a la sociedad de su tiempo, pues tras ellos se revelaba una verdad dolorosa: no era la barbarie africana ni amaz\u00f3nica la que volv\u00eda b\u00e1rbaros a los civilizados europeos; eran ellos, en nombre del comercio, la civilizaci\u00f3n y el cristianismo, quienes comet\u00edan los actos m\u00e1s b\u00e1rbaros. Estos dos viajes y lo que all\u00ed vio, cambiar\u00edan a Casement para siempre, haci\u00e9ndole emprender otra traves\u00eda, en este caso intelectual, tanto o m\u00e1s devastadora. La que lo llev\u00f3 a enfrentarse a una Inglaterra que admiraba y a militar activamente en la causa del nacionalismo irland\u00e9s. Enplena I Guerra Mundial, viaj\u00f3 a Berl\u00edn para conspirar contra el Reino Unido y particip\u00f3 en el Alzamiento de Pascua de 1916, hecho que lo llevar\u00eda finalmente prisi\u00f3n. Tambi\u00e9n en la intimidad, Roger Casement fue un personaje m\u00faltiple: La publicaci\u00f3n de unos diarios, de veracidad dudosa, en los \u00faltimos d\u00edas de su vida, airearon unas escabrosas aventuras homosexuales que le valieron el desprecio de sus compatriotas. En este territorio que se multiplica por cinco (\u00c1frica, la Amazonia, Irlanda, la c\u00e1rcel, el sexo), El sue\u00f1o del celta describe una aventura existencial, en la oscuridad humana aparece en su estado m\u00e1s puro y, por tanto, m\u00e1s enfangado.<\/p>\n","protected":false},"excerpt":{"rendered":"<p>La aventura que narra esta novela empieza en el Congo en 1903 y termina en una c\u00e1rcel de Londres, una ma\u00f1ana de 1916. Aqu\u00ed se cuenta la peripecia vital de un hombre de leyenda: el irland\u00e9s Roger Casement. H\u00e9roe y villano, traidor y libertario, moral e inmoral, su figura m\u00faltiple se apaga y renace tras [&hellip;]<\/p>\n","protected":false},"featured_media":7957,"template":"","meta":[],"product_brand":[1706],"product_cat":[25],"product_tag":[54,85,84,55],"class_list":{"0":"post-231","1":"product","2":"type-product","3":"status-publish","4":"has-post-thumbnail","6":"product_brand-grupo1","7":"product_cat-libros-digitales-ebooks","8":"product_tag-descargar-ebook","9":"product_tag-el-sueno-del-celta","10":"product_tag-mario-vargas-llosa","11":"product_tag-novelas","13":"first","14":"instock","15":"shipping-taxable","16":"purchasable","17":"product-type-variable","18":"has-default-attributes"},"_links":{"self":[{"href":"https:\/\/www.taller-palabras.com\/WordPress_04\/wp-json\/wp\/v2\/product\/231","targetHints":{"allow":["GET"]}}],"collection":[{"href":"https:\/\/www.taller-palabras.com\/WordPress_04\/wp-json\/wp\/v2\/product"}],"about":[{"href":"https:\/\/www.taller-palabras.com\/WordPress_04\/wp-json\/wp\/v2\/types\/product"}],"wp:featuredmedia":[{"embeddable":true,"href":"https:\/\/www.taller-palabras.com\/WordPress_04\/wp-json\/wp\/v2\/media\/7957"}],"wp:attachment":[{"href":"https:\/\/www.taller-palabras.com\/WordPress_04\/wp-json\/wp\/v2\/media?parent=231"}],"wp:term":[{"taxonomy":"product_brand","embeddable":true,"href":"https:\/\/www.taller-palabras.com\/WordPress_04\/wp-json\/wp\/v2\/product_brand?post=231"},{"taxonomy":"product_cat","embeddable":true,"href":"https:\/\/www.taller-palabras.com\/WordPress_04\/wp-json\/wp\/v2\/product_cat?post=231"},{"taxonomy":"product_tag","embeddable":true,"href":"https:\/\/www.taller-palabras.com\/WordPress_04\/wp-json\/wp\/v2\/product_tag?post=231"}],"curies":[{"name":"wp","href":"https:\/\/api.w.org\/{rel}","templated":true}]}}