{"id":2414,"date":"2020-09-01T13:25:18","date_gmt":"2020-09-01T16:25:18","guid":{"rendered":"https:\/\/www.taller-palabras.com\/WordPress_04\/?post_type=product&#038;p=2414"},"modified":"2023-12-31T15:53:14","modified_gmt":"2023-12-31T18:53:14","slug":"pasaje-a-la-india-e-m-forster-ebook","status":"publish","type":"product","link":"https:\/\/www.taller-palabras.com\/WordPress_04\/producto\/pasaje-a-la-india-e-m-forster-ebook","title":{"rendered":"Pasaje a la India &#8211; E. M. Forster  \/ebook"},"content":{"rendered":"<figure id=\"attachment_2413\" aria-describedby=\"caption-attachment-2413\" style=\"width: 150px\" class=\"wp-caption alignleft\"><img loading=\"lazy\" decoding=\"async\" class=\"wp-image-2413 size-thumbnail\" src=\"https:\/\/www.taller-palabras.com\/WordPress_04\/wp-content\/uploads\/2020\/09\/EMForster-150x150.jpg\" alt=\"\" width=\"150\" height=\"150\" srcset=\"https:\/\/www.taller-palabras.com\/WordPress_04\/wp-content\/uploads\/2020\/09\/EMForster-150x150.jpg 150w, https:\/\/www.taller-palabras.com\/WordPress_04\/wp-content\/uploads\/2020\/09\/EMForster-324x324.jpg 324w, https:\/\/www.taller-palabras.com\/WordPress_04\/wp-content\/uploads\/2020\/09\/EMForster-100x100.jpg 100w\" sizes=\"auto, (max-width: 150px) 100vw, 150px\" \/><figcaption id=\"caption-attachment-2413\" class=\"wp-caption-text\">Autor E. M. Forster<\/figcaption><\/figure>\n<p>La importancia y sentido de Pasaje a la India, considerada de forma casi un\u00e1nime la obra cumbre de su autor, no se reducen en modo alguno a la simple denuncia de los estragos causados por el imperialismo brit\u00e1nico en el subcontinente indio, sino que E. M. Forster lleva a cabo en ella la transposici\u00f3n po\u00e9tica del enfrentamiento de dos mundos opuestos, Oriente y Occidente; de dos actitudes mentales, la intuitiva y la l\u00f3gica; de dos principios reducidos a norma de conducta, la est\u00e9tica y el pragmatismo. Un conjunto de oposiciones aglutinado por la poes\u00eda y el humor y sobre el que planea, a lo largo de toda la novela, la imposibilidad de comunicaci\u00f3n de dos seres unidos por la amistad o el amor.<\/p>\n","protected":false},"excerpt":{"rendered":"<p>La importancia y sentido de Pasaje a la India, considerada de forma casi un\u00e1nime la obra cumbre de su autor, no se reducen en modo alguno a la simple denuncia de los estragos causados por el imperialismo brit\u00e1nico en el subcontinente indio, sino que E. M. Forster lleva a cabo en ella la transposici\u00f3n po\u00e9tica [&hellip;]<\/p>\n","protected":false},"featured_media":2407,"template":"","meta":[],"product_brand":[],"product_cat":[25],"product_tag":[54,265,45,266],"class_list":{"0":"post-2414","1":"product","2":"type-product","3":"status-publish","4":"has-post-thumbnail","6":"product_cat-libros-digitales-ebooks","7":"product_tag-descargar-ebook","8":"product_tag-e-m-forster","9":"product_tag-mejor-novela","10":"product_tag-pasaje-a-la-india","12":"first","13":"instock","14":"shipping-taxable","15":"purchasable","16":"product-type-variable","17":"has-default-attributes"},"_links":{"self":[{"href":"https:\/\/www.taller-palabras.com\/WordPress_04\/wp-json\/wp\/v2\/product\/2414","targetHints":{"allow":["GET"]}}],"collection":[{"href":"https:\/\/www.taller-palabras.com\/WordPress_04\/wp-json\/wp\/v2\/product"}],"about":[{"href":"https:\/\/www.taller-palabras.com\/WordPress_04\/wp-json\/wp\/v2\/types\/product"}],"wp:featuredmedia":[{"embeddable":true,"href":"https:\/\/www.taller-palabras.com\/WordPress_04\/wp-json\/wp\/v2\/media\/2407"}],"wp:attachment":[{"href":"https:\/\/www.taller-palabras.com\/WordPress_04\/wp-json\/wp\/v2\/media?parent=2414"}],"wp:term":[{"taxonomy":"product_brand","embeddable":true,"href":"https:\/\/www.taller-palabras.com\/WordPress_04\/wp-json\/wp\/v2\/product_brand?post=2414"},{"taxonomy":"product_cat","embeddable":true,"href":"https:\/\/www.taller-palabras.com\/WordPress_04\/wp-json\/wp\/v2\/product_cat?post=2414"},{"taxonomy":"product_tag","embeddable":true,"href":"https:\/\/www.taller-palabras.com\/WordPress_04\/wp-json\/wp\/v2\/product_tag?post=2414"}],"curies":[{"name":"wp","href":"https:\/\/api.w.org\/{rel}","templated":true}]}}