{"id":245,"date":"2018-10-18T14:21:05","date_gmt":"2018-10-18T17:21:05","guid":{"rendered":"https:\/\/www.taller-palabras.com\/WordPress_04\/?post_type=product&#038;p=245"},"modified":"2023-09-30T13:06:44","modified_gmt":"2023-09-30T16:06:44","slug":"forastera-diana-gabaldon-ebook","status":"publish","type":"product","link":"https:\/\/www.taller-palabras.com\/WordPress_04\/producto\/forastera-diana-gabaldon-ebook","title":{"rendered":"Saga: Forastera (1) &#8211; Diana Gabaldon  \/ebook"},"content":{"rendered":"<figure id=\"attachment_249\" aria-describedby=\"caption-attachment-249\" style=\"width: 150px\" class=\"wp-caption alignleft\"><img loading=\"lazy\" decoding=\"async\" class=\"wp-image-249 size-thumbnail\" src=\"https:\/\/www.taller-palabras.com\/WordPress_04\/wp-content\/uploads\/2018\/10\/Gabaldon-150x150.jpg\" alt=\"\" width=\"150\" height=\"150\" srcset=\"https:\/\/www.taller-palabras.com\/WordPress_04\/wp-content\/uploads\/2018\/10\/Gabaldon-150x150.jpg 150w, https:\/\/www.taller-palabras.com\/WordPress_04\/wp-content\/uploads\/2018\/10\/Gabaldon-324x324.jpg 324w, https:\/\/www.taller-palabras.com\/WordPress_04\/wp-content\/uploads\/2018\/10\/Gabaldon-100x100.jpg 100w\" sizes=\"auto, (max-width: 150px) 100vw, 150px\" \/><figcaption id=\"caption-attachment-249\" class=\"wp-caption-text\">Autora Diana Gabaldon<\/figcaption><\/figure>\n<p>Reci\u00e9n acabada la Segunda Guerra Mundial, una joven pareja se re\u00fane por fin para pasar sus vacaciones en Escocia. Una tarde, cuando pasea sola por la pradera, Claire se acerca a un c\u00edrculo de piedras antiqu\u00edsimas y cae de pronto en un extra\u00f1o trance. Al volver en s\u00ed se encuentra con un panorama desconcertante: el mundo moderno ha desaparecido, ahora la rodea la Escocia de 1734.<\/p>\n<p>Este es el primer libro de una saga que parece retroalimentarse con cada historia. Y quiz\u00e1s por esa multiplicaci\u00f3n casi imparable, casi m\u00e1gica es que los lectores se preguntar\u00e1n \u00bfDe d\u00f3nde saca la autora tanta imaginaci\u00f3n?<\/p>\n","protected":false},"excerpt":{"rendered":"<p>Reci\u00e9n acabada la Segunda Guerra Mundial, una joven pareja se re\u00fane por fin para pasar sus vacaciones en Escocia. Una tarde, cuando pasea sola por la pradera, Claire se acerca a un c\u00edrculo de piedras antiqu\u00edsimas y cae de pronto en un extra\u00f1o trance. Al volver en s\u00ed se encuentra con un panorama desconcertante: el [&hellip;]<\/p>\n","protected":false},"featured_media":8028,"template":"","meta":[],"product_brand":[],"product_cat":[25,47],"product_tag":[54,87,88,55],"class_list":{"0":"post-245","1":"product","2":"type-product","3":"status-publish","4":"has-post-thumbnail","6":"product_cat-libros-digitales-ebooks","7":"product_cat-libros-digitales-sagas","8":"product_tag-descargar-ebook","9":"product_tag-diana-gabaldon","10":"product_tag-forastera","11":"product_tag-novelas","13":"first","14":"instock","15":"shipping-taxable","16":"purchasable","17":"product-type-variable","18":"has-default-attributes"},"_links":{"self":[{"href":"https:\/\/www.taller-palabras.com\/WordPress_04\/wp-json\/wp\/v2\/product\/245","targetHints":{"allow":["GET"]}}],"collection":[{"href":"https:\/\/www.taller-palabras.com\/WordPress_04\/wp-json\/wp\/v2\/product"}],"about":[{"href":"https:\/\/www.taller-palabras.com\/WordPress_04\/wp-json\/wp\/v2\/types\/product"}],"wp:featuredmedia":[{"embeddable":true,"href":"https:\/\/www.taller-palabras.com\/WordPress_04\/wp-json\/wp\/v2\/media\/8028"}],"wp:attachment":[{"href":"https:\/\/www.taller-palabras.com\/WordPress_04\/wp-json\/wp\/v2\/media?parent=245"}],"wp:term":[{"taxonomy":"product_brand","embeddable":true,"href":"https:\/\/www.taller-palabras.com\/WordPress_04\/wp-json\/wp\/v2\/product_brand?post=245"},{"taxonomy":"product_cat","embeddable":true,"href":"https:\/\/www.taller-palabras.com\/WordPress_04\/wp-json\/wp\/v2\/product_cat?post=245"},{"taxonomy":"product_tag","embeddable":true,"href":"https:\/\/www.taller-palabras.com\/WordPress_04\/wp-json\/wp\/v2\/product_tag?post=245"}],"curies":[{"name":"wp","href":"https:\/\/api.w.org\/{rel}","templated":true}]}}