{"id":2468,"date":"2020-09-18T11:30:09","date_gmt":"2020-09-18T14:30:09","guid":{"rendered":"https:\/\/www.taller-palabras.com\/WordPress_04\/?post_type=product&#038;p=2468"},"modified":"2023-11-12T12:16:38","modified_gmt":"2023-11-12T15:16:38","slug":"los-perros-duros-no-bailan-arturo-perez-reverte-ebook","status":"publish","type":"product","link":"https:\/\/www.taller-palabras.com\/WordPress_04\/producto\/los-perros-duros-no-bailan-arturo-perez-reverte-ebook","title":{"rendered":"Los perros duros no bailan &#8211; Arturo Perez Reverte \/ebook"},"content":{"rendered":"<figure id=\"attachment_1878\" aria-describedby=\"caption-attachment-1878\" style=\"width: 150px\" class=\"wp-caption alignleft\"><img loading=\"lazy\" decoding=\"async\" class=\"wp-image-1878 size-thumbnail\" src=\"https:\/\/www.taller-palabras.com\/WordPress_04\/wp-content\/uploads\/2020\/04\/Reverte-150x150.jpg\" alt=\"\" width=\"150\" height=\"150\" srcset=\"https:\/\/www.taller-palabras.com\/WordPress_04\/wp-content\/uploads\/2020\/04\/Reverte-150x150.jpg 150w, https:\/\/www.taller-palabras.com\/WordPress_04\/wp-content\/uploads\/2020\/04\/Reverte-300x300.jpg 300w, https:\/\/www.taller-palabras.com\/WordPress_04\/wp-content\/uploads\/2020\/04\/Reverte-324x324.jpg 324w, https:\/\/www.taller-palabras.com\/WordPress_04\/wp-content\/uploads\/2020\/04\/Reverte-100x100.jpg 100w, https:\/\/www.taller-palabras.com\/WordPress_04\/wp-content\/uploads\/2020\/04\/Reverte.jpg 400w\" sizes=\"auto, (max-width: 150px) 100vw, 150px\" \/><figcaption id=\"caption-attachment-1878\" class=\"wp-caption-text\">Autor Arturo Perez Reverte<\/figcaption><\/figure>\n<p>\u00abNac\u00ed mestizo, cruce de mast\u00edn espa\u00f1ol y fila brasile\u00f1a. Cuando cachorro tuve uno de esos nombres tiernos y rid\u00edculos que se les ponen a los perrillos reci\u00e9n nacidos, pero de aquello pas\u00f3 demasiado tiempo. Lo he olvidado. Desde hace mucho todos me llaman Negro\u00bb. Hace d\u00edas que en el Abrevadero de Margot, donde se re\u00fanen los chuchos del barrio, nada se sabe de Teo y de Boris el Guapo. Sus colegas presienten que detr\u00e1s de su desaparici\u00f3n hay algo oscuro, siniestro, que los mantiene alerta. Lo ocurrido no puede ser nada bueno; lo sospechan todos y lo sabe su amigo el Negro, luchador retirado con cicatrices en el hocico y en la memoria. Para \u00e9l es cuesti\u00f3n de instinto, de experiencia sobreviviendo en las situaciones m\u00e1s dif\u00edciles. Eso lo lleva a emprender un peligroso viaje al pasado, en busca de sus amigos. En esta asombrosa novela negra, divertida, tierna y sobrecogedora de principio a fin, Arturo P\u00e9rez-Reverte narra con incre\u00edble maestr\u00eda la aventura de un perro en un mundo diferente al de los humanos, donde rigen las mejores reglas \u2014lealtad, inteligencia y compa\u00f1erismo\u2014 y est\u00e1n desterradas toda correcci\u00f3n pol\u00edtica o convenci\u00f3n social. Un mundo en el que a veces hay clemencia para los inocentes. Y justicia para los culpables.<\/p>\n","protected":false},"excerpt":{"rendered":"<p>\u00abNac\u00ed mestizo, cruce de mast\u00edn espa\u00f1ol y fila brasile\u00f1a. Cuando cachorro tuve uno de esos nombres tiernos y rid\u00edculos que se les ponen a los perrillos reci\u00e9n nacidos, pero de aquello pas\u00f3 demasiado tiempo. Lo he olvidado. Desde hace mucho todos me llaman Negro\u00bb. Hace d\u00edas que en el Abrevadero de Margot, donde se re\u00fanen [&hellip;]<\/p>\n","protected":false},"featured_media":2467,"template":"","meta":[],"product_brand":[],"product_cat":[25],"product_tag":[202,54,276,45],"class_list":{"0":"post-2468","1":"product","2":"type-product","3":"status-publish","4":"has-post-thumbnail","6":"product_cat-libros-digitales-ebooks","7":"product_tag-arturo-perez-reverte","8":"product_tag-descargar-ebook","9":"product_tag-los-perros-duros-no-bailan","10":"product_tag-mejor-novela","12":"first","13":"instock","14":"shipping-taxable","15":"purchasable","16":"product-type-variable","17":"has-default-attributes"},"_links":{"self":[{"href":"https:\/\/www.taller-palabras.com\/WordPress_04\/wp-json\/wp\/v2\/product\/2468","targetHints":{"allow":["GET"]}}],"collection":[{"href":"https:\/\/www.taller-palabras.com\/WordPress_04\/wp-json\/wp\/v2\/product"}],"about":[{"href":"https:\/\/www.taller-palabras.com\/WordPress_04\/wp-json\/wp\/v2\/types\/product"}],"wp:featuredmedia":[{"embeddable":true,"href":"https:\/\/www.taller-palabras.com\/WordPress_04\/wp-json\/wp\/v2\/media\/2467"}],"wp:attachment":[{"href":"https:\/\/www.taller-palabras.com\/WordPress_04\/wp-json\/wp\/v2\/media?parent=2468"}],"wp:term":[{"taxonomy":"product_brand","embeddable":true,"href":"https:\/\/www.taller-palabras.com\/WordPress_04\/wp-json\/wp\/v2\/product_brand?post=2468"},{"taxonomy":"product_cat","embeddable":true,"href":"https:\/\/www.taller-palabras.com\/WordPress_04\/wp-json\/wp\/v2\/product_cat?post=2468"},{"taxonomy":"product_tag","embeddable":true,"href":"https:\/\/www.taller-palabras.com\/WordPress_04\/wp-json\/wp\/v2\/product_tag?post=2468"}],"curies":[{"name":"wp","href":"https:\/\/api.w.org\/{rel}","templated":true}]}}

<figure id="attachment_1878" aria-describedby="caption-attachment-1878" style="width: 150px" class="wp-caption alignleft"><img loading="lazy" decoding="async" class="wp-image-1878 size-thumbnail" src="https://www.taller-palabras.com/WordPress_04/wp-content/uploads/2020/04/Reverte-150x150.jpg" alt="" width="150" height="150" srcset="https://www.taller-palabras.com/WordPress_04/wp-content/uploads/2020/04/Reverte-150x150.jpg 150w, https://www.taller-palabras.com/WordPress_04/wp-content/uploads/2020/04/Reverte-300x300.jpg 300w, https://www.taller-palabras.com/WordPress_04/wp-content/uploads/2020/04/Reverte-324x324.jpg 324w, https://www.taller-palabras.com/WordPress_04/wp-content/uploads/2020/04/Reverte-100x100.jpg 100w, https://www.taller-palabras.com/WordPress_04/wp-content/uploads/2020/04/Reverte.jpg 400w" sizes="auto, (max-width: 150px) 100vw, 150px" /><figcaption id="caption-attachment-1878" class="wp-caption-text">Autor Arturo Perez Reverte</figcaption></figure>
<p>«Nací mestizo, cruce de mastín español y fila brasileña. Cuando cachorro tuve uno de esos nombres tiernos y ridículos que se les ponen a los perrillos recién nacidos, pero de aquello pasó demasiado tiempo. Lo he olvidado. Desde hace mucho todos me llaman Negro». Hace días que en el Abrevadero de Margot, donde se reúnen los chuchos del barrio, nada se sabe de Teo y de Boris el Guapo. Sus colegas presienten que detrás de su desaparición hay algo oscuro, siniestro, que los mantiene alerta. Lo ocurrido no puede ser nada bueno; lo sospechan todos y lo sabe su amigo el Negro, luchador retirado con cicatrices en el hocico y en la memoria. Para él es cuestión de instinto, de experiencia sobreviviendo en las situaciones más difíciles. Eso lo lleva a emprender un peligroso viaje al pasado, en busca de sus amigos. En esta asombrosa novela negra, divertida, tierna y sobrecogedora de principio a fin, Arturo Pérez-Reverte narra con increíble maestría la aventura de un perro en un mundo diferente al de los humanos, donde rigen las mejores reglas —lealtad, inteligencia y compañerismo— y están desterradas toda corrección política o convención social. Un mundo en el que a veces hay clemencia para los inocentes. Y justicia para los culpables.</p>

<p>«Nací mestizo, cruce de mastín español y fila brasileña. Cuando cachorro tuve uno de esos nombres tiernos y ridículos que se les ponen a los perrillos recién nacidos, pero de aquello pasó demasiado tiempo. Lo he olvidado. Desde hace mucho todos me llaman Negro». Hace días que en el Abrevadero de Margot, donde se reúnen [&hellip;]</p>
