{"id":2473,"date":"2022-03-06T10:09:15","date_gmt":"2022-03-06T13:09:15","guid":{"rendered":"https:\/\/www.taller-palabras.com\/WordPress_04\/?post_type=product&#038;p=2473"},"modified":"2026-02-04T11:38:57","modified_gmt":"2026-02-04T14:38:57","slug":"medio-siglo-con-borges-mario-vargas-llosa-ebook","status":"publish","type":"product","link":"https:\/\/www.taller-palabras.com\/WordPress_04\/producto\/medio-siglo-con-borges-mario-vargas-llosa-ebook","title":{"rendered":"Medio Siglo con Borges &#8211; Mario Vargas Llosa \/ebook"},"content":{"rendered":"<figure id=\"attachment_235\" aria-describedby=\"caption-attachment-235\" style=\"width: 150px\" class=\"wp-caption alignleft\"><img loading=\"lazy\" decoding=\"async\" class=\"wp-image-235 size-thumbnail\" src=\"https:\/\/www.taller-palabras.com\/WordPress_04\/wp-content\/uploads\/2018\/10\/vargas_llosa-150x150.jpg\" alt=\"\" width=\"150\" height=\"150\" srcset=\"https:\/\/www.taller-palabras.com\/WordPress_04\/wp-content\/uploads\/2018\/10\/vargas_llosa-150x150.jpg 150w, https:\/\/www.taller-palabras.com\/WordPress_04\/wp-content\/uploads\/2018\/10\/vargas_llosa-324x324.jpg 324w, https:\/\/www.taller-palabras.com\/WordPress_04\/wp-content\/uploads\/2018\/10\/vargas_llosa-100x100.jpg 100w\" sizes=\"auto, (max-width: 150px) 100vw, 150px\" \/><figcaption id=\"caption-attachment-235\" class=\"wp-caption-text\">Autor Mario Vargas Llosa<\/figcaption><\/figure>\n<p><strong>Uno de los escritores m\u00e1s extraordinarios del siglo XX, Jorge Luis Borges, en la mirada de Mario Vargas Llosa, Premio Nobel de Literatura<\/strong><\/p>\n<p><em>\u00abLa perfecci\u00f3n absoluta no parece de este mundo, ni siquiera en obras art\u00edsticas de creadores que, como Borges, estuvieron m\u00e1s cerca de lograrla.\u00bb<\/em><\/p>\n<p>\u00abEsta colecci\u00f3n de art\u00edculos, conferencias, rese\u00f1as y notas da testimonio de m\u00e1s de medio siglo de lecturas de un autor que ha sido para m\u00ed, desde que le\u00ed sus primeros cuentos y ensayos en la Lima de los a\u00f1os cincuenta, una fuente inagotable de placer intelectual. Muchas veces lo he rele\u00eddo y, a diferencia de lo que me ocurre con otros escritores que marcaron mi adolescencia, nunca me decepcion\u00f3; al contrario, cada nueva lectura renueva mi entusiasmo y felicidad, revel\u00e1ndome nuevos secretos y sutilezas de ese mundo borgiano tan inusitado en sus temas y tan di\u00e1fano y elegante en su expresi\u00f3n.\u00bb<\/p>\n<p>\u00bbSiempre le\u00ed a Borges no solo con la exaltaci\u00f3n que despierta un gran escritor; tambi\u00e9n, con una indefinible nostalgia y la sensaci\u00f3n de que algo de aquel deslumbrante universo salido de su imaginaci\u00f3n y de su prosa me estar\u00e1 siempre negado, por m\u00e1s que tanto lo admire y goce con \u00e9l.\u00bb<\/p>\n<p>\u00bbEl pu\u00f1ado de libros que escribi\u00f3, libros siempre breves, perfectos como un anillo, donde uno tiene la impresi\u00f3n que nada falta ni sobra, han tenido y tienen una enorme influencia en quienes escriben en espa\u00f1ol.\u00bb<br \/>\n<strong>Mario Vargas Llosa<\/strong><\/p>\n","protected":false},"excerpt":{"rendered":"<p>Uno de los escritores m\u00e1s extraordinarios del siglo XX, Jorge Luis Borges, en la mirada de Mario Vargas Llosa, Premio Nobel de Literatura \u00abLa perfecci\u00f3n absoluta no parece de este mundo, ni siquiera en obras art\u00edsticas de creadores que, como Borges, estuvieron m\u00e1s cerca de lograrla.\u00bb \u00abEsta colecci\u00f3n de art\u00edculos, conferencias, rese\u00f1as y notas da [&hellip;]<\/p>\n","protected":false},"featured_media":2477,"template":"","meta":[],"product_brand":[],"product_cat":[25],"product_tag":[54,84,277,45],"class_list":{"0":"post-2473","1":"product","2":"type-product","3":"status-publish","4":"has-post-thumbnail","6":"product_cat-libros-digitales-ebooks","7":"product_tag-descargar-ebook","8":"product_tag-mario-vargas-llosa","9":"product_tag-medio-siglo-con-borges","10":"product_tag-mejor-novela","12":"first","13":"instock","14":"shipping-taxable","15":"purchasable","16":"product-type-variable","17":"has-default-attributes"},"_links":{"self":[{"href":"https:\/\/www.taller-palabras.com\/WordPress_04\/wp-json\/wp\/v2\/product\/2473","targetHints":{"allow":["GET"]}}],"collection":[{"href":"https:\/\/www.taller-palabras.com\/WordPress_04\/wp-json\/wp\/v2\/product"}],"about":[{"href":"https:\/\/www.taller-palabras.com\/WordPress_04\/wp-json\/wp\/v2\/types\/product"}],"wp:featuredmedia":[{"embeddable":true,"href":"https:\/\/www.taller-palabras.com\/WordPress_04\/wp-json\/wp\/v2\/media\/2477"}],"wp:attachment":[{"href":"https:\/\/www.taller-palabras.com\/WordPress_04\/wp-json\/wp\/v2\/media?parent=2473"}],"wp:term":[{"taxonomy":"product_brand","embeddable":true,"href":"https:\/\/www.taller-palabras.com\/WordPress_04\/wp-json\/wp\/v2\/product_brand?post=2473"},{"taxonomy":"product_cat","embeddable":true,"href":"https:\/\/www.taller-palabras.com\/WordPress_04\/wp-json\/wp\/v2\/product_cat?post=2473"},{"taxonomy":"product_tag","embeddable":true,"href":"https:\/\/www.taller-palabras.com\/WordPress_04\/wp-json\/wp\/v2\/product_tag?post=2473"}],"curies":[{"name":"wp","href":"https:\/\/api.w.org\/{rel}","templated":true}]}}