{"id":2482,"date":"2020-10-06T09:30:36","date_gmt":"2020-10-06T12:30:36","guid":{"rendered":"https:\/\/www.taller-palabras.com\/WordPress_04\/?post_type=product&#038;p=2482"},"modified":"2024-01-02T12:14:03","modified_gmt":"2024-01-02T15:14:03","slug":"como-una-novela-daniel-pennac-ebook","status":"publish","type":"product","link":"https:\/\/www.taller-palabras.com\/WordPress_04\/producto\/como-una-novela-daniel-pennac-ebook","title":{"rendered":"Como una novela &#8211; Daniel Pennac  \/ebook"},"content":{"rendered":"<figure id=\"attachment_2486\" aria-describedby=\"caption-attachment-2486\" style=\"width: 150px\" class=\"wp-caption alignleft\"><img loading=\"lazy\" decoding=\"async\" class=\"wp-image-2486 size-thumbnail\" src=\"https:\/\/www.taller-palabras.com\/WordPress_04\/wp-content\/uploads\/2020\/10\/Daniel_Pennac-150x150.jpg\" alt=\"\" width=\"150\" height=\"150\" srcset=\"https:\/\/www.taller-palabras.com\/WordPress_04\/wp-content\/uploads\/2020\/10\/Daniel_Pennac-150x150.jpg 150w, https:\/\/www.taller-palabras.com\/WordPress_04\/wp-content\/uploads\/2020\/10\/Daniel_Pennac-100x100.jpg 100w\" sizes=\"auto, (max-width: 150px) 100vw, 150px\" \/><figcaption id=\"caption-attachment-2486\" class=\"wp-caption-text\">Autor Daniel Pennac<\/figcaption><\/figure>\n<p>Esta obra ins\u00f3lita, un aut\u00e9ntico est\u00edmulo para la lectura, ha sido uno de los grandes fen\u00f3menos de la edici\u00f3n francesa reciente. Pennac, profesor de literatura en un instituto, se propone una tarea tan simple como necesaria en nuestros d\u00edas: que el adolescente pierda el miedo a la lectura, que lea por placer, que se embarque en un libro como en una aventura personal y libremente elegida. Todo lo escrito como un mon\u00f3logo desenfadado, de una alegr\u00eda y entusiasmo contagiosos: En realidad, no es un libro de reflexi\u00f3n sobre la lectura -dice el autor-, sino una tentativa de reconciliaci\u00f3n con el libro. Este antimanual de literatura concluye con un dec\u00e1logo no de los deberes, sino de los derechos imprescindibles del lector (derecho a no terminar un libro, a releer, etc., incluso a no leer).<\/p>\n","protected":false},"excerpt":{"rendered":"<p>Esta obra ins\u00f3lita, un aut\u00e9ntico est\u00edmulo para la lectura, ha sido uno de los grandes fen\u00f3menos de la edici\u00f3n francesa reciente. Pennac, profesor de literatura en un instituto, se propone una tarea tan simple como necesaria en nuestros d\u00edas: que el adolescente pierda el miedo a la lectura, que lea por placer, que se embarque [&hellip;]<\/p>\n","protected":false},"featured_media":2489,"template":"","meta":[],"product_brand":[],"product_cat":[25],"product_tag":[279,278,54,45],"class_list":{"0":"post-2482","1":"product","2":"type-product","3":"status-publish","4":"has-post-thumbnail","6":"product_cat-libros-digitales-ebooks","7":"product_tag-como-una-novela","8":"product_tag-daniel-pennac","9":"product_tag-descargar-ebook","10":"product_tag-mejor-novela","12":"first","13":"instock","14":"shipping-taxable","15":"purchasable","16":"product-type-variable","17":"has-default-attributes"},"_links":{"self":[{"href":"https:\/\/www.taller-palabras.com\/WordPress_04\/wp-json\/wp\/v2\/product\/2482","targetHints":{"allow":["GET"]}}],"collection":[{"href":"https:\/\/www.taller-palabras.com\/WordPress_04\/wp-json\/wp\/v2\/product"}],"about":[{"href":"https:\/\/www.taller-palabras.com\/WordPress_04\/wp-json\/wp\/v2\/types\/product"}],"wp:featuredmedia":[{"embeddable":true,"href":"https:\/\/www.taller-palabras.com\/WordPress_04\/wp-json\/wp\/v2\/media\/2489"}],"wp:attachment":[{"href":"https:\/\/www.taller-palabras.com\/WordPress_04\/wp-json\/wp\/v2\/media?parent=2482"}],"wp:term":[{"taxonomy":"product_brand","embeddable":true,"href":"https:\/\/www.taller-palabras.com\/WordPress_04\/wp-json\/wp\/v2\/product_brand?post=2482"},{"taxonomy":"product_cat","embeddable":true,"href":"https:\/\/www.taller-palabras.com\/WordPress_04\/wp-json\/wp\/v2\/product_cat?post=2482"},{"taxonomy":"product_tag","embeddable":true,"href":"https:\/\/www.taller-palabras.com\/WordPress_04\/wp-json\/wp\/v2\/product_tag?post=2482"}],"curies":[{"name":"wp","href":"https:\/\/api.w.org\/{rel}","templated":true}]}}