{"id":2575,"date":"2020-10-24T11:30:31","date_gmt":"2020-10-24T14:30:31","guid":{"rendered":"https:\/\/www.taller-palabras.com\/WordPress_04\/?post_type=product&#038;p=2575"},"modified":"2024-01-06T12:57:14","modified_gmt":"2024-01-06T15:57:14","slug":"la-saga-de-los-longevos-ii-los-hijos-de-adan-eva-garcia-saenz-ebook","status":"publish","type":"product","link":"https:\/\/www.taller-palabras.com\/WordPress_04\/producto\/la-saga-de-los-longevos-ii-los-hijos-de-adan-eva-garcia-saenz-ebook","title":{"rendered":"Saga: La saga de los longevos II \/ Los Hijos de Ad\u00e1n &#8211; Eva Garc\u00eda S\u00e1enz  \/ebook"},"content":{"rendered":"<figure id=\"attachment_2566\" aria-describedby=\"caption-attachment-2566\" style=\"width: 150px\" class=\"wp-caption alignleft\"><img loading=\"lazy\" decoding=\"async\" class=\"wp-image-2566 size-thumbnail\" src=\"https:\/\/www.taller-palabras.com\/WordPress_04\/wp-content\/uploads\/2020\/10\/EvaGarciaSaenz-150x150.jpg\" alt=\"\" width=\"150\" height=\"150\" srcset=\"https:\/\/www.taller-palabras.com\/WordPress_04\/wp-content\/uploads\/2020\/10\/EvaGarciaSaenz-150x150.jpg 150w, https:\/\/www.taller-palabras.com\/WordPress_04\/wp-content\/uploads\/2020\/10\/EvaGarciaSaenz-100x100.jpg 100w\" sizes=\"auto, (max-width: 150px) 100vw, 150px\" \/><figcaption id=\"caption-attachment-2566\" class=\"wp-caption-text\">Autora Eva Garc\u00eda S\u00e1enz<\/figcaption><\/figure>\n<p>\u00abPara un longevo, el pasado siempre vuelve en forma de problemas\u00bb. La inesperada vuelta de Gunnarr, el hijo que Iago crey\u00f3 muerto en la batalla de Kinsale en la Irlanda de 1602, alterar\u00e1 la tranquila vida que Iago del Castillo y Adriana Alameda hab\u00edan conseguido construir en Santander. Pero no ser\u00e1 la \u00fanica persona de su pasado a la que Iago tendr\u00e1 que enfrentarse. Prehistoria, Europa: L\u00fcr busca a lo largo y ancho de un continente desolado al clan de Los Hijos de Ad\u00e1n y a su legendaria matriarca, Adana, de quien se dice que no envejece. 800 d.C., Dinamarca: Gunnarr le cuenta a Adriana sus primeros a\u00f1os de vida y c\u00f3mo se convirti\u00f3 en berserker, un peligroso y legendario grupo de mercenarios vikingos. 1.620 d.C., Nueva Inglaterra: Urko se embarca en el Mayflower hacia las costas de Massachusetts para construir la colonia de Plymouth. All\u00ed conocer\u00e1 a Manon Adams, una mujer fuerte que dejar\u00e1 su huella pese al paso del tiempo. De Pompeya a la Edad Media, de los clanes escoceses a los Padres Peregrinos, La Vieja Familia recorrer\u00e1 de nuevo los milenios para descubrir que sus miembros han sido perseguidos desde antes de su nacimiento.<\/p>\n","protected":false},"excerpt":{"rendered":"<p>\u00abPara un longevo, el pasado siempre vuelve en forma de problemas\u00bb. La inesperada vuelta de Gunnarr, el hijo que Iago crey\u00f3 muerto en la batalla de Kinsale en la Irlanda de 1602, alterar\u00e1 la tranquila vida que Iago del Castillo y Adriana Alameda hab\u00edan conseguido construir en Santander. Pero no ser\u00e1 la \u00fanica persona de [&hellip;]<\/p>\n","protected":false},"featured_media":2559,"template":"","meta":[],"product_brand":[],"product_cat":[25,47],"product_tag":[54,292,294,293,45],"class_list":{"0":"post-2575","1":"product","2":"type-product","3":"status-publish","4":"has-post-thumbnail","6":"product_cat-libros-digitales-ebooks","7":"product_cat-libros-digitales-sagas","8":"product_tag-descargar-ebook","9":"product_tag-eva-garcia-saenz","10":"product_tag-la-saga-de-los-longevos","11":"product_tag-los-hijos-de-adan","12":"product_tag-mejor-novela","14":"first","15":"instock","16":"shipping-taxable","17":"purchasable","18":"product-type-variable","19":"has-default-attributes"},"_links":{"self":[{"href":"https:\/\/www.taller-palabras.com\/WordPress_04\/wp-json\/wp\/v2\/product\/2575","targetHints":{"allow":["GET"]}}],"collection":[{"href":"https:\/\/www.taller-palabras.com\/WordPress_04\/wp-json\/wp\/v2\/product"}],"about":[{"href":"https:\/\/www.taller-palabras.com\/WordPress_04\/wp-json\/wp\/v2\/types\/product"}],"wp:featuredmedia":[{"embeddable":true,"href":"https:\/\/www.taller-palabras.com\/WordPress_04\/wp-json\/wp\/v2\/media\/2559"}],"wp:attachment":[{"href":"https:\/\/www.taller-palabras.com\/WordPress_04\/wp-json\/wp\/v2\/media?parent=2575"}],"wp:term":[{"taxonomy":"product_brand","embeddable":true,"href":"https:\/\/www.taller-palabras.com\/WordPress_04\/wp-json\/wp\/v2\/product_brand?post=2575"},{"taxonomy":"product_cat","embeddable":true,"href":"https:\/\/www.taller-palabras.com\/WordPress_04\/wp-json\/wp\/v2\/product_cat?post=2575"},{"taxonomy":"product_tag","embeddable":true,"href":"https:\/\/www.taller-palabras.com\/WordPress_04\/wp-json\/wp\/v2\/product_tag?post=2575"}],"curies":[{"name":"wp","href":"https:\/\/api.w.org\/{rel}","templated":true}]}}

Saga: La saga de los longevos II / Los Hijos de Adán &#8211; Eva García Sáenz  /ebook

<figure id="attachment_2566" aria-describedby="caption-attachment-2566" style="width: 150px" class="wp-caption alignleft"><img loading="lazy" decoding="async" class="wp-image-2566 size-thumbnail" src="https://www.taller-palabras.com/WordPress_04/wp-content/uploads/2020/10/EvaGarciaSaenz-150x150.jpg" alt="" width="150" height="150" srcset="https://www.taller-palabras.com/WordPress_04/wp-content/uploads/2020/10/EvaGarciaSaenz-150x150.jpg 150w, https://www.taller-palabras.com/WordPress_04/wp-content/uploads/2020/10/EvaGarciaSaenz-100x100.jpg 100w" sizes="auto, (max-width: 150px) 100vw, 150px" /><figcaption id="caption-attachment-2566" class="wp-caption-text">Autora Eva García Sáenz</figcaption></figure>
<p>«Para un longevo, el pasado siempre vuelve en forma de problemas». La inesperada vuelta de Gunnarr, el hijo que Iago creyó muerto en la batalla de Kinsale en la Irlanda de 1602, alterará la tranquila vida que Iago del Castillo y Adriana Alameda habían conseguido construir en Santander. Pero no será la única persona de su pasado a la que Iago tendrá que enfrentarse. Prehistoria, Europa: Lür busca a lo largo y ancho de un continente desolado al clan de Los Hijos de Adán y a su legendaria matriarca, Adana, de quien se dice que no envejece. 800 d.C., Dinamarca: Gunnarr le cuenta a Adriana sus primeros años de vida y cómo se convirtió en berserker, un peligroso y legendario grupo de mercenarios vikingos. 1.620 d.C., Nueva Inglaterra: Urko se embarca en el Mayflower hacia las costas de Massachusetts para construir la colonia de Plymouth. Allí conocerá a Manon Adams, una mujer fuerte que dejará su huella pese al paso del tiempo. De Pompeya a la Edad Media, de los clanes escoceses a los Padres Peregrinos, La Vieja Familia recorrerá de nuevo los milenios para descubrir que sus miembros han sido perseguidos desde antes de su nacimiento.</p>

<p>«Para un longevo, el pasado siempre vuelve en forma de problemas». La inesperada vuelta de Gunnarr, el hijo que Iago creyó muerto en la batalla de Kinsale en la Irlanda de 1602, alterará la tranquila vida que Iago del Castillo y Adriana Alameda habían conseguido construir en Santander. Pero no será la única persona de [&hellip;]</p>
