{"id":2601,"date":"2023-12-31T13:28:14","date_gmt":"2023-12-31T16:28:14","guid":{"rendered":"https:\/\/www.taller-palabras.com\/WordPress_04\/?post_type=product&#038;p=2601"},"modified":"2025-05-27T14:31:04","modified_gmt":"2025-05-27T17:31:04","slug":"cuentos-de-eva-luna-isabel-allende-ebook","status":"publish","type":"product","link":"https:\/\/www.taller-palabras.com\/WordPress_04\/producto\/cuentos-de-eva-luna-isabel-allende-ebook","title":{"rendered":"Cuentos de Eva Luna &#8211; Isabel Allende \/ebook"},"content":{"rendered":"<figure id=\"attachment_861\" aria-describedby=\"caption-attachment-861\" style=\"width: 150px\" class=\"wp-caption alignleft\"><img loading=\"lazy\" decoding=\"async\" class=\"wp-image-861 size-thumbnail\" src=\"https:\/\/www.taller-palabras.com\/WordPress_04\/wp-content\/uploads\/2020\/01\/Isabel_Allende-150x150.jpg\" alt=\"\" width=\"150\" height=\"150\" srcset=\"https:\/\/www.taller-palabras.com\/WordPress_04\/wp-content\/uploads\/2020\/01\/Isabel_Allende-150x150.jpg 150w, https:\/\/www.taller-palabras.com\/WordPress_04\/wp-content\/uploads\/2020\/01\/Isabel_Allende-100x100.jpg 100w\" sizes=\"auto, (max-width: 150px) 100vw, 150px\" \/><figcaption id=\"caption-attachment-861\" class=\"wp-caption-text\">Autora Isabell Allende<\/figcaption><\/figure>\n<p>Una ni\u00f1a solitaria se enamora del amante de su madre y practica misteriosas ceremonias rituales; una mujer permanece medio siglo encerrada en un s\u00f3tano, v\u00edctima de un caudillo celoso; en el fragor de una batalla, un hombre viola a una muchacha y mata a su padre\u2026 Estas son algunas de las historias reunidas en este volumen que recupera, con pulso vibrante, los inolvidables protagonistas de la novela Eva Luna: Rolf Carl\u00e9, la Maestra In\u00e9s, el Benefactor\u2026 Veintitr\u00e9s relatos de amor y violencia secretamente entrelazados por un fino hilo narrativo y un rico lenguaje que recrea azarosas peripecias en un mundo exuberante y voluptuoso. Con ternura e impecable factura literaria, Isabel Allende perfila el destino de sus personajes como parte indisoluble del destino colectivo de un continente marcado por el mestizaje, las injusticias sociales y la b\u00fasqueda de la propia identidad. Este logrado universo narrativo es el resultado de una l\u00facida conciencia hist\u00f3rica y social, as\u00ed como de una propuesta est\u00e9tica que constituye una singular expresi\u00f3n del realismo m\u00e1gico.<\/p>\n","protected":false},"excerpt":{"rendered":"<p>Una ni\u00f1a solitaria se enamora del amante de su madre y practica misteriosas ceremonias rituales; una mujer permanece medio siglo encerrada en un s\u00f3tano, v\u00edctima de un caudillo celoso; en el fragor de una batalla, un hombre viola a una muchacha y mata a su padre\u2026 Estas son algunas de las historias reunidas en este [&hellip;]<\/p>\n","protected":false},"featured_media":2605,"template":"","meta":[],"product_brand":[],"product_cat":[25],"product_tag":[299,54,139,45],"class_list":{"0":"post-2601","1":"product","2":"type-product","3":"status-publish","4":"has-post-thumbnail","6":"product_cat-libros-digitales-ebooks","7":"product_tag-cuentos-de-eva-luna","8":"product_tag-descargar-ebook","9":"product_tag-isabel-allende","10":"product_tag-mejor-novela","12":"first","13":"instock","14":"shipping-taxable","15":"purchasable","16":"product-type-variable","17":"has-default-attributes"},"_links":{"self":[{"href":"https:\/\/www.taller-palabras.com\/WordPress_04\/wp-json\/wp\/v2\/product\/2601","targetHints":{"allow":["GET"]}}],"collection":[{"href":"https:\/\/www.taller-palabras.com\/WordPress_04\/wp-json\/wp\/v2\/product"}],"about":[{"href":"https:\/\/www.taller-palabras.com\/WordPress_04\/wp-json\/wp\/v2\/types\/product"}],"wp:featuredmedia":[{"embeddable":true,"href":"https:\/\/www.taller-palabras.com\/WordPress_04\/wp-json\/wp\/v2\/media\/2605"}],"wp:attachment":[{"href":"https:\/\/www.taller-palabras.com\/WordPress_04\/wp-json\/wp\/v2\/media?parent=2601"}],"wp:term":[{"taxonomy":"product_brand","embeddable":true,"href":"https:\/\/www.taller-palabras.com\/WordPress_04\/wp-json\/wp\/v2\/product_brand?post=2601"},{"taxonomy":"product_cat","embeddable":true,"href":"https:\/\/www.taller-palabras.com\/WordPress_04\/wp-json\/wp\/v2\/product_cat?post=2601"},{"taxonomy":"product_tag","embeddable":true,"href":"https:\/\/www.taller-palabras.com\/WordPress_04\/wp-json\/wp\/v2\/product_tag?post=2601"}],"curies":[{"name":"wp","href":"https:\/\/api.w.org\/{rel}","templated":true}]}}

<figure id="attachment_861" aria-describedby="caption-attachment-861" style="width: 150px" class="wp-caption alignleft"><img loading="lazy" decoding="async" class="wp-image-861 size-thumbnail" src="https://www.taller-palabras.com/WordPress_04/wp-content/uploads/2020/01/Isabel_Allende-150x150.jpg" alt="" width="150" height="150" srcset="https://www.taller-palabras.com/WordPress_04/wp-content/uploads/2020/01/Isabel_Allende-150x150.jpg 150w, https://www.taller-palabras.com/WordPress_04/wp-content/uploads/2020/01/Isabel_Allende-100x100.jpg 100w" sizes="auto, (max-width: 150px) 100vw, 150px" /><figcaption id="caption-attachment-861" class="wp-caption-text">Autora Isabell Allende</figcaption></figure>
<p>Una niña solitaria se enamora del amante de su madre y practica misteriosas ceremonias rituales; una mujer permanece medio siglo encerrada en un sótano, víctima de un caudillo celoso; en el fragor de una batalla, un hombre viola a una muchacha y mata a su padre… Estas son algunas de las historias reunidas en este volumen que recupera, con pulso vibrante, los inolvidables protagonistas de la novela Eva Luna: Rolf Carlé, la Maestra Inés, el Benefactor… Veintitrés relatos de amor y violencia secretamente entrelazados por un fino hilo narrativo y un rico lenguaje que recrea azarosas peripecias en un mundo exuberante y voluptuoso. Con ternura e impecable factura literaria, Isabel Allende perfila el destino de sus personajes como parte indisoluble del destino colectivo de un continente marcado por el mestizaje, las injusticias sociales y la búsqueda de la propia identidad. Este logrado universo narrativo es el resultado de una lúcida conciencia histórica y social, así como de una propuesta estética que constituye una singular expresión del realismo mágico.</p>

<p>Una niña solitaria se enamora del amante de su madre y practica misteriosas ceremonias rituales; una mujer permanece medio siglo encerrada en un sótano, víctima de un caudillo celoso; en el fragor de una batalla, un hombre viola a una muchacha y mata a su padre… Estas son algunas de las historias reunidas en este [&hellip;]</p>
