{"id":2649,"date":"2021-11-25T12:55:13","date_gmt":"2021-11-25T15:55:13","guid":{"rendered":"https:\/\/www.taller-palabras.com\/WordPress_04\/?post_type=product&#038;p=2649"},"modified":"2024-01-14T10:39:52","modified_gmt":"2024-01-14T13:39:52","slug":"juana-de-arco-mark-twain-ebook","status":"publish","type":"product","link":"https:\/\/www.taller-palabras.com\/WordPress_04\/producto\/juana-de-arco-mark-twain-ebook","title":{"rendered":"Juana de Arco &#8211; Mark Twain \/ebook"},"content":{"rendered":"<figure id=\"attachment_2653\" aria-describedby=\"caption-attachment-2653\" style=\"width: 150px\" class=\"wp-caption alignleft\"><img loading=\"lazy\" decoding=\"async\" class=\"wp-image-2653 size-thumbnail\" src=\"https:\/\/www.taller-palabras.com\/WordPress_04\/wp-content\/uploads\/2020\/11\/MarkTwain-150x150.jpg\" alt=\"\" width=\"150\" height=\"150\" srcset=\"https:\/\/www.taller-palabras.com\/WordPress_04\/wp-content\/uploads\/2020\/11\/MarkTwain-150x150.jpg 150w, https:\/\/www.taller-palabras.com\/WordPress_04\/wp-content\/uploads\/2020\/11\/MarkTwain-100x100.jpg 100w\" sizes=\"auto, (max-width: 150px) 100vw, 150px\" \/><figcaption id=\"caption-attachment-2653\" class=\"wp-caption-text\">Autor Mark Twain<\/figcaption><\/figure>\n<p>Juana de Arco es un relato realista, vigoroso, magn\u00edfico y evocador, que nos transporta al dram\u00e1tico contexto de la Guerra de los Cien A\u00f1os, con la Europa cristiana en llamas y Francia en peligro de perder su territorio. La acci\u00f3n gira en torno de la figura sublime, insigne y valerosa de Juana de Arco, una jovenc\u00edsima doncella de Orleans que, al oir la llamada de unas voces, se siente llamada por Dios, y pretende nada menos que solventar el conflicto participando directamente en la batalla. A trav\u00e9s de estas emocionantes p\u00e1ginas se suceden, una tras otra, escenas de hero\u00edsmo, unidas a la figura leal de Louis de Conte, escudero de Juana y compa\u00f1ero de sus triunfos en el campo de batalla, al que el genio narrativo de Twain hace presunto autor de esta grandiosa historia, que podr\u00eda figurar entre las m\u00e1s incre\u00edbles leyendas de caballer\u00eda, incluido el tr\u00e1gico final de la Doncella de Orleans, quemada viva en la hoguera.<\/p>\n","protected":false},"excerpt":{"rendered":"<p>Juana de Arco es un relato realista, vigoroso, magn\u00edfico y evocador, que nos transporta al dram\u00e1tico contexto de la Guerra de los Cien A\u00f1os, con la Europa cristiana en llamas y Francia en peligro de perder su territorio. La acci\u00f3n gira en torno de la figura sublime, insigne y valerosa de Juana de Arco, una [&hellip;]<\/p>\n","protected":false},"featured_media":2654,"template":"","meta":[],"product_brand":[],"product_cat":[25],"product_tag":[54,1235,309,308],"class_list":{"0":"post-2649","1":"product","2":"type-product","3":"status-publish","4":"has-post-thumbnail","6":"product_cat-libros-digitales-ebooks","7":"product_tag-descargar-ebook","8":"product_tag-juana-de-arco","9":"product_tag-mark-twain","10":"product_tag-mejores-novela","12":"first","13":"instock","14":"shipping-taxable","15":"purchasable","16":"product-type-variable","17":"has-default-attributes"},"_links":{"self":[{"href":"https:\/\/www.taller-palabras.com\/WordPress_04\/wp-json\/wp\/v2\/product\/2649","targetHints":{"allow":["GET"]}}],"collection":[{"href":"https:\/\/www.taller-palabras.com\/WordPress_04\/wp-json\/wp\/v2\/product"}],"about":[{"href":"https:\/\/www.taller-palabras.com\/WordPress_04\/wp-json\/wp\/v2\/types\/product"}],"wp:featuredmedia":[{"embeddable":true,"href":"https:\/\/www.taller-palabras.com\/WordPress_04\/wp-json\/wp\/v2\/media\/2654"}],"wp:attachment":[{"href":"https:\/\/www.taller-palabras.com\/WordPress_04\/wp-json\/wp\/v2\/media?parent=2649"}],"wp:term":[{"taxonomy":"product_brand","embeddable":true,"href":"https:\/\/www.taller-palabras.com\/WordPress_04\/wp-json\/wp\/v2\/product_brand?post=2649"},{"taxonomy":"product_cat","embeddable":true,"href":"https:\/\/www.taller-palabras.com\/WordPress_04\/wp-json\/wp\/v2\/product_cat?post=2649"},{"taxonomy":"product_tag","embeddable":true,"href":"https:\/\/www.taller-palabras.com\/WordPress_04\/wp-json\/wp\/v2\/product_tag?post=2649"}],"curies":[{"name":"wp","href":"https:\/\/api.w.org\/{rel}","templated":true}]}}

<figure id="attachment_2653" aria-describedby="caption-attachment-2653" style="width: 150px" class="wp-caption alignleft"><img loading="lazy" decoding="async" class="wp-image-2653 size-thumbnail" src="https://www.taller-palabras.com/WordPress_04/wp-content/uploads/2020/11/MarkTwain-150x150.jpg" alt="" width="150" height="150" srcset="https://www.taller-palabras.com/WordPress_04/wp-content/uploads/2020/11/MarkTwain-150x150.jpg 150w, https://www.taller-palabras.com/WordPress_04/wp-content/uploads/2020/11/MarkTwain-100x100.jpg 100w" sizes="auto, (max-width: 150px) 100vw, 150px" /><figcaption id="caption-attachment-2653" class="wp-caption-text">Autor Mark Twain</figcaption></figure>
<p>Juana de Arco es un relato realista, vigoroso, magnífico y evocador, que nos transporta al dramático contexto de la Guerra de los Cien Años, con la Europa cristiana en llamas y Francia en peligro de perder su territorio. La acción gira en torno de la figura sublime, insigne y valerosa de Juana de Arco, una jovencísima doncella de Orleans que, al oir la llamada de unas voces, se siente llamada por Dios, y pretende nada menos que solventar el conflicto participando directamente en la batalla. A través de estas emocionantes páginas se suceden, una tras otra, escenas de heroísmo, unidas a la figura leal de Louis de Conte, escudero de Juana y compañero de sus triunfos en el campo de batalla, al que el genio narrativo de Twain hace presunto autor de esta grandiosa historia, que podría figurar entre las más increíbles leyendas de caballería, incluido el trágico final de la Doncella de Orleans, quemada viva en la hoguera.</p>

<p>Juana de Arco es un relato realista, vigoroso, magnífico y evocador, que nos transporta al dramático contexto de la Guerra de los Cien Años, con la Europa cristiana en llamas y Francia en peligro de perder su territorio. La acción gira en torno de la figura sublime, insigne y valerosa de Juana de Arco, una [&hellip;]</p>
