{"id":2732,"date":"2020-11-21T14:54:09","date_gmt":"2020-11-21T17:54:09","guid":{"rendered":"https:\/\/www.taller-palabras.com\/WordPress_04\/?post_type=product&#038;p=2732"},"modified":"2024-01-21T14:24:11","modified_gmt":"2024-01-21T17:24:11","slug":"el-amante-marguerite-duras-ebook","status":"publish","type":"product","link":"https:\/\/www.taller-palabras.com\/WordPress_04\/producto\/el-amante-marguerite-duras-ebook","title":{"rendered":"El amante &#8211; Marguerite Duras \/ebook"},"content":{"rendered":"<figure id=\"attachment_2729\" aria-describedby=\"caption-attachment-2729\" style=\"width: 150px\" class=\"wp-caption alignleft\"><img loading=\"lazy\" decoding=\"async\" class=\"wp-image-2729 size-thumbnail\" src=\"https:\/\/www.taller-palabras.com\/WordPress_04\/wp-content\/uploads\/2020\/11\/margueriteduras-150x150.jpg\" alt=\"\" width=\"150\" height=\"150\" srcset=\"https:\/\/www.taller-palabras.com\/WordPress_04\/wp-content\/uploads\/2020\/11\/margueriteduras-150x150.jpg 150w, https:\/\/www.taller-palabras.com\/WordPress_04\/wp-content\/uploads\/2020\/11\/margueriteduras-100x100.jpg 100w\" sizes=\"auto, (max-width: 150px) 100vw, 150px\" \/><figcaption id=\"caption-attachment-2729\" class=\"wp-caption-text\">Autora Marguerite Duras<\/figcaption><\/figure>\n<p>Marguerite Duras, adolescente, en el per\u00edodo que ella reconstruye en este libro. Marguerite Duras se convierte de la noche a la ma\u00f1ana, con El amante, en una autora solicitada por todos los p\u00fablicos. Y, adem\u00e1s, recibe poco despu\u00e9s, en noviembre de 1984. el prestigioso Premio Goncourt. A todos emociona sin duda esta narraci\u00f3n autobiogr\u00e1fica en la que la autora expresa, con la intensidad del deseo, esa historia de amor entre una adolescente de quince a\u00f1os y un rico comerciante chino de veintis\u00e9is. Esa jovencita bell\u00edsima, pero pobre, que vive en Indochina, no es otra que la propia escritora quien, hoy, recuerda las relaciones apasionadas, de intensos amor y odio, que desgarraron a su familia y, de pronto, grabaron prematuramente en su rostro los implacables surcos de la madurez. Pocas personas \u2014y en particular mujeres\u2014 permanecer\u00e1n inmunes a la contagiosa pasi\u00f3n que emana de este libro.<\/p>\n","protected":false},"excerpt":{"rendered":"<p>Marguerite Duras, adolescente, en el per\u00edodo que ella reconstruye en este libro. Marguerite Duras se convierte de la noche a la ma\u00f1ana, con El amante, en una autora solicitada por todos los p\u00fablicos. Y, adem\u00e1s, recibe poco despu\u00e9s, en noviembre de 1984. el prestigioso Premio Goncourt. A todos emociona sin duda esta narraci\u00f3n autobiogr\u00e1fica en [&hellip;]<\/p>\n","protected":false},"featured_media":2730,"template":"","meta":[],"product_brand":[],"product_cat":[25],"product_tag":[54,320,321,308],"class_list":{"0":"post-2732","1":"product","2":"type-product","3":"status-publish","4":"has-post-thumbnail","6":"product_cat-libros-digitales-ebooks","7":"product_tag-descargar-ebook","8":"product_tag-el-amante","9":"product_tag-marguerite-duras","10":"product_tag-mejores-novela","12":"first","13":"instock","14":"shipping-taxable","15":"purchasable","16":"product-type-variable","17":"has-default-attributes"},"_links":{"self":[{"href":"https:\/\/www.taller-palabras.com\/WordPress_04\/wp-json\/wp\/v2\/product\/2732","targetHints":{"allow":["GET"]}}],"collection":[{"href":"https:\/\/www.taller-palabras.com\/WordPress_04\/wp-json\/wp\/v2\/product"}],"about":[{"href":"https:\/\/www.taller-palabras.com\/WordPress_04\/wp-json\/wp\/v2\/types\/product"}],"wp:featuredmedia":[{"embeddable":true,"href":"https:\/\/www.taller-palabras.com\/WordPress_04\/wp-json\/wp\/v2\/media\/2730"}],"wp:attachment":[{"href":"https:\/\/www.taller-palabras.com\/WordPress_04\/wp-json\/wp\/v2\/media?parent=2732"}],"wp:term":[{"taxonomy":"product_brand","embeddable":true,"href":"https:\/\/www.taller-palabras.com\/WordPress_04\/wp-json\/wp\/v2\/product_brand?post=2732"},{"taxonomy":"product_cat","embeddable":true,"href":"https:\/\/www.taller-palabras.com\/WordPress_04\/wp-json\/wp\/v2\/product_cat?post=2732"},{"taxonomy":"product_tag","embeddable":true,"href":"https:\/\/www.taller-palabras.com\/WordPress_04\/wp-json\/wp\/v2\/product_tag?post=2732"}],"curies":[{"name":"wp","href":"https:\/\/api.w.org\/{rel}","templated":true}]}}

<figure id="attachment_2729" aria-describedby="caption-attachment-2729" style="width: 150px" class="wp-caption alignleft"><img loading="lazy" decoding="async" class="wp-image-2729 size-thumbnail" src="https://www.taller-palabras.com/WordPress_04/wp-content/uploads/2020/11/margueriteduras-150x150.jpg" alt="" width="150" height="150" srcset="https://www.taller-palabras.com/WordPress_04/wp-content/uploads/2020/11/margueriteduras-150x150.jpg 150w, https://www.taller-palabras.com/WordPress_04/wp-content/uploads/2020/11/margueriteduras-100x100.jpg 100w" sizes="auto, (max-width: 150px) 100vw, 150px" /><figcaption id="caption-attachment-2729" class="wp-caption-text">Autora Marguerite Duras</figcaption></figure>
<p>Marguerite Duras, adolescente, en el período que ella reconstruye en este libro. Marguerite Duras se convierte de la noche a la mañana, con El amante, en una autora solicitada por todos los públicos. Y, además, recibe poco después, en noviembre de 1984. el prestigioso Premio Goncourt. A todos emociona sin duda esta narración autobiográfica en la que la autora expresa, con la intensidad del deseo, esa historia de amor entre una adolescente de quince años y un rico comerciante chino de veintiséis. Esa jovencita bellísima, pero pobre, que vive en Indochina, no es otra que la propia escritora quien, hoy, recuerda las relaciones apasionadas, de intensos amor y odio, que desgarraron a su familia y, de pronto, grabaron prematuramente en su rostro los implacables surcos de la madurez. Pocas personas —y en particular mujeres— permanecerán inmunes a la contagiosa pasión que emana de este libro.</p>

<p>Marguerite Duras, adolescente, en el período que ella reconstruye en este libro. Marguerite Duras se convierte de la noche a la mañana, con El amante, en una autora solicitada por todos los públicos. Y, además, recibe poco después, en noviembre de 1984. el prestigioso Premio Goncourt. A todos emociona sin duda esta narración autobiográfica en [&hellip;]</p>
