{"id":2923,"date":"2020-12-25T11:12:57","date_gmt":"2020-12-25T14:12:57","guid":{"rendered":"https:\/\/www.taller-palabras.com\/WordPress_04\/?post_type=product&#038;p=2923"},"modified":"2023-12-30T12:16:43","modified_gmt":"2023-12-30T15:16:43","slug":"una-cierta-idea-del-mundo-baricco-alessandro-ebook","status":"publish","type":"product","link":"https:\/\/www.taller-palabras.com\/WordPress_04\/producto\/una-cierta-idea-del-mundo-baricco-alessandro-ebook","title":{"rendered":"Una Cierta Idea Del Mundo &#8211; Alessandro Baricco \/ebook"},"content":{"rendered":"<figure id=\"attachment_2406\" aria-describedby=\"caption-attachment-2406\" style=\"width: 150px\" class=\"wp-caption alignleft\"><img loading=\"lazy\" decoding=\"async\" class=\"wp-image-2406 size-thumbnail\" src=\"https:\/\/www.taller-palabras.com\/WordPress_04\/wp-content\/uploads\/2020\/09\/AlessandroBaricco-150x150.jpg\" alt=\"\" width=\"150\" height=\"150\" srcset=\"https:\/\/www.taller-palabras.com\/WordPress_04\/wp-content\/uploads\/2020\/09\/AlessandroBaricco-150x150.jpg 150w, https:\/\/www.taller-palabras.com\/WordPress_04\/wp-content\/uploads\/2020\/09\/AlessandroBaricco-100x100.jpg 100w, https:\/\/www.taller-palabras.com\/WordPress_04\/wp-content\/uploads\/2020\/09\/AlessandroBaricco.jpg 283w\" sizes=\"auto, (max-width: 150px) 100vw, 150px\" \/><figcaption id=\"caption-attachment-2406\" class=\"wp-caption-text\">Autor Alessandro Baricco<\/figcaption><\/figure>\n<p>\u00abHace diez a\u00f1os cambi\u00e9 de ciudad. \u00bfY a m\u00ed qu\u00e9?, dir\u00e9is. Pues que all\u00ed dej\u00e9 todos los libros que hab\u00eda le\u00eddo hasta entonces para entrar en una casa en la que no hab\u00eda ni un solo libro m\u00edo.\u00bb Y, tras esa mudanza entendida a modo de borr\u00f3n y cuenta nueva, Alessandro Baricco inici\u00f3 la construcci\u00f3n de una biblioteca de la que ha decidido seleccionar los cincuenta mejores textos le\u00eddos durante esa d\u00e9cada.<br \/>\nLo que ofrece este volumen no tiene pretensiones de canon: es m\u00e1s bien un recorrido personal, una selecci\u00f3n de libros que llegaron a sus manos a trav\u00e9s de la recomendaci\u00f3n de un amigo, el impulso de releer una determinada obra o un simple paseo por una librer\u00eda. Y por eso la rese\u00f1a de cada uno de los textos aqu\u00ed reunidos viene precedida por un breve comentario sobre c\u00f3mo lleg\u00f3 a \u00e9l.<br \/>\nLo que encontraremos en estas p\u00e1ginas es un gozoso caj\u00f3n de sastre en el que hay desde cl\u00e1sicos \u2013Dickens, Ambrose Bierce, Stefan Zweig, Faulkner, Rebecca West, Lampedusa, Kawabata, Curzio Malaparte, Truman Capote o Richard Brautigan\u2013 hasta contempor\u00e1neos \u2013McEwan, Coetzee, Bola\u00f1o, Cercas, Dave Eggers, Bill Bryson, Elisabeth Strout o el guionista William Goldman\u2013, pasando por historiadores<br \/>\n\u2013Donald Kagan, Mary Beard\u2013, autores policiacos \u2013Fred Vargas, Elmore Leonard\u2013, ensayistas \u2013Isaiah Berlin, Pierre Hadot, Marc Fumaroli\u2013, maestros antiguos \u2013Her\u00f3doto, Descartes\u2013, un libro sobre Glenn Gould, otros sobre tenis y f\u00fatbol\u2026<br \/>\nUna lista ecl\u00e9ctica y heterodoxa confeccionada por un Alessandro Baricco convertido en prescriptor, que aporta siempre comentarios sagaces, un estilo \u00e1gil y desprejuiciado, una voraz pasi\u00f3n lectora y el convencimiento de que los libros nos ayudan a entender el mundo.<\/p>\n","protected":false},"excerpt":{"rendered":"<p>\u00abHace diez a\u00f1os cambi\u00e9 de ciudad. \u00bfY a m\u00ed qu\u00e9?, dir\u00e9is. Pues que all\u00ed dej\u00e9 todos los libros que hab\u00eda le\u00eddo hasta entonces para entrar en una casa en la que no hab\u00eda ni un solo libro m\u00edo.\u00bb Y, tras esa mudanza entendida a modo de borr\u00f3n y cuenta nueva, Alessandro Baricco inici\u00f3 la construcci\u00f3n [&hellip;]<\/p>\n","protected":false},"featured_media":2927,"template":"","meta":[],"product_brand":[],"product_cat":[25],"product_tag":[263,54,225,350],"class_list":{"0":"post-2923","1":"product","2":"type-product","3":"status-publish","4":"has-post-thumbnail","6":"product_cat-libros-digitales-ebooks","7":"product_tag-alessandro-baricco","8":"product_tag-descargar-ebook","9":"product_tag-mejores-novelas","10":"product_tag-una-cierta-idea-del-mundo","12":"first","13":"instock","14":"shipping-taxable","15":"purchasable","16":"product-type-variable","17":"has-default-attributes"},"_links":{"self":[{"href":"https:\/\/www.taller-palabras.com\/WordPress_04\/wp-json\/wp\/v2\/product\/2923","targetHints":{"allow":["GET"]}}],"collection":[{"href":"https:\/\/www.taller-palabras.com\/WordPress_04\/wp-json\/wp\/v2\/product"}],"about":[{"href":"https:\/\/www.taller-palabras.com\/WordPress_04\/wp-json\/wp\/v2\/types\/product"}],"wp:featuredmedia":[{"embeddable":true,"href":"https:\/\/www.taller-palabras.com\/WordPress_04\/wp-json\/wp\/v2\/media\/2927"}],"wp:attachment":[{"href":"https:\/\/www.taller-palabras.com\/WordPress_04\/wp-json\/wp\/v2\/media?parent=2923"}],"wp:term":[{"taxonomy":"product_brand","embeddable":true,"href":"https:\/\/www.taller-palabras.com\/WordPress_04\/wp-json\/wp\/v2\/product_brand?post=2923"},{"taxonomy":"product_cat","embeddable":true,"href":"https:\/\/www.taller-palabras.com\/WordPress_04\/wp-json\/wp\/v2\/product_cat?post=2923"},{"taxonomy":"product_tag","embeddable":true,"href":"https:\/\/www.taller-palabras.com\/WordPress_04\/wp-json\/wp\/v2\/product_tag?post=2923"}],"curies":[{"name":"wp","href":"https:\/\/api.w.org\/{rel}","templated":true}]}}