{"id":2937,"date":"2021-01-12T09:21:20","date_gmt":"2021-01-12T12:21:20","guid":{"rendered":"https:\/\/www.taller-palabras.com\/WordPress_04\/?post_type=product&#038;p=2937"},"modified":"2024-01-27T11:39:05","modified_gmt":"2024-01-27T14:39:05","slug":"americanah-chimamanda-ngozi-adichie-ebook","status":"publish","type":"product","link":"https:\/\/www.taller-palabras.com\/WordPress_04\/producto\/americanah-chimamanda-ngozi-adichie-ebook","title":{"rendered":"Americanah &#8211; Chimamanda Ngozi Adichie \/ebook"},"content":{"rendered":"<figure id=\"attachment_2188\" aria-describedby=\"caption-attachment-2188\" style=\"width: 150px\" class=\"wp-caption alignleft\"><img loading=\"lazy\" decoding=\"async\" class=\"wp-image-2188 size-thumbnail\" src=\"https:\/\/www.taller-palabras.com\/WordPress_04\/wp-content\/uploads\/2020\/07\/chimamanda-150x150.jpg\" alt=\"\" width=\"150\" height=\"150\" srcset=\"https:\/\/www.taller-palabras.com\/WordPress_04\/wp-content\/uploads\/2020\/07\/chimamanda-150x150.jpg 150w, https:\/\/www.taller-palabras.com\/WordPress_04\/wp-content\/uploads\/2020\/07\/chimamanda-100x100.jpg 100w\" sizes=\"auto, (max-width: 150px) 100vw, 150px\" \/><figcaption id=\"caption-attachment-2188\" class=\"wp-caption-text\">Autora Chimamanda Ngozi Adichie<\/figcaption><\/figure>\n<p>Lagos, mediados de los noventa. En el marco de una dictadura militar y en una Nigeria que ofrece poco o ning\u00fan futuro, Ifemelu y Obinze, dos adolescentes at\u00edpicos, se enamoran apasionadamente. Como gran parte de su generaci\u00f3n, saben que antes o despu\u00e9s tendr\u00e1n que dejar el pa\u00eds. Obinze siempre ha so\u00f1ado con vivir en Estados Unidos, pero es Ifemelu quien consigue el visado para vivir con su t\u00eda en Brooklyn y estudiar en la universidad. Mientras Obinze lucha contra la burocracia para reunirse con Ifemelu, ella se encuentra en una Am\u00e9rica donde nada es como se imaginaba, comenzando por la importancia del color de su piel. Todas sus experiencias, desgracias y aventuras conducen a una \u00fanica pregunta: \u00bfacabar\u00e1 convirti\u00e9ndose en una \u00abamericanah\u00bb? Americanah, que recoge el t\u00e9rmino burl\u00f3n con que los nigerianos se refieren a los que vuelven de Estados Unidos d\u00e1ndose aires, es una historia de amor a lo largo de tres d\u00e9cadas y tres continentes, la historia de c\u00f3mo se crea una identidad al margen de los dictados de la sociedad y sus prejuicios.<\/p>\n","protected":false},"excerpt":{"rendered":"<p>Lagos, mediados de los noventa. En el marco de una dictadura militar y en una Nigeria que ofrece poco o ning\u00fan futuro, Ifemelu y Obinze, dos adolescentes at\u00edpicos, se enamoran apasionadamente. Como gran parte de su generaci\u00f3n, saben que antes o despu\u00e9s tendr\u00e1n que dejar el pa\u00eds. Obinze siempre ha so\u00f1ado con vivir en Estados [&hellip;]<\/p>\n","protected":false},"featured_media":2948,"template":"","meta":[],"product_brand":[],"product_cat":[25],"product_tag":[351,352,54,225],"class_list":{"0":"post-2937","1":"product","2":"type-product","3":"status-publish","4":"has-post-thumbnail","6":"product_cat-libros-digitales-ebooks","7":"product_tag-americanah","8":"product_tag-chimamanda-ngozi-adichie","9":"product_tag-descargar-ebook","10":"product_tag-mejores-novelas","12":"first","13":"instock","14":"shipping-taxable","15":"purchasable","16":"product-type-variable","17":"has-default-attributes"},"_links":{"self":[{"href":"https:\/\/www.taller-palabras.com\/WordPress_04\/wp-json\/wp\/v2\/product\/2937","targetHints":{"allow":["GET"]}}],"collection":[{"href":"https:\/\/www.taller-palabras.com\/WordPress_04\/wp-json\/wp\/v2\/product"}],"about":[{"href":"https:\/\/www.taller-palabras.com\/WordPress_04\/wp-json\/wp\/v2\/types\/product"}],"wp:featuredmedia":[{"embeddable":true,"href":"https:\/\/www.taller-palabras.com\/WordPress_04\/wp-json\/wp\/v2\/media\/2948"}],"wp:attachment":[{"href":"https:\/\/www.taller-palabras.com\/WordPress_04\/wp-json\/wp\/v2\/media?parent=2937"}],"wp:term":[{"taxonomy":"product_brand","embeddable":true,"href":"https:\/\/www.taller-palabras.com\/WordPress_04\/wp-json\/wp\/v2\/product_brand?post=2937"},{"taxonomy":"product_cat","embeddable":true,"href":"https:\/\/www.taller-palabras.com\/WordPress_04\/wp-json\/wp\/v2\/product_cat?post=2937"},{"taxonomy":"product_tag","embeddable":true,"href":"https:\/\/www.taller-palabras.com\/WordPress_04\/wp-json\/wp\/v2\/product_tag?post=2937"}],"curies":[{"name":"wp","href":"https:\/\/api.w.org\/{rel}","templated":true}]}}