{"id":3018,"date":"2021-01-19T09:06:08","date_gmt":"2021-01-19T12:06:08","guid":{"rendered":"https:\/\/www.taller-palabras.com\/WordPress_04\/?post_type=product&#038;p=3018"},"modified":"2024-01-28T12:52:29","modified_gmt":"2024-01-28T15:52:29","slug":"auto-de-fe-elias-canetti-ebook","status":"publish","type":"product","link":"https:\/\/www.taller-palabras.com\/WordPress_04\/producto\/auto-de-fe-elias-canetti-ebook","title":{"rendered":"Auto de fe &#8211; Elias Canetti  \/ebook"},"content":{"rendered":"<figure id=\"attachment_3015\" aria-describedby=\"caption-attachment-3015\" style=\"width: 150px\" class=\"wp-caption alignleft\"><img loading=\"lazy\" decoding=\"async\" class=\"wp-image-3015 size-thumbnail\" src=\"https:\/\/www.taller-palabras.com\/WordPress_04\/wp-content\/uploads\/2021\/01\/EliasCanetti-150x150.jpg\" alt=\"\" width=\"150\" height=\"150\" srcset=\"https:\/\/www.taller-palabras.com\/WordPress_04\/wp-content\/uploads\/2021\/01\/EliasCanetti-150x150.jpg 150w, https:\/\/www.taller-palabras.com\/WordPress_04\/wp-content\/uploads\/2021\/01\/EliasCanetti-100x100.jpg 100w\" sizes=\"auto, (max-width: 150px) 100vw, 150px\" \/><figcaption id=\"caption-attachment-3015\" class=\"wp-caption-text\">Autor El\u00edas Canetti<\/figcaption><\/figure>\n<p>A trav\u00e9s de la historia de Peter Kien, un especialista en China internacionalmente conocido, propietario de una biblioteca de 25.000 vol\u00famenes de la que se ocupa \u00e9l mismo, Canetti habla de los peligros de considerar que un intelectualismo r\u00edgido y dogm\u00e1tico, encerrado en s\u00ed mismo, pueda prevalecer sobre el mal, el caos y la destrucci\u00f3n. As\u00ed, el protagonista de Auto de fe, despu\u00e9s de so\u00f1ar que sus libros eran quemados, se casa con su asistenta, Teresa, una mujer iletrada y embrutecida, que habr\u00e1 de ayudarle en la tarea de preservar su biblioteca.<\/p>\n","protected":false},"excerpt":{"rendered":"<p>A trav\u00e9s de la historia de Peter Kien, un especialista en China internacionalmente conocido, propietario de una biblioteca de 25.000 vol\u00famenes de la que se ocupa \u00e9l mismo, Canetti habla de los peligros de considerar que un intelectualismo r\u00edgido y dogm\u00e1tico, encerrado en s\u00ed mismo, pueda prevalecer sobre el mal, el caos y la destrucci\u00f3n. [&hellip;]<\/p>\n","protected":false},"featured_media":3013,"template":"","meta":[],"product_brand":[],"product_cat":[25],"product_tag":[367,54,366,225],"class_list":{"0":"post-3018","1":"product","2":"type-product","3":"status-publish","4":"has-post-thumbnail","6":"product_cat-libros-digitales-ebooks","7":"product_tag-auto-de-fe","8":"product_tag-descargar-ebook","9":"product_tag-elis-canetti","10":"product_tag-mejores-novelas","12":"first","13":"instock","14":"shipping-taxable","15":"purchasable","16":"product-type-variable","17":"has-default-attributes"},"_links":{"self":[{"href":"https:\/\/www.taller-palabras.com\/WordPress_04\/wp-json\/wp\/v2\/product\/3018","targetHints":{"allow":["GET"]}}],"collection":[{"href":"https:\/\/www.taller-palabras.com\/WordPress_04\/wp-json\/wp\/v2\/product"}],"about":[{"href":"https:\/\/www.taller-palabras.com\/WordPress_04\/wp-json\/wp\/v2\/types\/product"}],"wp:featuredmedia":[{"embeddable":true,"href":"https:\/\/www.taller-palabras.com\/WordPress_04\/wp-json\/wp\/v2\/media\/3013"}],"wp:attachment":[{"href":"https:\/\/www.taller-palabras.com\/WordPress_04\/wp-json\/wp\/v2\/media?parent=3018"}],"wp:term":[{"taxonomy":"product_brand","embeddable":true,"href":"https:\/\/www.taller-palabras.com\/WordPress_04\/wp-json\/wp\/v2\/product_brand?post=3018"},{"taxonomy":"product_cat","embeddable":true,"href":"https:\/\/www.taller-palabras.com\/WordPress_04\/wp-json\/wp\/v2\/product_cat?post=3018"},{"taxonomy":"product_tag","embeddable":true,"href":"https:\/\/www.taller-palabras.com\/WordPress_04\/wp-json\/wp\/v2\/product_tag?post=3018"}],"curies":[{"name":"wp","href":"https:\/\/api.w.org\/{rel}","templated":true}]}}

<figure id="attachment_3015" aria-describedby="caption-attachment-3015" style="width: 150px" class="wp-caption alignleft"><img loading="lazy" decoding="async" class="wp-image-3015 size-thumbnail" src="https://www.taller-palabras.com/WordPress_04/wp-content/uploads/2021/01/EliasCanetti-150x150.jpg" alt="" width="150" height="150" srcset="https://www.taller-palabras.com/WordPress_04/wp-content/uploads/2021/01/EliasCanetti-150x150.jpg 150w, https://www.taller-palabras.com/WordPress_04/wp-content/uploads/2021/01/EliasCanetti-100x100.jpg 100w" sizes="auto, (max-width: 150px) 100vw, 150px" /><figcaption id="caption-attachment-3015" class="wp-caption-text">Autor Elías Canetti</figcaption></figure>
<p>A través de la historia de Peter Kien, un especialista en China internacionalmente conocido, propietario de una biblioteca de 25.000 volúmenes de la que se ocupa él mismo, Canetti habla de los peligros de considerar que un intelectualismo rígido y dogmático, encerrado en sí mismo, pueda prevalecer sobre el mal, el caos y la destrucción. Así, el protagonista de Auto de fe, después de soñar que sus libros eran quemados, se casa con su asistenta, Teresa, una mujer iletrada y embrutecida, que habrá de ayudarle en la tarea de preservar su biblioteca.</p>

<p>A través de la historia de Peter Kien, un especialista en China internacionalmente conocido, propietario de una biblioteca de 25.000 volúmenes de la que se ocupa él mismo, Canetti habla de los peligros de considerar que un intelectualismo rígido y dogmático, encerrado en sí mismo, pueda prevalecer sobre el mal, el caos y la destrucción. [&hellip;]</p>
