{"id":3158,"date":"2021-03-02T12:28:43","date_gmt":"2021-03-02T15:28:43","guid":{"rendered":"https:\/\/www.taller-palabras.com\/WordPress_04\/?post_type=product&#038;p=3158"},"modified":"2024-02-06T13:36:16","modified_gmt":"2024-02-06T16:36:16","slug":"sodoma-y-gomorra-4-marcel-proust-ebook-copia","status":"publish","type":"product","link":"https:\/\/www.taller-palabras.com\/WordPress_04\/producto\/sodoma-y-gomorra-4-marcel-proust-ebook-copia","title":{"rendered":"Sodoma y Gomorra (4) &#8211; Marcel Proust \/ebook"},"content":{"rendered":"<figure id=\"attachment_3128\" aria-describedby=\"caption-attachment-3128\" style=\"width: 150px\" class=\"wp-caption alignleft\"><img loading=\"lazy\" decoding=\"async\" class=\"wp-image-3128 size-thumbnail\" src=\"https:\/\/www.taller-palabras.com\/WordPress_04\/wp-content\/uploads\/2021\/03\/Marcel-Proust-150x150.jpg\" alt=\"\" width=\"150\" height=\"150\" srcset=\"https:\/\/www.taller-palabras.com\/WordPress_04\/wp-content\/uploads\/2021\/03\/Marcel-Proust-150x150.jpg 150w, https:\/\/www.taller-palabras.com\/WordPress_04\/wp-content\/uploads\/2021\/03\/Marcel-Proust-100x100.jpg 100w\" sizes=\"auto, (max-width: 150px) 100vw, 150px\" \/><figcaption id=\"caption-attachment-3128\" class=\"wp-caption-text\">Autor Marcel Proust<\/figcaption><\/figure>\n<p>S\u00ed en los tres vol\u00famenes anteriores hemos sido maravillados con la forma de escribir de Proust, en este cuarto volumen veremos \u00abel lado oscuro de Francia\u00bb. Proust logra retratar la vida de la comunidad francesa con sus vicios y virtudes. Sodoma y Gomorra, abre un per\u00edodo nuevo dentro de la magna obra proustiana. Mientras espera en el patio de la duquesa de Guermantes, observando la polinizaci\u00f3n de sus orqu\u00eddeas, el narrador observa en secreto el encuentro sexual entre dos hombres, el bar\u00f3n de Charlus y Jupien, una escena representada seg\u00fan las leyes de un arte oculto. Con esta escena comienza una meditaci\u00f3n profunda sobre la sexualidad y el deseo, alimentada por la atracci\u00f3n que el narrador siente por la bella Albertine. Una representaci\u00f3n de la sexualidad sobre la que Samuel Beckett escribi\u00f3: \u00abLas flores y plantas no poseen voluntad. Son descaradas, exponen sus genitales. Y as\u00ed, en cierto sentido, son los hombres y mujeres de Proust\u2026 Descarados\u00bb. \u00abEnciclopedia del coraz\u00f3n y del lenguaje, En busca del tiempo perdido no es s\u00f3lo el m\u00e1s grande tratado sobre las pasiones humanas escrito en el siglo XX; es tambi\u00e9n una novela que utiliza de manera genial la cuarta dimensi\u00f3n, el tiempo, para definir a los personajes\u00bb.<\/p>\n","protected":false},"excerpt":{"rendered":"<p>S\u00ed en los tres vol\u00famenes anteriores hemos sido maravillados con la forma de escribir de Proust, en este cuarto volumen veremos \u00abel lado oscuro de Francia\u00bb. Proust logra retratar la vida de la comunidad francesa con sus vicios y virtudes. Sodoma y Gomorra, abre un per\u00edodo nuevo dentro de la magna obra proustiana. Mientras espera [&hellip;]<\/p>\n","protected":false},"featured_media":3124,"template":"","meta":[],"product_brand":[],"product_cat":[25],"product_tag":[54,378,382],"class_list":{"0":"post-3158","1":"product","2":"type-product","3":"status-publish","4":"has-post-thumbnail","6":"product_cat-libros-digitales-ebooks","7":"product_tag-descargar-ebook","8":"product_tag-marcel-proust","9":"product_tag-sodoma-y-gomorra","11":"first","12":"instock","13":"shipping-taxable","14":"purchasable","15":"product-type-variable","16":"has-default-attributes"},"_links":{"self":[{"href":"https:\/\/www.taller-palabras.com\/WordPress_04\/wp-json\/wp\/v2\/product\/3158","targetHints":{"allow":["GET"]}}],"collection":[{"href":"https:\/\/www.taller-palabras.com\/WordPress_04\/wp-json\/wp\/v2\/product"}],"about":[{"href":"https:\/\/www.taller-palabras.com\/WordPress_04\/wp-json\/wp\/v2\/types\/product"}],"wp:featuredmedia":[{"embeddable":true,"href":"https:\/\/www.taller-palabras.com\/WordPress_04\/wp-json\/wp\/v2\/media\/3124"}],"wp:attachment":[{"href":"https:\/\/www.taller-palabras.com\/WordPress_04\/wp-json\/wp\/v2\/media?parent=3158"}],"wp:term":[{"taxonomy":"product_brand","embeddable":true,"href":"https:\/\/www.taller-palabras.com\/WordPress_04\/wp-json\/wp\/v2\/product_brand?post=3158"},{"taxonomy":"product_cat","embeddable":true,"href":"https:\/\/www.taller-palabras.com\/WordPress_04\/wp-json\/wp\/v2\/product_cat?post=3158"},{"taxonomy":"product_tag","embeddable":true,"href":"https:\/\/www.taller-palabras.com\/WordPress_04\/wp-json\/wp\/v2\/product_tag?post=3158"}],"curies":[{"name":"wp","href":"https:\/\/api.w.org\/{rel}","templated":true}]}}