{"id":3162,"date":"2021-03-02T12:18:01","date_gmt":"2021-03-02T15:18:01","guid":{"rendered":"https:\/\/www.taller-palabras.com\/WordPress_04\/?post_type=product&#038;p=3162"},"modified":"2024-02-06T11:24:08","modified_gmt":"2024-02-06T14:24:08","slug":"la-prisionera-5-marcel-proust-ebook","status":"publish","type":"product","link":"https:\/\/www.taller-palabras.com\/WordPress_04\/producto\/la-prisionera-5-marcel-proust-ebook","title":{"rendered":"La prisionera (5) &#8211; Marcel Proust \/ebook"},"content":{"rendered":"<figure id=\"attachment_3128\" aria-describedby=\"caption-attachment-3128\" style=\"width: 150px\" class=\"wp-caption alignleft\"><img loading=\"lazy\" decoding=\"async\" class=\"wp-image-3128 size-thumbnail\" src=\"https:\/\/www.taller-palabras.com\/WordPress_04\/wp-content\/uploads\/2021\/03\/Marcel-Proust-150x150.jpg\" alt=\"\" width=\"150\" height=\"150\" srcset=\"https:\/\/www.taller-palabras.com\/WordPress_04\/wp-content\/uploads\/2021\/03\/Marcel-Proust-150x150.jpg 150w, https:\/\/www.taller-palabras.com\/WordPress_04\/wp-content\/uploads\/2021\/03\/Marcel-Proust-100x100.jpg 100w\" sizes=\"auto, (max-width: 150px) 100vw, 150px\" \/><figcaption id=\"caption-attachment-3128\" class=\"wp-caption-text\">Autor Marcel Proust<\/figcaption><\/figure>\n<p>Quinto volumen de En busca del tiempo perdido, en el que el narrador se detiene en el amor convertido en obsesi\u00f3n, en la naturaleza de los celos y del sufrimiento amoroso. Albertina, segundo gran amor del protagonista, es un ser de rostro siempre cambiante, lleno de encanto y seducci\u00f3n, pero fuente inagotable de inc\u00f3gnitas. Albertine y Marcel se han instalado en Par\u00eds. Viven en un piso con su fiel criada Francisca y otros miembros de la servidumbre de los que solo conocemos al chofer y el portero de la finca, Jupen, personajes secundarios envueltos en una trama dif\u00edcil de clarificar porque realmente en la novela no hay un hilo narrativo claro, todo pasa en la mente del escritor, sus recuerdos, comentarios y disquisiciones y sobre todo la preocupaci\u00f3n m\u00e1xima sobre Albertine a la que dice que ya no ama, pero que no puede vivir sin ella, y lo que mas le ata a ella son los celos y las sospechas, reales o ficticias de su lesbianismo y que le enga\u00f1a con otras mujeres, Ya sea Lea la actriz, Andrea la amiga, la se\u00f1orita de Vinteuil.<\/p>\n","protected":false},"excerpt":{"rendered":"<p>Quinto volumen de En busca del tiempo perdido, en el que el narrador se detiene en el amor convertido en obsesi\u00f3n, en la naturaleza de los celos y del sufrimiento amoroso. Albertina, segundo gran amor del protagonista, es un ser de rostro siempre cambiante, lleno de encanto y seducci\u00f3n, pero fuente inagotable de inc\u00f3gnitas. Albertine [&hellip;]<\/p>\n","protected":false},"featured_media":3125,"template":"","meta":[],"product_brand":[],"product_cat":[25],"product_tag":[54,383,378],"class_list":{"0":"post-3162","1":"product","2":"type-product","3":"status-publish","4":"has-post-thumbnail","6":"product_cat-libros-digitales-ebooks","7":"product_tag-descargar-ebook","8":"product_tag-la-prisionera","9":"product_tag-marcel-proust","11":"first","12":"instock","13":"shipping-taxable","14":"purchasable","15":"product-type-variable","16":"has-default-attributes"},"_links":{"self":[{"href":"https:\/\/www.taller-palabras.com\/WordPress_04\/wp-json\/wp\/v2\/product\/3162","targetHints":{"allow":["GET"]}}],"collection":[{"href":"https:\/\/www.taller-palabras.com\/WordPress_04\/wp-json\/wp\/v2\/product"}],"about":[{"href":"https:\/\/www.taller-palabras.com\/WordPress_04\/wp-json\/wp\/v2\/types\/product"}],"wp:featuredmedia":[{"embeddable":true,"href":"https:\/\/www.taller-palabras.com\/WordPress_04\/wp-json\/wp\/v2\/media\/3125"}],"wp:attachment":[{"href":"https:\/\/www.taller-palabras.com\/WordPress_04\/wp-json\/wp\/v2\/media?parent=3162"}],"wp:term":[{"taxonomy":"product_brand","embeddable":true,"href":"https:\/\/www.taller-palabras.com\/WordPress_04\/wp-json\/wp\/v2\/product_brand?post=3162"},{"taxonomy":"product_cat","embeddable":true,"href":"https:\/\/www.taller-palabras.com\/WordPress_04\/wp-json\/wp\/v2\/product_cat?post=3162"},{"taxonomy":"product_tag","embeddable":true,"href":"https:\/\/www.taller-palabras.com\/WordPress_04\/wp-json\/wp\/v2\/product_tag?post=3162"}],"curies":[{"name":"wp","href":"https:\/\/api.w.org\/{rel}","templated":true}]}}