{"id":3170,"date":"2021-03-02T11:55:19","date_gmt":"2021-03-02T14:55:19","guid":{"rendered":"https:\/\/www.taller-palabras.com\/WordPress_04\/?post_type=product&#038;p=3170"},"modified":"2024-02-05T14:52:10","modified_gmt":"2024-02-05T17:52:10","slug":"el-tiempo-recobrado-7-marcel-proust-ebook","status":"publish","type":"product","link":"https:\/\/www.taller-palabras.com\/WordPress_04\/producto\/el-tiempo-recobrado-7-marcel-proust-ebook","title":{"rendered":"El tiempo recobrado (7) &#8211; Marcel Proust \/ebook"},"content":{"rendered":"<figure id=\"attachment_3128\" aria-describedby=\"caption-attachment-3128\" style=\"width: 150px\" class=\"wp-caption alignleft\"><img loading=\"lazy\" decoding=\"async\" class=\"wp-image-3128 size-thumbnail\" src=\"https:\/\/www.taller-palabras.com\/WordPress_04\/wp-content\/uploads\/2021\/03\/Marcel-Proust-150x150.jpg\" alt=\"\" width=\"150\" height=\"150\" srcset=\"https:\/\/www.taller-palabras.com\/WordPress_04\/wp-content\/uploads\/2021\/03\/Marcel-Proust-150x150.jpg 150w, https:\/\/www.taller-palabras.com\/WordPress_04\/wp-content\/uploads\/2021\/03\/Marcel-Proust-100x100.jpg 100w\" sizes=\"auto, (max-width: 150px) 100vw, 150px\" \/><figcaption id=\"caption-attachment-3128\" class=\"wp-caption-text\">Autor Marcel Proust<\/figcaption><\/figure>\n<p>Llegamos al final de nuestra magna edici\u00f3n de Proust. En este \u00faltimo volumen se entretejen todos los hilos dispuestos a lo largo de la gran novela y Marcel se reencuentra con todos sus amigos, esta vez decr\u00e9pitos y envejecidos. Destruida la belleza. Cercana la muerte. Este es el volumen m\u00e1s oto\u00f1al y melanc\u00f3lico de la serie.<\/p>\n","protected":false},"excerpt":{"rendered":"<p>Llegamos al final de nuestra magna edici\u00f3n de Proust. En este \u00faltimo volumen se entretejen todos los hilos dispuestos a lo largo de la gran novela y Marcel se reencuentra con todos sus amigos, esta vez decr\u00e9pitos y envejecidos. Destruida la belleza. Cercana la muerte. Este es el volumen m\u00e1s oto\u00f1al y melanc\u00f3lico de la [&hellip;]<\/p>\n","protected":false},"featured_media":3127,"template":"","meta":[],"product_brand":[],"product_cat":[25],"product_tag":[54,385,378],"class_list":{"0":"post-3170","1":"product","2":"type-product","3":"status-publish","4":"has-post-thumbnail","6":"product_cat-libros-digitales-ebooks","7":"product_tag-descargar-ebook","8":"product_tag-el-tiempo-recobrado","9":"product_tag-marcel-proust","11":"first","12":"instock","13":"shipping-taxable","14":"purchasable","15":"product-type-variable","16":"has-default-attributes"},"_links":{"self":[{"href":"https:\/\/www.taller-palabras.com\/WordPress_04\/wp-json\/wp\/v2\/product\/3170","targetHints":{"allow":["GET"]}}],"collection":[{"href":"https:\/\/www.taller-palabras.com\/WordPress_04\/wp-json\/wp\/v2\/product"}],"about":[{"href":"https:\/\/www.taller-palabras.com\/WordPress_04\/wp-json\/wp\/v2\/types\/product"}],"wp:featuredmedia":[{"embeddable":true,"href":"https:\/\/www.taller-palabras.com\/WordPress_04\/wp-json\/wp\/v2\/media\/3127"}],"wp:attachment":[{"href":"https:\/\/www.taller-palabras.com\/WordPress_04\/wp-json\/wp\/v2\/media?parent=3170"}],"wp:term":[{"taxonomy":"product_brand","embeddable":true,"href":"https:\/\/www.taller-palabras.com\/WordPress_04\/wp-json\/wp\/v2\/product_brand?post=3170"},{"taxonomy":"product_cat","embeddable":true,"href":"https:\/\/www.taller-palabras.com\/WordPress_04\/wp-json\/wp\/v2\/product_cat?post=3170"},{"taxonomy":"product_tag","embeddable":true,"href":"https:\/\/www.taller-palabras.com\/WordPress_04\/wp-json\/wp\/v2\/product_tag?post=3170"}],"curies":[{"name":"wp","href":"https:\/\/api.w.org\/{rel}","templated":true}]}}