{"id":3222,"date":"2020-02-16T10:20:12","date_gmt":"2020-02-16T13:20:12","guid":{"rendered":"https:\/\/www.taller-palabras.com\/WordPress_04\/?post_type=product&#038;p=3222"},"modified":"2023-11-09T12:03:13","modified_gmt":"2023-11-09T15:03:13","slug":"el-umbral-de-la-eternidad-3-ken-follett-ebook","status":"publish","type":"product","link":"https:\/\/www.taller-palabras.com\/WordPress_04\/producto\/el-umbral-de-la-eternidad-3-ken-follett-ebook","title":{"rendered":"Saga: El umbral de la eternidad &#8211; (The century III) &#8211; Ken Follett \/ebook"},"content":{"rendered":"<figure id=\"attachment_404\" aria-describedby=\"caption-attachment-404\" style=\"width: 150px\" class=\"wp-caption alignleft\"><img loading=\"lazy\" decoding=\"async\" class=\"wp-image-404 size-thumbnail\" src=\"https:\/\/www.taller-palabras.com\/WordPress_04\/wp-content\/uploads\/2018\/11\/ken_follett-150x150.jpg\" alt=\"\" width=\"150\" height=\"150\" srcset=\"https:\/\/www.taller-palabras.com\/WordPress_04\/wp-content\/uploads\/2018\/11\/ken_follett-150x150.jpg 150w, https:\/\/www.taller-palabras.com\/WordPress_04\/wp-content\/uploads\/2018\/11\/ken_follett-324x324.jpg 324w, https:\/\/www.taller-palabras.com\/WordPress_04\/wp-content\/uploads\/2018\/11\/ken_follett-100x100.jpg 100w\" sizes=\"auto, (max-width: 150px) 100vw, 150px\" \/><figcaption id=\"caption-attachment-404\" class=\"wp-caption-text\">Autor Ken Follett<\/figcaption><\/figure>\n<p>Despu\u00e9s de La ca\u00edda de los gigantes y El invierno del mundo llega el final de la gran historia de las cinco familias cuyas vidas se han entrelazado a trav\u00e9s del siglo XX. En el a\u00f1o 1961 Rebecca Hoffman, profesora en Alemania del Este y nieta de lady Maud, descubrir\u00e1 que la polic\u00eda secreta est\u00e1 vigil\u00e1ndola mientras su herma no menor, Walli, sue\u00f1a con huir a Occidente para convertirse en m\u00fasico de rock. George Jakes, joven abogado que trabaja con los hermanos Kennedy, es un activista del movimiento por los derechos civiles de los negros en Estados Unidos que participar\u00e1 en las protestas de los estados del Sur y en la marcha sobre Washington liderada por Martin Luther King. En Rusia las inclinaciones pol\u00edticas enfrentan a los hermanos Tania y Dimka Dvorkin. Este se convierte en una de las j\u00f3venes promesas del Kremlin mientras su hermana entrar\u00e1 a formar parte de un grupo activista que promueve la insurrecci\u00f3n. Desde el sur de Estados Unidos hasta la remota Siberia, desde la isla de Cuba hasta el vibrante Londres de los a\u00f1os sesenta, El umbral de la eternidad es la historia de aquellas personas que lucharon por la libertad individual en medio del conflicto tit\u00e1nico entre los dos pa\u00edses m\u00e1s poderosos jam\u00e1s conocidos.<\/p>\n","protected":false},"excerpt":{"rendered":"<p>Despu\u00e9s de La ca\u00edda de los gigantes y El invierno del mundo llega el final de la gran historia de las cinco familias cuyas vidas se han entrelazado a trav\u00e9s del siglo XX. En el a\u00f1o 1961 Rebecca Hoffman, profesora en Alemania del Este y nieta de lady Maud, descubrir\u00e1 que la polic\u00eda secreta est\u00e1 [&hellip;]<\/p>\n","protected":false},"featured_media":3204,"template":"","meta":[],"product_brand":[],"product_cat":[25,47],"product_tag":[54,390,388],"class_list":{"0":"post-3222","1":"product","2":"type-product","3":"status-publish","4":"has-post-thumbnail","6":"product_cat-libros-digitales-ebooks","7":"product_cat-libros-digitales-sagas","8":"product_tag-descargar-ebook","9":"product_tag-el-umbral-de-la-eternidad","10":"product_tag-ken-follett","12":"first","13":"instock","14":"shipping-taxable","15":"purchasable","16":"product-type-variable","17":"has-default-attributes"},"_links":{"self":[{"href":"https:\/\/www.taller-palabras.com\/WordPress_04\/wp-json\/wp\/v2\/product\/3222","targetHints":{"allow":["GET"]}}],"collection":[{"href":"https:\/\/www.taller-palabras.com\/WordPress_04\/wp-json\/wp\/v2\/product"}],"about":[{"href":"https:\/\/www.taller-palabras.com\/WordPress_04\/wp-json\/wp\/v2\/types\/product"}],"wp:featuredmedia":[{"embeddable":true,"href":"https:\/\/www.taller-palabras.com\/WordPress_04\/wp-json\/wp\/v2\/media\/3204"}],"wp:attachment":[{"href":"https:\/\/www.taller-palabras.com\/WordPress_04\/wp-json\/wp\/v2\/media?parent=3222"}],"wp:term":[{"taxonomy":"product_brand","embeddable":true,"href":"https:\/\/www.taller-palabras.com\/WordPress_04\/wp-json\/wp\/v2\/product_brand?post=3222"},{"taxonomy":"product_cat","embeddable":true,"href":"https:\/\/www.taller-palabras.com\/WordPress_04\/wp-json\/wp\/v2\/product_cat?post=3222"},{"taxonomy":"product_tag","embeddable":true,"href":"https:\/\/www.taller-palabras.com\/WordPress_04\/wp-json\/wp\/v2\/product_tag?post=3222"}],"curies":[{"name":"wp","href":"https:\/\/api.w.org\/{rel}","templated":true}]}}

<figure id="attachment_404" aria-describedby="caption-attachment-404" style="width: 150px" class="wp-caption alignleft"><img loading="lazy" decoding="async" class="wp-image-404 size-thumbnail" src="https://www.taller-palabras.com/WordPress_04/wp-content/uploads/2018/11/ken_follett-150x150.jpg" alt="" width="150" height="150" srcset="https://www.taller-palabras.com/WordPress_04/wp-content/uploads/2018/11/ken_follett-150x150.jpg 150w, https://www.taller-palabras.com/WordPress_04/wp-content/uploads/2018/11/ken_follett-324x324.jpg 324w, https://www.taller-palabras.com/WordPress_04/wp-content/uploads/2018/11/ken_follett-100x100.jpg 100w" sizes="auto, (max-width: 150px) 100vw, 150px" /><figcaption id="caption-attachment-404" class="wp-caption-text">Autor Ken Follett</figcaption></figure>
<p>Después de La caída de los gigantes y El invierno del mundo llega el final de la gran historia de las cinco familias cuyas vidas se han entrelazado a través del siglo XX. En el año 1961 Rebecca Hoffman, profesora en Alemania del Este y nieta de lady Maud, descubrirá que la policía secreta está vigilándola mientras su herma no menor, Walli, sueña con huir a Occidente para convertirse en músico de rock. George Jakes, joven abogado que trabaja con los hermanos Kennedy, es un activista del movimiento por los derechos civiles de los negros en Estados Unidos que participará en las protestas de los estados del Sur y en la marcha sobre Washington liderada por Martin Luther King. En Rusia las inclinaciones políticas enfrentan a los hermanos Tania y Dimka Dvorkin. Este se convierte en una de las jóvenes promesas del Kremlin mientras su hermana entrará a formar parte de un grupo activista que promueve la insurrección. Desde el sur de Estados Unidos hasta la remota Siberia, desde la isla de Cuba hasta el vibrante Londres de los años sesenta, El umbral de la eternidad es la historia de aquellas personas que lucharon por la libertad individual en medio del conflicto titánico entre los dos países más poderosos jamás conocidos.</p>

<p>Después de La caída de los gigantes y El invierno del mundo llega el final de la gran historia de las cinco familias cuyas vidas se han entrelazado a través del siglo XX. En el año 1961 Rebecca Hoffman, profesora en Alemania del Este y nieta de lady Maud, descubrirá que la policía secreta está [&hellip;]</p>
