{"id":3367,"date":"2021-03-31T11:53:23","date_gmt":"2021-03-31T14:53:23","guid":{"rendered":"https:\/\/www.taller-palabras.com\/WordPress_04\/?post_type=product&#038;p=3367"},"modified":"2024-06-17T12:58:04","modified_gmt":"2024-06-17T15:58:04","slug":"luz-de-agosto-william-faulkner-ebook","status":"publish","type":"product","link":"https:\/\/www.taller-palabras.com\/WordPress_04\/producto\/luz-de-agosto-william-faulkner-ebook","title":{"rendered":"Luz de agosto &#8211; William Faulkner  \/ebook"},"content":{"rendered":"<figure id=\"attachment_3373\" aria-describedby=\"caption-attachment-3373\" style=\"width: 150px\" class=\"wp-caption alignleft\"><img loading=\"lazy\" decoding=\"async\" class=\"wp-image-3373 size-thumbnail\" src=\"https:\/\/www.taller-palabras.com\/WordPress_04\/wp-content\/uploads\/2021\/03\/WilliamFaulkner-150x150.jpg\" alt=\"\" width=\"150\" height=\"150\" srcset=\"https:\/\/www.taller-palabras.com\/WordPress_04\/wp-content\/uploads\/2021\/03\/WilliamFaulkner-150x150.jpg 150w, https:\/\/www.taller-palabras.com\/WordPress_04\/wp-content\/uploads\/2021\/03\/WilliamFaulkner-100x100.jpg 100w\" sizes=\"auto, (max-width: 150px) 100vw, 150px\" \/><figcaption id=\"caption-attachment-3373\" class=\"wp-caption-text\">Autor William Faulkner<\/figcaption><\/figure>\n<p>En Luz de agosto aparecen retratados algunos de los personajes m\u00e1s memorables de Faulkner: la c\u00e1ndida e intr\u00e9pida Lena Grove en busca del padre de su hijo; el reverendo Gal Hightower \u2014atormentado por constante visiones de soldados de caballer\u00eda confederados\u2014 y Joe Christmas, un misterioso vagabundo consumido por los or\u00edgenes raciales de sus antepasados. Faulkner, adem\u00e1s de haber sido el innovador de una forma de narrar que ha influido poderosamente en las generaciones que le han continuado, fue el cronista de los m\u00e1s notables hechos, costumbres y personajes de su tierra. Luz de agosto es una de las obras m\u00e1s representativas de un hombre que, trabajando sobre la historia y haciendo campear la imaginaci\u00f3n, logr\u00f3 convertirse en uno de los escritores m\u00e1s importantes de este siglo.<\/p>\n","protected":false},"excerpt":{"rendered":"<p>En Luz de agosto aparecen retratados algunos de los personajes m\u00e1s memorables de Faulkner: la c\u00e1ndida e intr\u00e9pida Lena Grove en busca del padre de su hijo; el reverendo Gal Hightower \u2014atormentado por constante visiones de soldados de caballer\u00eda confederados\u2014 y Joe Christmas, un misterioso vagabundo consumido por los or\u00edgenes raciales de sus antepasados. Faulkner, [&hellip;]<\/p>\n","protected":false},"featured_media":3338,"template":"","meta":[],"product_brand":[],"product_cat":[25],"product_tag":[136,405,55,404],"class_list":{"0":"post-3367","1":"product","2":"type-product","3":"status-publish","4":"has-post-thumbnail","6":"product_cat-libros-digitales-ebooks","7":"product_tag-decargar-ebook","8":"product_tag-luz-de-agosto","9":"product_tag-novelas","10":"product_tag-william-faulkner","12":"first","13":"instock","14":"shipping-taxable","15":"purchasable","16":"product-type-variable","17":"has-default-attributes"},"_links":{"self":[{"href":"https:\/\/www.taller-palabras.com\/WordPress_04\/wp-json\/wp\/v2\/product\/3367","targetHints":{"allow":["GET"]}}],"collection":[{"href":"https:\/\/www.taller-palabras.com\/WordPress_04\/wp-json\/wp\/v2\/product"}],"about":[{"href":"https:\/\/www.taller-palabras.com\/WordPress_04\/wp-json\/wp\/v2\/types\/product"}],"wp:featuredmedia":[{"embeddable":true,"href":"https:\/\/www.taller-palabras.com\/WordPress_04\/wp-json\/wp\/v2\/media\/3338"}],"wp:attachment":[{"href":"https:\/\/www.taller-palabras.com\/WordPress_04\/wp-json\/wp\/v2\/media?parent=3367"}],"wp:term":[{"taxonomy":"product_brand","embeddable":true,"href":"https:\/\/www.taller-palabras.com\/WordPress_04\/wp-json\/wp\/v2\/product_brand?post=3367"},{"taxonomy":"product_cat","embeddable":true,"href":"https:\/\/www.taller-palabras.com\/WordPress_04\/wp-json\/wp\/v2\/product_cat?post=3367"},{"taxonomy":"product_tag","embeddable":true,"href":"https:\/\/www.taller-palabras.com\/WordPress_04\/wp-json\/wp\/v2\/product_tag?post=3367"}],"curies":[{"name":"wp","href":"https:\/\/api.w.org\/{rel}","templated":true}]}}