{"id":3378,"date":"2021-03-31T12:01:21","date_gmt":"2021-03-31T15:01:21","guid":{"rendered":"https:\/\/www.taller-palabras.com\/WordPress_04\/?post_type=product&#038;p=3378"},"modified":"2024-02-09T12:52:00","modified_gmt":"2024-02-09T15:52:00","slug":"sorgo-rojo-mo-yan-ebook","status":"publish","type":"product","link":"https:\/\/www.taller-palabras.com\/WordPress_04\/producto\/sorgo-rojo-mo-yan-ebook","title":{"rendered":"Sorgo rojo &#8211; Mo Yan  \/ebook"},"content":{"rendered":"<figure id=\"attachment_3382\" aria-describedby=\"caption-attachment-3382\" style=\"width: 150px\" class=\"wp-caption alignleft\"><img loading=\"lazy\" decoding=\"async\" class=\"wp-image-3382 size-thumbnail\" src=\"https:\/\/www.taller-palabras.com\/WordPress_04\/wp-content\/uploads\/2021\/03\/MoYan-150x150.jpg\" alt=\"\" width=\"150\" height=\"150\" srcset=\"https:\/\/www.taller-palabras.com\/WordPress_04\/wp-content\/uploads\/2021\/03\/MoYan-150x150.jpg 150w, https:\/\/www.taller-palabras.com\/WordPress_04\/wp-content\/uploads\/2021\/03\/MoYan-324x324.jpg 324w, https:\/\/www.taller-palabras.com\/WordPress_04\/wp-content\/uploads\/2021\/03\/MoYan-100x100.jpg 100w\" sizes=\"auto, (max-width: 150px) 100vw, 150px\" \/><figcaption id=\"caption-attachment-3382\" class=\"wp-caption-text\">Autor Mo Yan<\/figcaption><\/figure>\n<p>Mo Yan es el autor m\u00e1s famoso, prohibido y al mismo tiempo pirateado de la China contempor\u00e1nea. Conocida en Occidente gracias a la adaptaci\u00f3n cinematogr\u00e1fica de Zhang Yimou, Sorgo rojo es una novela sobre la familia, el mito y la memoria, en la que f\u00e1bula e historia se unen para crear una ficci\u00f3n cruel e inolvidable. Ambientada en una zona rural de la provincia de Shangdong, Sorgo rojo arranca con la invasi\u00f3n japonesa de los a\u00f1os treinta, y cuenta, a lo largo de cuatro d\u00e9cadas de la historia de China, la conmovedora historia de tres generaciones de una familia. Mo Yan seduce al lector con las desventuras del comandante Yu y de la joven Jiu\u2019er, una chica obligada a casarse con el hombre que su padre ha dispuesto: un viejo leproso muy rico, que posee una destiler\u00eda. El sorgo, utilizado como ingrediente de un potente vino, era en tiempos de paz centro y s\u00edmbolo de la vida campesina. En tiempos de guerra, se convierte en el centro de la lucha por la supervivencia.<\/p>\n","protected":false},"excerpt":{"rendered":"<p>Mo Yan es el autor m\u00e1s famoso, prohibido y al mismo tiempo pirateado de la China contempor\u00e1nea. Conocida en Occidente gracias a la adaptaci\u00f3n cinematogr\u00e1fica de Zhang Yimou, Sorgo rojo es una novela sobre la familia, el mito y la memoria, en la que f\u00e1bula e historia se unen para crear una ficci\u00f3n cruel e [&hellip;]<\/p>\n","protected":false},"featured_media":3340,"template":"","meta":[],"product_brand":[],"product_cat":[25],"product_tag":[136,407,55,408],"class_list":{"0":"post-3378","1":"product","2":"type-product","3":"status-publish","4":"has-post-thumbnail","6":"product_cat-libros-digitales-ebooks","7":"product_tag-decargar-ebook","8":"product_tag-mo-yan","9":"product_tag-novelas","10":"product_tag-sorgo-rojo","12":"first","13":"instock","14":"shipping-taxable","15":"purchasable","16":"product-type-variable","17":"has-default-attributes"},"_links":{"self":[{"href":"https:\/\/www.taller-palabras.com\/WordPress_04\/wp-json\/wp\/v2\/product\/3378","targetHints":{"allow":["GET"]}}],"collection":[{"href":"https:\/\/www.taller-palabras.com\/WordPress_04\/wp-json\/wp\/v2\/product"}],"about":[{"href":"https:\/\/www.taller-palabras.com\/WordPress_04\/wp-json\/wp\/v2\/types\/product"}],"wp:featuredmedia":[{"embeddable":true,"href":"https:\/\/www.taller-palabras.com\/WordPress_04\/wp-json\/wp\/v2\/media\/3340"}],"wp:attachment":[{"href":"https:\/\/www.taller-palabras.com\/WordPress_04\/wp-json\/wp\/v2\/media?parent=3378"}],"wp:term":[{"taxonomy":"product_brand","embeddable":true,"href":"https:\/\/www.taller-palabras.com\/WordPress_04\/wp-json\/wp\/v2\/product_brand?post=3378"},{"taxonomy":"product_cat","embeddable":true,"href":"https:\/\/www.taller-palabras.com\/WordPress_04\/wp-json\/wp\/v2\/product_cat?post=3378"},{"taxonomy":"product_tag","embeddable":true,"href":"https:\/\/www.taller-palabras.com\/WordPress_04\/wp-json\/wp\/v2\/product_tag?post=3378"}],"curies":[{"name":"wp","href":"https:\/\/api.w.org\/{rel}","templated":true}]}}