{"id":3397,"date":"2021-03-31T12:22:25","date_gmt":"2021-03-31T15:22:25","guid":{"rendered":"https:\/\/www.taller-palabras.com\/WordPress_04\/?post_type=product&#038;p=3397"},"modified":"2024-02-09T20:28:25","modified_gmt":"2024-02-09T23:28:25","slug":"cuentos-completos-abelardo-castillo-ebook","status":"publish","type":"product","link":"https:\/\/www.taller-palabras.com\/WordPress_04\/producto\/cuentos-completos-abelardo-castillo-ebook","title":{"rendered":"Cuentos completos &#8211; Abelardo Castillo \/ebook)"},"content":{"rendered":"<figure id=\"attachment_3401\" aria-describedby=\"caption-attachment-3401\" style=\"width: 150px\" class=\"wp-caption alignleft\"><img loading=\"lazy\" decoding=\"async\" class=\"wp-image-3401 size-thumbnail\" src=\"https:\/\/www.taller-palabras.com\/WordPress_04\/wp-content\/uploads\/2021\/03\/Abelardo_Castillo-150x150.jpg\" alt=\"\" width=\"150\" height=\"150\" srcset=\"https:\/\/www.taller-palabras.com\/WordPress_04\/wp-content\/uploads\/2021\/03\/Abelardo_Castillo-150x150.jpg 150w, https:\/\/www.taller-palabras.com\/WordPress_04\/wp-content\/uploads\/2021\/03\/Abelardo_Castillo-324x324.jpg 324w, https:\/\/www.taller-palabras.com\/WordPress_04\/wp-content\/uploads\/2021\/03\/Abelardo_Castillo-100x100.jpg 100w\" sizes=\"auto, (max-width: 150px) 100vw, 150px\" \/><figcaption id=\"caption-attachment-3401\" class=\"wp-caption-text\">Autor Abelardo Castillo<\/figcaption><\/figure>\n<p>Un canon cuent\u00edstico de la narrativa argentina no podr\u00eda soslayar (acaso junto a Borges y a Cort\u00e1zar) la obra de Abelardo Castillo. No poco se ha dicho de estos mundos reales y siempre fracasaron los intentos de clasificarlos. Lo cierto es que Castillo recurre a una tradici\u00f3n s\u00f3lo para reinventarla, para deshilvanar, en esquirlas de la misteriosa lucidez, la trama de lo real.<br \/>\n\u00abHace a\u00f1os vengo sintiendo que mis cuentos pertenecen a un solo libro, Los mundos reales, \u00fanico libro de cuentos que comenc\u00e9 a inventar antes de los dieciocho a\u00f1os, que crece y se modifica conmigo, y en el que encarnizadamente trabajar\u00e9 toda mi vida\u00bb. As\u00ed alude el autor a su incesante obra.<br \/>\nEstas p\u00e1ginas urden su propio mundo. Son espejismos que arrastran al lector hacia una luminosa celada. Ensimismarse en ella es la gozosa experiencia que reduce a cero la frontera entre ficci\u00f3n y realidad.<\/p>\n","protected":false},"excerpt":{"rendered":"<p>Un canon cuent\u00edstico de la narrativa argentina no podr\u00eda soslayar (acaso junto a Borges y a Cort\u00e1zar) la obra de Abelardo Castillo. No poco se ha dicho de estos mundos reales y siempre fracasaron los intentos de clasificarlos. Lo cierto es que Castillo recurre a una tradici\u00f3n s\u00f3lo para reinventarla, para deshilvanar, en esquirlas de [&hellip;]<\/p>\n","protected":false},"featured_media":3335,"template":"","meta":[],"product_brand":[],"product_cat":[25],"product_tag":[413,410,54,225],"class_list":{"0":"post-3397","1":"product","2":"type-product","3":"status-publish","4":"has-post-thumbnail","6":"product_cat-libros-digitales-ebooks","7":"product_tag-abelardo-castillo","8":"product_tag-cuentos-completos","9":"product_tag-descargar-ebook","10":"product_tag-mejores-novelas","12":"first","13":"instock","14":"shipping-taxable","15":"purchasable","16":"product-type-variable","17":"has-default-attributes"},"_links":{"self":[{"href":"https:\/\/www.taller-palabras.com\/WordPress_04\/wp-json\/wp\/v2\/product\/3397","targetHints":{"allow":["GET"]}}],"collection":[{"href":"https:\/\/www.taller-palabras.com\/WordPress_04\/wp-json\/wp\/v2\/product"}],"about":[{"href":"https:\/\/www.taller-palabras.com\/WordPress_04\/wp-json\/wp\/v2\/types\/product"}],"wp:featuredmedia":[{"embeddable":true,"href":"https:\/\/www.taller-palabras.com\/WordPress_04\/wp-json\/wp\/v2\/media\/3335"}],"wp:attachment":[{"href":"https:\/\/www.taller-palabras.com\/WordPress_04\/wp-json\/wp\/v2\/media?parent=3397"}],"wp:term":[{"taxonomy":"product_brand","embeddable":true,"href":"https:\/\/www.taller-palabras.com\/WordPress_04\/wp-json\/wp\/v2\/product_brand?post=3397"},{"taxonomy":"product_cat","embeddable":true,"href":"https:\/\/www.taller-palabras.com\/WordPress_04\/wp-json\/wp\/v2\/product_cat?post=3397"},{"taxonomy":"product_tag","embeddable":true,"href":"https:\/\/www.taller-palabras.com\/WordPress_04\/wp-json\/wp\/v2\/product_tag?post=3397"}],"curies":[{"name":"wp","href":"https:\/\/api.w.org\/{rel}","templated":true}]}}

<figure id="attachment_3401" aria-describedby="caption-attachment-3401" style="width: 150px" class="wp-caption alignleft"><img loading="lazy" decoding="async" class="wp-image-3401 size-thumbnail" src="https://www.taller-palabras.com/WordPress_04/wp-content/uploads/2021/03/Abelardo_Castillo-150x150.jpg" alt="" width="150" height="150" srcset="https://www.taller-palabras.com/WordPress_04/wp-content/uploads/2021/03/Abelardo_Castillo-150x150.jpg 150w, https://www.taller-palabras.com/WordPress_04/wp-content/uploads/2021/03/Abelardo_Castillo-324x324.jpg 324w, https://www.taller-palabras.com/WordPress_04/wp-content/uploads/2021/03/Abelardo_Castillo-100x100.jpg 100w" sizes="auto, (max-width: 150px) 100vw, 150px" /><figcaption id="caption-attachment-3401" class="wp-caption-text">Autor Abelardo Castillo</figcaption></figure>
<p>Un canon cuentístico de la narrativa argentina no podría soslayar (acaso junto a Borges y a Cortázar) la obra de Abelardo Castillo. No poco se ha dicho de estos mundos reales y siempre fracasaron los intentos de clasificarlos. Lo cierto es que Castillo recurre a una tradición sólo para reinventarla, para deshilvanar, en esquirlas de la misteriosa lucidez, la trama de lo real.<br />
«Hace años vengo sintiendo que mis cuentos pertenecen a un solo libro, Los mundos reales, único libro de cuentos que comencé a inventar antes de los dieciocho años, que crece y se modifica conmigo, y en el que encarnizadamente trabajaré toda mi vida». Así alude el autor a su incesante obra.<br />
Estas páginas urden su propio mundo. Son espejismos que arrastran al lector hacia una luminosa celada. Ensimismarse en ella es la gozosa experiencia que reduce a cero la frontera entre ficción y realidad.</p>

<p>Un canon cuentístico de la narrativa argentina no podría soslayar (acaso junto a Borges y a Cortázar) la obra de Abelardo Castillo. No poco se ha dicho de estos mundos reales y siempre fracasaron los intentos de clasificarlos. Lo cierto es que Castillo recurre a una tradición sólo para reinventarla, para deshilvanar, en esquirlas de [&hellip;]</p>
