{"id":3402,"date":"2021-03-31T12:29:13","date_gmt":"2021-03-31T15:29:13","guid":{"rendered":"https:\/\/www.taller-palabras.com\/WordPress_04\/?post_type=product&#038;p=3402"},"modified":"2024-02-09T20:41:42","modified_gmt":"2024-02-09T23:41:42","slug":"catedral-raymond-carver-ebook","status":"publish","type":"product","link":"https:\/\/www.taller-palabras.com\/WordPress_04\/producto\/catedral-raymond-carver-ebook","title":{"rendered":"Catedral &#8211; Raymond Carver \/ebook)"},"content":{"rendered":"<figure id=\"attachment_3406\" aria-describedby=\"caption-attachment-3406\" style=\"width: 150px\" class=\"wp-caption alignleft\"><img loading=\"lazy\" decoding=\"async\" class=\"wp-image-3406 size-thumbnail\" src=\"https:\/\/www.taller-palabras.com\/WordPress_04\/wp-content\/uploads\/2021\/03\/RaymondCarver-150x150.jpg\" alt=\"\" width=\"150\" height=\"150\" srcset=\"https:\/\/www.taller-palabras.com\/WordPress_04\/wp-content\/uploads\/2021\/03\/RaymondCarver-150x150.jpg 150w, https:\/\/www.taller-palabras.com\/WordPress_04\/wp-content\/uploads\/2021\/03\/RaymondCarver-100x100.jpg 100w\" sizes=\"auto, (max-width: 150px) 100vw, 150px\" \/><figcaption id=\"caption-attachment-3406\" class=\"wp-caption-text\">Autor Raymond Carver<\/figcaption><\/figure>\n<p>Se ha afirmado que el relato es la forma narrativa por excelencia en la literatura norteamericana actual y que Raymond Carver es el maestro indiscutible en este registro. En cada relato de Catedral se revela la presencia latente o la intrusi\u00f3n de terrores extraordinarios en una existencia ordinaria (Cathleen Medwick). El propio Carver ha escrito: \u00abPienso que es bueno que en un relato haya un leve aire de amenaza\u2026 Debe haber tensi\u00f3n, una sensaci\u00f3n de que algo es inminente. Sus personajes son gente de lo m\u00e1s com\u00fan: trabajadores manuales, empleaduchos, parados, parejas a la deriva\u2026 desamparados, golpeados por la vida, muchos de ellos bebedores, acceden, a pesar suyo, a una suerte de dimensi\u00f3n heroica, tercos testimonios de una realidad implacable. Su estilo es escueto, lac\u00f3nico, opera por sustracci\u00f3n; se ha dicho que Carver inaugura una nueva visi\u00f3n, un nuevo m\u00e9todo, una nueva tonalidad. Una de las voces m\u00e1s originales que han aparecido en la narrativa norteamericana desde hace muchos a\u00f1os.<\/p>\n","protected":false},"excerpt":{"rendered":"<p>Se ha afirmado que el relato es la forma narrativa por excelencia en la literatura norteamericana actual y que Raymond Carver es el maestro indiscutible en este registro. En cada relato de Catedral se revela la presencia latente o la intrusi\u00f3n de terrores extraordinarios en una existencia ordinaria (Cathleen Medwick). El propio Carver ha escrito: [&hellip;]<\/p>\n","protected":false},"featured_media":3333,"template":"","meta":[],"product_brand":[],"product_cat":[25],"product_tag":[414,54,225,415],"class_list":{"0":"post-3402","1":"product","2":"type-product","3":"status-publish","4":"has-post-thumbnail","6":"product_cat-libros-digitales-ebooks","7":"product_tag-catedral","8":"product_tag-descargar-ebook","9":"product_tag-mejores-novelas","10":"product_tag-raymond-carver","12":"first","13":"instock","14":"shipping-taxable","15":"purchasable","16":"product-type-variable","17":"has-default-attributes"},"_links":{"self":[{"href":"https:\/\/www.taller-palabras.com\/WordPress_04\/wp-json\/wp\/v2\/product\/3402","targetHints":{"allow":["GET"]}}],"collection":[{"href":"https:\/\/www.taller-palabras.com\/WordPress_04\/wp-json\/wp\/v2\/product"}],"about":[{"href":"https:\/\/www.taller-palabras.com\/WordPress_04\/wp-json\/wp\/v2\/types\/product"}],"wp:featuredmedia":[{"embeddable":true,"href":"https:\/\/www.taller-palabras.com\/WordPress_04\/wp-json\/wp\/v2\/media\/3333"}],"wp:attachment":[{"href":"https:\/\/www.taller-palabras.com\/WordPress_04\/wp-json\/wp\/v2\/media?parent=3402"}],"wp:term":[{"taxonomy":"product_brand","embeddable":true,"href":"https:\/\/www.taller-palabras.com\/WordPress_04\/wp-json\/wp\/v2\/product_brand?post=3402"},{"taxonomy":"product_cat","embeddable":true,"href":"https:\/\/www.taller-palabras.com\/WordPress_04\/wp-json\/wp\/v2\/product_cat?post=3402"},{"taxonomy":"product_tag","embeddable":true,"href":"https:\/\/www.taller-palabras.com\/WordPress_04\/wp-json\/wp\/v2\/product_tag?post=3402"}],"curies":[{"name":"wp","href":"https:\/\/api.w.org\/{rel}","templated":true}]}}