{"id":3509,"date":"2021-05-09T09:47:17","date_gmt":"2021-05-09T12:47:17","guid":{"rendered":"https:\/\/www.taller-palabras.com\/WordPress_04\/?post_type=product&#038;p=3509"},"modified":"2024-02-12T17:25:44","modified_gmt":"2024-02-12T20:25:44","slug":"la-letra-escarlata-nathaniel-hawthorne-ebook","status":"publish","type":"product","link":"https:\/\/www.taller-palabras.com\/WordPress_04\/producto\/la-letra-escarlata-nathaniel-hawthorne-ebook","title":{"rendered":"La letra escarlata &#8211; Nathaniel Hawthorne \/ebook"},"content":{"rendered":"<figure id=\"attachment_3513\" aria-describedby=\"caption-attachment-3513\" style=\"width: 150px\" class=\"wp-caption alignleft\"><img loading=\"lazy\" decoding=\"async\" class=\"wp-image-3513 size-thumbnail\" src=\"https:\/\/www.taller-palabras.com\/WordPress_04\/wp-content\/uploads\/2021\/05\/NathanielHawthorne-150x150.jpg\" alt=\"\" width=\"150\" height=\"150\" srcset=\"https:\/\/www.taller-palabras.com\/WordPress_04\/wp-content\/uploads\/2021\/05\/NathanielHawthorne-150x150.jpg 150w, https:\/\/www.taller-palabras.com\/WordPress_04\/wp-content\/uploads\/2021\/05\/NathanielHawthorne-100x100.jpg 100w\" sizes=\"auto, (max-width: 150px) 100vw, 150px\" \/><figcaption id=\"caption-attachment-3513\" class=\"wp-caption-text\">Autor Nathaniel Hawthorne<\/figcaption><\/figure>\n<p>Todos los que se han acercado a la obra de Nathaniel Hawthorne (1804-1864) -Poe, Melville, Henry James, Borges- se han mostrado un\u00e1nimes al destacar la imaginaci\u00f3n como elemento dominante en su escritura. En La letra escarlata -llevada al cine recientemente por Roland Joff\u00e9- aparecen muchos de los temas tratados en sus relatos, pero esta obra se manifiesta como la mejor construcci\u00f3n narrativa de su autor, y muchos la destacan como la mejor novela norteamericana del siglo pasado. Ambientada en la Nueva Inglaterra de los puritanos del siglo XVII, La letra escarlata narra el terrible impacto que un simple acto de pasi\u00f3n desencadena en las vidas de tres miembros de la comunidad: Hester Prynne, una mujer de esp\u00edritu libre e independiente, objeto del escarnio p\u00fablico; el reverendo Dimmesdale, un alma atormentada por la culpa, aunque algo digno de la estima general; y Chillingworth, un ser siniestro, cruel y vengativo, que maquina en la sombra. Para despertar el horror, Hawthorne no recurre ni a la violencia, ni al crimen, ni a cualquier otro recurso t\u00f3pico del g\u00e9nero, sino que desciende al pozo de la psicolog\u00eda humana para observar las horribles bestias que reptan y se alimentan en la jaula de la conciencia. En definitiva, una obra que explora el sentimiento de culpa, la fuerza que se devora a s\u00ed misma.<\/p>\n","protected":false},"excerpt":{"rendered":"<p>Todos los que se han acercado a la obra de Nathaniel Hawthorne (1804-1864) -Poe, Melville, Henry James, Borges- se han mostrado un\u00e1nimes al destacar la imaginaci\u00f3n como elemento dominante en su escritura. En La letra escarlata -llevada al cine recientemente por Roland Joff\u00e9- aparecen muchos de los temas tratados en sus relatos, pero esta obra [&hellip;]<\/p>\n","protected":false},"featured_media":3517,"template":"","meta":[],"product_brand":[],"product_cat":[25],"product_tag":[136,430,429,55],"class_list":{"0":"post-3509","1":"product","2":"type-product","3":"status-publish","4":"has-post-thumbnail","6":"product_cat-libros-digitales-ebooks","7":"product_tag-decargar-ebook","8":"product_tag-la-letra-escarlata","9":"product_tag-nathaniel-hawthorne","10":"product_tag-novelas","12":"first","13":"instock","14":"shipping-taxable","15":"purchasable","16":"product-type-variable","17":"has-default-attributes"},"_links":{"self":[{"href":"https:\/\/www.taller-palabras.com\/WordPress_04\/wp-json\/wp\/v2\/product\/3509","targetHints":{"allow":["GET"]}}],"collection":[{"href":"https:\/\/www.taller-palabras.com\/WordPress_04\/wp-json\/wp\/v2\/product"}],"about":[{"href":"https:\/\/www.taller-palabras.com\/WordPress_04\/wp-json\/wp\/v2\/types\/product"}],"wp:featuredmedia":[{"embeddable":true,"href":"https:\/\/www.taller-palabras.com\/WordPress_04\/wp-json\/wp\/v2\/media\/3517"}],"wp:attachment":[{"href":"https:\/\/www.taller-palabras.com\/WordPress_04\/wp-json\/wp\/v2\/media?parent=3509"}],"wp:term":[{"taxonomy":"product_brand","embeddable":true,"href":"https:\/\/www.taller-palabras.com\/WordPress_04\/wp-json\/wp\/v2\/product_brand?post=3509"},{"taxonomy":"product_cat","embeddable":true,"href":"https:\/\/www.taller-palabras.com\/WordPress_04\/wp-json\/wp\/v2\/product_cat?post=3509"},{"taxonomy":"product_tag","embeddable":true,"href":"https:\/\/www.taller-palabras.com\/WordPress_04\/wp-json\/wp\/v2\/product_tag?post=3509"}],"curies":[{"name":"wp","href":"https:\/\/api.w.org\/{rel}","templated":true}]}}