{"id":3537,"date":"2021-05-09T10:19:21","date_gmt":"2021-05-09T13:19:21","guid":{"rendered":"https:\/\/www.taller-palabras.com\/WordPress_04\/?post_type=product&#038;p=3537"},"modified":"2024-02-13T10:49:19","modified_gmt":"2024-02-13T13:49:19","slug":"el-ultimo-encuentro-sandor-marai-ebook","status":"publish","type":"product","link":"https:\/\/www.taller-palabras.com\/WordPress_04\/producto\/el-ultimo-encuentro-sandor-marai-ebook","title":{"rendered":"El \u00faltimo encuentro &#8211; S\u00e1ndor M\u00e1rai \/ebook"},"content":{"rendered":"<figure id=\"attachment_3541\" aria-describedby=\"caption-attachment-3541\" style=\"width: 150px\" class=\"wp-caption alignleft\"><img loading=\"lazy\" decoding=\"async\" class=\"wp-image-3541 size-thumbnail\" src=\"https:\/\/www.taller-palabras.com\/WordPress_04\/wp-content\/uploads\/2021\/05\/SandorMarai-150x150.jpg\" alt=\"\" width=\"150\" height=\"150\" srcset=\"https:\/\/www.taller-palabras.com\/WordPress_04\/wp-content\/uploads\/2021\/05\/SandorMarai-150x150.jpg 150w, https:\/\/www.taller-palabras.com\/WordPress_04\/wp-content\/uploads\/2021\/05\/SandorMarai-100x100.jpg 100w\" sizes=\"auto, (max-width: 150px) 100vw, 150px\" \/><figcaption id=\"caption-attachment-3541\" class=\"wp-caption-text\">Autor S\u00e1ndor M\u00e1rai<\/figcaption><\/figure>\n<p>El esplendor de anta\u00f1o ya no existe, todo anuncia el final de una \u00e9poca. Dos hombres mayores, que de j\u00f3venes hab\u00edan sido amigos inseparables, se citan a cenar tras cuarenta a\u00f1os sin verse. Uno ha pasado mucho tiempo en Extremo Oriente, el otro, en cambio, ha permanecido en su propiedad. Pero ambos han vivido a la espera de este momento, pues entre ellos se interpone un secreto de una fuerza singular. Todo converge en un duelo sin armas, aunque tal vez mucho m\u00e1s cruel, cuyo punto en com\u00fan es el recuerdo imborrable de una mujer. La tensi\u00f3n aumenta, l\u00ednea tras l\u00ednea, hasta que se hace casi insoportable, pero la prosa contin\u00faa, implacable, precisa, fiel reflejo del empe\u00f1o de los protagonistas por hurgar hasta en lo m\u00e1s rec\u00f3ndito de sus almas, all\u00ed donde se encuentran esas verdades cuyo descubrimiento provoca, al mismo tiempo, un insoslayable dolor y un incontenible impulso vital.<\/p>\n","protected":false},"excerpt":{"rendered":"<p>El esplendor de anta\u00f1o ya no existe, todo anuncia el final de una \u00e9poca. Dos hombres mayores, que de j\u00f3venes hab\u00edan sido amigos inseparables, se citan a cenar tras cuarenta a\u00f1os sin verse. Uno ha pasado mucho tiempo en Extremo Oriente, el otro, en cambio, ha permanecido en su propiedad. Pero ambos han vivido a [&hellip;]<\/p>\n","protected":false},"featured_media":3546,"template":"","meta":[],"product_brand":[],"product_cat":[25],"product_tag":[136,436,55,435],"class_list":{"0":"post-3537","1":"product","2":"type-product","3":"status-publish","4":"has-post-thumbnail","6":"product_cat-libros-digitales-ebooks","7":"product_tag-decargar-ebook","8":"product_tag-el-ultimo-encuentro","9":"product_tag-novelas","10":"product_tag-sandor-marai","12":"first","13":"instock","14":"shipping-taxable","15":"purchasable","16":"product-type-variable","17":"has-default-attributes"},"_links":{"self":[{"href":"https:\/\/www.taller-palabras.com\/WordPress_04\/wp-json\/wp\/v2\/product\/3537","targetHints":{"allow":["GET"]}}],"collection":[{"href":"https:\/\/www.taller-palabras.com\/WordPress_04\/wp-json\/wp\/v2\/product"}],"about":[{"href":"https:\/\/www.taller-palabras.com\/WordPress_04\/wp-json\/wp\/v2\/types\/product"}],"wp:featuredmedia":[{"embeddable":true,"href":"https:\/\/www.taller-palabras.com\/WordPress_04\/wp-json\/wp\/v2\/media\/3546"}],"wp:attachment":[{"href":"https:\/\/www.taller-palabras.com\/WordPress_04\/wp-json\/wp\/v2\/media?parent=3537"}],"wp:term":[{"taxonomy":"product_brand","embeddable":true,"href":"https:\/\/www.taller-palabras.com\/WordPress_04\/wp-json\/wp\/v2\/product_brand?post=3537"},{"taxonomy":"product_cat","embeddable":true,"href":"https:\/\/www.taller-palabras.com\/WordPress_04\/wp-json\/wp\/v2\/product_cat?post=3537"},{"taxonomy":"product_tag","embeddable":true,"href":"https:\/\/www.taller-palabras.com\/WordPress_04\/wp-json\/wp\/v2\/product_tag?post=3537"}],"curies":[{"name":"wp","href":"https:\/\/api.w.org\/{rel}","templated":true}]}}