{"id":3609,"date":"2021-06-01T12:13:11","date_gmt":"2021-06-01T15:13:11","guid":{"rendered":"https:\/\/www.taller-palabras.com\/WordPress_04\/?post_type=product&#038;p=3609"},"modified":"2024-01-21T14:34:57","modified_gmt":"2024-01-21T17:34:57","slug":"escribir-marguerite-duras-ebook","status":"publish","type":"product","link":"https:\/\/www.taller-palabras.com\/WordPress_04\/producto\/escribir-marguerite-duras-ebook","title":{"rendered":"Escribir &#8211; Marguerite Duras \/ebook"},"content":{"rendered":"<figure id=\"attachment_2729\" aria-describedby=\"caption-attachment-2729\" style=\"width: 150px\" class=\"wp-caption alignleft\"><img loading=\"lazy\" decoding=\"async\" class=\"wp-image-2729 size-thumbnail\" src=\"https:\/\/www.taller-palabras.com\/WordPress_04\/wp-content\/uploads\/2020\/11\/margueriteduras-150x150.jpg\" alt=\"\" width=\"150\" height=\"150\" srcset=\"https:\/\/www.taller-palabras.com\/WordPress_04\/wp-content\/uploads\/2020\/11\/margueriteduras-150x150.jpg 150w, https:\/\/www.taller-palabras.com\/WordPress_04\/wp-content\/uploads\/2020\/11\/margueriteduras-100x100.jpg 100w\" sizes=\"auto, (max-width: 150px) 100vw, 150px\" \/><figcaption id=\"caption-attachment-2729\" class=\"wp-caption-text\">Autora Marguerite Duras<\/figcaption><\/figure>\n<p>Nadie permanece indiferente ante un texto de Marguerite Duras. Su escritura, como expone e incluso exhibe aqu\u00ed, es ella misma, en su casa, en el silencio y la soledad que le es indispensable. S\u00f3lo as\u00ed puede o\u00edr la voz interior que recuerda y cuenta, que vacila y se contradice, que teme nombrar los hechos, las cosas y las personas que van poblando poco a poco su entorno hasta que \u00abla escritura\u00bb se instala \u00aben todas partes\u00bb. A partir de los textos de tres cortos filmados sobre o por Marguerite Duras, este libro ofrece sus reflexiones sobre el hecho de escribir, reflexiones continuamente engarzadas con los acontecimientos de su vida que han ido estigmatizando su escritura: el alcohol, el dolor, el marido, los amantes, el hijo, las amistades, la pintura, el cine, la pol\u00edtica, esa \u00abvulgaridad masiva, desesperante, de la sociedad\u00bb y tambi\u00e9n ese piloto brit\u00e1nico de veinte a\u00f1os, abatido en los \u00faltimos d\u00edas de la segunda guerra mundial, a quien ella dedica el libro.<\/p>\n","protected":false},"excerpt":{"rendered":"<p>Nadie permanece indiferente ante un texto de Marguerite Duras. Su escritura, como expone e incluso exhibe aqu\u00ed, es ella misma, en su casa, en el silencio y la soledad que le es indispensable. S\u00f3lo as\u00ed puede o\u00edr la voz interior que recuerda y cuenta, que vacila y se contradice, que teme nombrar los hechos, las [&hellip;]<\/p>\n","protected":false},"featured_media":3616,"template":"","meta":[],"product_brand":[],"product_cat":[25],"product_tag":[54,448,321,225],"class_list":{"0":"post-3609","1":"product","2":"type-product","3":"status-publish","4":"has-post-thumbnail","6":"product_cat-libros-digitales-ebooks","7":"product_tag-descargar-ebook","8":"product_tag-escribir","9":"product_tag-marguerite-duras","10":"product_tag-mejores-novelas","12":"first","13":"instock","14":"shipping-taxable","15":"purchasable","16":"product-type-variable","17":"has-default-attributes"},"_links":{"self":[{"href":"https:\/\/www.taller-palabras.com\/WordPress_04\/wp-json\/wp\/v2\/product\/3609","targetHints":{"allow":["GET"]}}],"collection":[{"href":"https:\/\/www.taller-palabras.com\/WordPress_04\/wp-json\/wp\/v2\/product"}],"about":[{"href":"https:\/\/www.taller-palabras.com\/WordPress_04\/wp-json\/wp\/v2\/types\/product"}],"wp:featuredmedia":[{"embeddable":true,"href":"https:\/\/www.taller-palabras.com\/WordPress_04\/wp-json\/wp\/v2\/media\/3616"}],"wp:attachment":[{"href":"https:\/\/www.taller-palabras.com\/WordPress_04\/wp-json\/wp\/v2\/media?parent=3609"}],"wp:term":[{"taxonomy":"product_brand","embeddable":true,"href":"https:\/\/www.taller-palabras.com\/WordPress_04\/wp-json\/wp\/v2\/product_brand?post=3609"},{"taxonomy":"product_cat","embeddable":true,"href":"https:\/\/www.taller-palabras.com\/WordPress_04\/wp-json\/wp\/v2\/product_cat?post=3609"},{"taxonomy":"product_tag","embeddable":true,"href":"https:\/\/www.taller-palabras.com\/WordPress_04\/wp-json\/wp\/v2\/product_tag?post=3609"}],"curies":[{"name":"wp","href":"https:\/\/api.w.org\/{rel}","templated":true}]}}

<figure id="attachment_2729" aria-describedby="caption-attachment-2729" style="width: 150px" class="wp-caption alignleft"><img loading="lazy" decoding="async" class="wp-image-2729 size-thumbnail" src="https://www.taller-palabras.com/WordPress_04/wp-content/uploads/2020/11/margueriteduras-150x150.jpg" alt="" width="150" height="150" srcset="https://www.taller-palabras.com/WordPress_04/wp-content/uploads/2020/11/margueriteduras-150x150.jpg 150w, https://www.taller-palabras.com/WordPress_04/wp-content/uploads/2020/11/margueriteduras-100x100.jpg 100w" sizes="auto, (max-width: 150px) 100vw, 150px" /><figcaption id="caption-attachment-2729" class="wp-caption-text">Autora Marguerite Duras</figcaption></figure>
<p>Nadie permanece indiferente ante un texto de Marguerite Duras. Su escritura, como expone e incluso exhibe aquí, es ella misma, en su casa, en el silencio y la soledad que le es indispensable. Sólo así puede oír la voz interior que recuerda y cuenta, que vacila y se contradice, que teme nombrar los hechos, las cosas y las personas que van poblando poco a poco su entorno hasta que «la escritura» se instala «en todas partes». A partir de los textos de tres cortos filmados sobre o por Marguerite Duras, este libro ofrece sus reflexiones sobre el hecho de escribir, reflexiones continuamente engarzadas con los acontecimientos de su vida que han ido estigmatizando su escritura: el alcohol, el dolor, el marido, los amantes, el hijo, las amistades, la pintura, el cine, la política, esa «vulgaridad masiva, desesperante, de la sociedad» y también ese piloto británico de veinte años, abatido en los últimos días de la segunda guerra mundial, a quien ella dedica el libro.</p>

<p>Nadie permanece indiferente ante un texto de Marguerite Duras. Su escritura, como expone e incluso exhibe aquí, es ella misma, en su casa, en el silencio y la soledad que le es indispensable. Sólo así puede oír la voz interior que recuerda y cuenta, que vacila y se contradice, que teme nombrar los hechos, las [&hellip;]</p>
