{"id":3737,"date":"2021-06-17T13:12:58","date_gmt":"2021-06-17T16:12:58","guid":{"rendered":"https:\/\/www.taller-palabras.com\/WordPress_04\/?post_type=product&#038;p=3737"},"modified":"2024-02-23T10:36:12","modified_gmt":"2024-02-23T13:36:12","slug":"curso-de-literatura-rusa-vladimir-nabokov-ebook","status":"publish","type":"product","link":"https:\/\/www.taller-palabras.com\/WordPress_04\/producto\/curso-de-literatura-rusa-vladimir-nabokov-ebook","title":{"rendered":"Curso de literatura rusa &#8211; Vladimir Nabokov \/ebook"},"content":{"rendered":"<figure id=\"attachment_3730\" aria-describedby=\"caption-attachment-3730\" style=\"width: 150px\" class=\"wp-caption alignleft\"><img loading=\"lazy\" decoding=\"async\" class=\"wp-image-3730 size-thumbnail\" src=\"https:\/\/www.taller-palabras.com\/WordPress_04\/wp-content\/uploads\/2021\/06\/Vladimir_Nabokov-150x150.jpg\" alt=\"\" width=\"150\" height=\"150\" srcset=\"https:\/\/www.taller-palabras.com\/WordPress_04\/wp-content\/uploads\/2021\/06\/Vladimir_Nabokov-150x150.jpg 150w, https:\/\/www.taller-palabras.com\/WordPress_04\/wp-content\/uploads\/2021\/06\/Vladimir_Nabokov-100x100.jpg 100w, https:\/\/www.taller-palabras.com\/WordPress_04\/wp-content\/uploads\/2021\/06\/Vladimir_Nabokov.jpg 283w\" sizes=\"auto, (max-width: 150px) 100vw, 150px\" \/><figcaption id=\"caption-attachment-3730\" class=\"wp-caption-text\">Autor Vladimir Nabokov<\/figcaption><\/figure>\n<p>A lo largo de casi dos d\u00e9cadas, Vladimir Nabokov imparti\u00f3 cursos de literatura en Wellesley y Cornell, y sus clases, con el tiempo, han llegado a constituir toda una leyenda. Nabokov, exiliado de su pa\u00eds y con pocas esperanzas de regresar nunca, estaba capacitado como nadie para introducir a sus alumnos en la obra de los grandes maestros rusos, desde G\u00f3gol y Turgu\u00eaniev, hasta Tolst\u00f3i, Gorki, Dostoievski o Ch\u00e9jov. Esas lecciones apasionadas y provistas siempre de br\u00edo pol\u00e9mico, reconstruidas por Fredson Bowers a partir de los apuntes del escritor, son una ocasi\u00f3n \u00fanica para asistir a sus clases y releer a fondo la literatura rusa del siglo XIX.<\/p>\n","protected":false},"excerpt":{"rendered":"<p>A lo largo de casi dos d\u00e9cadas, Vladimir Nabokov imparti\u00f3 cursos de literatura en Wellesley y Cornell, y sus clases, con el tiempo, han llegado a constituir toda una leyenda. Nabokov, exiliado de su pa\u00eds y con pocas esperanzas de regresar nunca, estaba capacitado como nadie para introducir a sus alumnos en la obra de [&hellip;]<\/p>\n","protected":false},"featured_media":3719,"template":"","meta":[],"product_brand":[],"product_cat":[25],"product_tag":[468,54,225,467],"class_list":{"0":"post-3737","1":"product","2":"type-product","3":"status-publish","4":"has-post-thumbnail","6":"product_cat-libros-digitales-ebooks","7":"product_tag-curso-de-literatura-rusa","8":"product_tag-descargar-ebook","9":"product_tag-mejores-novelas","10":"product_tag-vladimir-nabokov","12":"first","13":"instock","14":"shipping-taxable","15":"purchasable","16":"product-type-variable","17":"has-default-attributes"},"_links":{"self":[{"href":"https:\/\/www.taller-palabras.com\/WordPress_04\/wp-json\/wp\/v2\/product\/3737","targetHints":{"allow":["GET"]}}],"collection":[{"href":"https:\/\/www.taller-palabras.com\/WordPress_04\/wp-json\/wp\/v2\/product"}],"about":[{"href":"https:\/\/www.taller-palabras.com\/WordPress_04\/wp-json\/wp\/v2\/types\/product"}],"wp:featuredmedia":[{"embeddable":true,"href":"https:\/\/www.taller-palabras.com\/WordPress_04\/wp-json\/wp\/v2\/media\/3719"}],"wp:attachment":[{"href":"https:\/\/www.taller-palabras.com\/WordPress_04\/wp-json\/wp\/v2\/media?parent=3737"}],"wp:term":[{"taxonomy":"product_brand","embeddable":true,"href":"https:\/\/www.taller-palabras.com\/WordPress_04\/wp-json\/wp\/v2\/product_brand?post=3737"},{"taxonomy":"product_cat","embeddable":true,"href":"https:\/\/www.taller-palabras.com\/WordPress_04\/wp-json\/wp\/v2\/product_cat?post=3737"},{"taxonomy":"product_tag","embeddable":true,"href":"https:\/\/www.taller-palabras.com\/WordPress_04\/wp-json\/wp\/v2\/product_tag?post=3737"}],"curies":[{"name":"wp","href":"https:\/\/api.w.org\/{rel}","templated":true}]}}