{"id":3766,"date":"2021-06-22T10:29:00","date_gmt":"2021-06-22T13:29:00","guid":{"rendered":"https:\/\/www.taller-palabras.com\/WordPress_04\/?post_type=product&#038;p=3766"},"modified":"2024-02-25T11:38:10","modified_gmt":"2024-02-25T14:38:10","slug":"el-hombre-que-fue-viernes-juan-forn-ebook","status":"publish","type":"product","link":"https:\/\/www.taller-palabras.com\/WordPress_04\/producto\/el-hombre-que-fue-viernes-juan-forn-ebook","title":{"rendered":"El hombre que fue viernes &#8211; Juan Forn  \/ebook"},"content":{"rendered":"<figure id=\"attachment_3758\" aria-describedby=\"caption-attachment-3758\" style=\"width: 150px\" class=\"wp-caption alignleft\"><img loading=\"lazy\" decoding=\"async\" class=\"wp-image-3758 size-thumbnail\" src=\"https:\/\/www.taller-palabras.com\/WordPress_04\/wp-content\/uploads\/2021\/06\/JuanForn-150x150.jpg\" alt=\"\" width=\"150\" height=\"150\" srcset=\"https:\/\/www.taller-palabras.com\/WordPress_04\/wp-content\/uploads\/2021\/06\/JuanForn-150x150.jpg 150w, https:\/\/www.taller-palabras.com\/WordPress_04\/wp-content\/uploads\/2021\/06\/JuanForn-100x100.jpg 100w\" sizes=\"auto, (max-width: 150px) 100vw, 150px\" \/><figcaption id=\"caption-attachment-3758\" class=\"wp-caption-text\">Autor Juan Forn<\/figcaption><\/figure>\n<p>Las contratapas de Juan Forn en P\u00e1gina\/12 a fuerza de talento y constante renovaci\u00f3n, se han convertido en un cl\u00e1sico, en un vicio, en un modo inteligente de enfrentar el fin de cada semana. Cronista, cr\u00edtico, detective, mago, lector generoso, son algunas de las personalidades que despliega en estas vi\u00f1etas que dan cuenta del pasado y del presente, de la vida extraordinaria pero tan real, de la actualidad m\u00e1s tirana y de los libros que componen su asombrosa biblioteca. Due\u00f1o de un estilo y de una envidiable capacidad para buscar y encontrar, con una escritura tan densa como amable, Juan Forn recupera detalles y delirios as\u00ed como el lado impensado de las historias conocidas. La selecci\u00f3n de textos publicados en el diario entre 2009 y 2011 conforma lo que podr\u00eda llamarse un g\u00e9nero propio, m\u00e1s all\u00e1 del relato y la cr\u00f3nica, el de \u00ablas contratapas\u00bb.<\/p>\n","protected":false},"excerpt":{"rendered":"<p>Las contratapas de Juan Forn en P\u00e1gina\/12 a fuerza de talento y constante renovaci\u00f3n, se han convertido en un cl\u00e1sico, en un vicio, en un modo inteligente de enfrentar el fin de cada semana. Cronista, cr\u00edtico, detective, mago, lector generoso, son algunas de las personalidades que despliega en estas vi\u00f1etas que dan cuenta del pasado [&hellip;]<\/p>\n","protected":false},"featured_media":3759,"template":"","meta":[],"product_brand":[],"product_cat":[25],"product_tag":[136,473,472,55],"class_list":{"0":"post-3766","1":"product","2":"type-product","3":"status-publish","4":"has-post-thumbnail","6":"product_cat-libros-digitales-ebooks","7":"product_tag-decargar-ebook","8":"product_tag-el-hombre-que-fue-viernes","9":"product_tag-juan-forn","10":"product_tag-novelas","12":"first","13":"instock","14":"shipping-taxable","15":"purchasable","16":"product-type-variable","17":"has-default-attributes"},"_links":{"self":[{"href":"https:\/\/www.taller-palabras.com\/WordPress_04\/wp-json\/wp\/v2\/product\/3766","targetHints":{"allow":["GET"]}}],"collection":[{"href":"https:\/\/www.taller-palabras.com\/WordPress_04\/wp-json\/wp\/v2\/product"}],"about":[{"href":"https:\/\/www.taller-palabras.com\/WordPress_04\/wp-json\/wp\/v2\/types\/product"}],"wp:featuredmedia":[{"embeddable":true,"href":"https:\/\/www.taller-palabras.com\/WordPress_04\/wp-json\/wp\/v2\/media\/3759"}],"wp:attachment":[{"href":"https:\/\/www.taller-palabras.com\/WordPress_04\/wp-json\/wp\/v2\/media?parent=3766"}],"wp:term":[{"taxonomy":"product_brand","embeddable":true,"href":"https:\/\/www.taller-palabras.com\/WordPress_04\/wp-json\/wp\/v2\/product_brand?post=3766"},{"taxonomy":"product_cat","embeddable":true,"href":"https:\/\/www.taller-palabras.com\/WordPress_04\/wp-json\/wp\/v2\/product_cat?post=3766"},{"taxonomy":"product_tag","embeddable":true,"href":"https:\/\/www.taller-palabras.com\/WordPress_04\/wp-json\/wp\/v2\/product_tag?post=3766"}],"curies":[{"name":"wp","href":"https:\/\/api.w.org\/{rel}","templated":true}]}}

<figure id="attachment_3758" aria-describedby="caption-attachment-3758" style="width: 150px" class="wp-caption alignleft"><img loading="lazy" decoding="async" class="wp-image-3758 size-thumbnail" src="https://www.taller-palabras.com/WordPress_04/wp-content/uploads/2021/06/JuanForn-150x150.jpg" alt="" width="150" height="150" srcset="https://www.taller-palabras.com/WordPress_04/wp-content/uploads/2021/06/JuanForn-150x150.jpg 150w, https://www.taller-palabras.com/WordPress_04/wp-content/uploads/2021/06/JuanForn-100x100.jpg 100w" sizes="auto, (max-width: 150px) 100vw, 150px" /><figcaption id="caption-attachment-3758" class="wp-caption-text">Autor Juan Forn</figcaption></figure>
<p>Las contratapas de Juan Forn en Página/12 a fuerza de talento y constante renovación, se han convertido en un clásico, en un vicio, en un modo inteligente de enfrentar el fin de cada semana. Cronista, crítico, detective, mago, lector generoso, son algunas de las personalidades que despliega en estas viñetas que dan cuenta del pasado y del presente, de la vida extraordinaria pero tan real, de la actualidad más tirana y de los libros que componen su asombrosa biblioteca. Dueño de un estilo y de una envidiable capacidad para buscar y encontrar, con una escritura tan densa como amable, Juan Forn recupera detalles y delirios así como el lado impensado de las historias conocidas. La selección de textos publicados en el diario entre 2009 y 2011 conforma lo que podría llamarse un género propio, más allá del relato y la crónica, el de «las contratapas».</p>

<p>Las contratapas de Juan Forn en Página/12 a fuerza de talento y constante renovación, se han convertido en un clásico, en un vicio, en un modo inteligente de enfrentar el fin de cada semana. Cronista, crítico, detective, mago, lector generoso, son algunas de las personalidades que despliega en estas viñetas que dan cuenta del pasado [&hellip;]</p>
