{"id":3771,"date":"2021-06-22T10:34:01","date_gmt":"2021-06-22T13:34:01","guid":{"rendered":"https:\/\/www.taller-palabras.com\/WordPress_04\/?post_type=product&#038;p=3771"},"modified":"2024-02-25T11:47:17","modified_gmt":"2024-02-25T14:47:17","slug":"nadar-de-noche-juan-forn-ebook","status":"publish","type":"product","link":"https:\/\/www.taller-palabras.com\/WordPress_04\/producto\/nadar-de-noche-juan-forn-ebook","title":{"rendered":"Nadar de noche &#8211; Juan Forn  \/ebook"},"content":{"rendered":"<figure id=\"attachment_3758\" aria-describedby=\"caption-attachment-3758\" style=\"width: 150px\" class=\"wp-caption alignleft\"><img loading=\"lazy\" decoding=\"async\" class=\"wp-image-3758 size-thumbnail\" src=\"https:\/\/www.taller-palabras.com\/WordPress_04\/wp-content\/uploads\/2021\/06\/JuanForn-150x150.jpg\" alt=\"\" width=\"150\" height=\"150\" srcset=\"https:\/\/www.taller-palabras.com\/WordPress_04\/wp-content\/uploads\/2021\/06\/JuanForn-150x150.jpg 150w, https:\/\/www.taller-palabras.com\/WordPress_04\/wp-content\/uploads\/2021\/06\/JuanForn-100x100.jpg 100w\" sizes=\"auto, (max-width: 150px) 100vw, 150px\" \/><figcaption id=\"caption-attachment-3758\" class=\"wp-caption-text\">Autor Juan Forn<\/figcaption><\/figure>\n<p>Desde que se public\u00f3, en 1991, Nadar de noche fue considerado un fresco generacional y le\u00eddo con devoci\u00f3n, especialmente entre los j\u00f3venes. Su vigencia sigue intacta. Cada una de estas historias refleja un momento en la vida de sus protagonistas. Pero no se trata de un momento cualquiera. El corte de luz en medio de una pelea de pareja en \u00abEl karma de ciertas chicas\u00bb; el encuentro de Aranguren con el excombatiente de Malvinas en \u00abMemor\u00e1ndum Almaz\u00e1n\u00bb; la visita de Cecilia al manicomio donde Iv\u00e1n ve pasar los d\u00edas en \u00abAlquitr\u00e1n en los pies\u00bb; la conversaci\u00f3n de un hijo con su padre muerto al borde de una piscina en \u00abNadar de noche\u00bb\u2026 Son quiebres, peque\u00f1as revelaciones que hacen estallar los sue\u00f1os contra la realidad, y de las que los personajes a veces salen fortalecidos, listos para construir un nuevo sue\u00f1o a escala m\u00e1s humana.<\/p>\n","protected":false},"excerpt":{"rendered":"<p>Desde que se public\u00f3, en 1991, Nadar de noche fue considerado un fresco generacional y le\u00eddo con devoci\u00f3n, especialmente entre los j\u00f3venes. Su vigencia sigue intacta. Cada una de estas historias refleja un momento en la vida de sus protagonistas. Pero no se trata de un momento cualquiera. El corte de luz en medio de [&hellip;]<\/p>\n","protected":false},"featured_media":3760,"template":"","meta":[],"product_brand":[],"product_cat":[25],"product_tag":[136,472,474,55],"class_list":{"0":"post-3771","1":"product","2":"type-product","3":"status-publish","4":"has-post-thumbnail","6":"product_cat-libros-digitales-ebooks","7":"product_tag-decargar-ebook","8":"product_tag-juan-forn","9":"product_tag-nadar-de-noche","10":"product_tag-novelas","12":"first","13":"instock","14":"shipping-taxable","15":"purchasable","16":"product-type-variable","17":"has-default-attributes"},"_links":{"self":[{"href":"https:\/\/www.taller-palabras.com\/WordPress_04\/wp-json\/wp\/v2\/product\/3771","targetHints":{"allow":["GET"]}}],"collection":[{"href":"https:\/\/www.taller-palabras.com\/WordPress_04\/wp-json\/wp\/v2\/product"}],"about":[{"href":"https:\/\/www.taller-palabras.com\/WordPress_04\/wp-json\/wp\/v2\/types\/product"}],"wp:featuredmedia":[{"embeddable":true,"href":"https:\/\/www.taller-palabras.com\/WordPress_04\/wp-json\/wp\/v2\/media\/3760"}],"wp:attachment":[{"href":"https:\/\/www.taller-palabras.com\/WordPress_04\/wp-json\/wp\/v2\/media?parent=3771"}],"wp:term":[{"taxonomy":"product_brand","embeddable":true,"href":"https:\/\/www.taller-palabras.com\/WordPress_04\/wp-json\/wp\/v2\/product_brand?post=3771"},{"taxonomy":"product_cat","embeddable":true,"href":"https:\/\/www.taller-palabras.com\/WordPress_04\/wp-json\/wp\/v2\/product_cat?post=3771"},{"taxonomy":"product_tag","embeddable":true,"href":"https:\/\/www.taller-palabras.com\/WordPress_04\/wp-json\/wp\/v2\/product_tag?post=3771"}],"curies":[{"name":"wp","href":"https:\/\/api.w.org\/{rel}","templated":true}]}}

<figure id="attachment_3758" aria-describedby="caption-attachment-3758" style="width: 150px" class="wp-caption alignleft"><img loading="lazy" decoding="async" class="wp-image-3758 size-thumbnail" src="https://www.taller-palabras.com/WordPress_04/wp-content/uploads/2021/06/JuanForn-150x150.jpg" alt="" width="150" height="150" srcset="https://www.taller-palabras.com/WordPress_04/wp-content/uploads/2021/06/JuanForn-150x150.jpg 150w, https://www.taller-palabras.com/WordPress_04/wp-content/uploads/2021/06/JuanForn-100x100.jpg 100w" sizes="auto, (max-width: 150px) 100vw, 150px" /><figcaption id="caption-attachment-3758" class="wp-caption-text">Autor Juan Forn</figcaption></figure>
<p>Desde que se publicó, en 1991, Nadar de noche fue considerado un fresco generacional y leído con devoción, especialmente entre los jóvenes. Su vigencia sigue intacta. Cada una de estas historias refleja un momento en la vida de sus protagonistas. Pero no se trata de un momento cualquiera. El corte de luz en medio de una pelea de pareja en «El karma de ciertas chicas»; el encuentro de Aranguren con el excombatiente de Malvinas en «Memorándum Almazán»; la visita de Cecilia al manicomio donde Iván ve pasar los días en «Alquitrán en los pies»; la conversación de un hijo con su padre muerto al borde de una piscina en «Nadar de noche»… Son quiebres, pequeñas revelaciones que hacen estallar los sueños contra la realidad, y de las que los personajes a veces salen fortalecidos, listos para construir un nuevo sueño a escala más humana.</p>

<p>Desde que se publicó, en 1991, Nadar de noche fue considerado un fresco generacional y leído con devoción, especialmente entre los jóvenes. Su vigencia sigue intacta. Cada una de estas historias refleja un momento en la vida de sus protagonistas. Pero no se trata de un momento cualquiera. El corte de luz en medio de [&hellip;]</p>
