{"id":3893,"date":"2021-06-28T14:32:20","date_gmt":"2021-06-28T17:32:20","guid":{"rendered":"https:\/\/www.taller-palabras.com\/WordPress_04\/?post_type=product&#038;p=3893"},"modified":"2024-03-06T16:42:31","modified_gmt":"2024-03-06T19:42:31","slug":"un-mundo-feliz-aldous-huxley-ebook","status":"publish","type":"product","link":"https:\/\/www.taller-palabras.com\/WordPress_04\/producto\/un-mundo-feliz-aldous-huxley-ebook","title":{"rendered":"Un mundo feliz &#8211; Aldous Huxley  \/ebook"},"content":{"rendered":"<figure id=\"attachment_3887\" aria-describedby=\"caption-attachment-3887\" style=\"width: 150px\" class=\"wp-caption alignleft\"><img loading=\"lazy\" decoding=\"async\" class=\"wp-image-3887 size-thumbnail\" src=\"https:\/\/www.taller-palabras.com\/WordPress_04\/wp-content\/uploads\/2021\/06\/AldousHuxley-150x150.jpg\" alt=\"\" width=\"150\" height=\"150\" srcset=\"https:\/\/www.taller-palabras.com\/WordPress_04\/wp-content\/uploads\/2021\/06\/AldousHuxley-150x150.jpg 150w, https:\/\/www.taller-palabras.com\/WordPress_04\/wp-content\/uploads\/2021\/06\/AldousHuxley-100x100.jpg 100w, https:\/\/www.taller-palabras.com\/WordPress_04\/wp-content\/uploads\/2021\/06\/AldousHuxley.jpg 225w\" sizes=\"auto, (max-width: 150px) 100vw, 150px\" \/><figcaption id=\"caption-attachment-3887\" class=\"wp-caption-text\">Autor Aldous Huxley<\/figcaption><\/figure>\n<p>Escrita en 1932, la novela anticipa el desarrollo en tecnolog\u00eda reproductiva, cultivos humanos e hipnopedia que, combinadas, cambian radicalmente la sociedad. El mundo aqu\u00ed descrito podr\u00eda ser una utop\u00eda, aunque ir\u00f3nica y ambigua: la humanidad es desenfadada, saludable y avanzada tecnol\u00f3gicamente. La guerra y la pobreza han sido erradicadas, y todos son permanentemente felices. Sin embargo, la iron\u00eda es que todas estas cosas se han alcanzado tras eliminar muchas otras: la familia, la diversidad cultural, el arte, la ciencia, la literatura, la religi\u00f3n y la filosof\u00eda.<\/p>\n","protected":false},"excerpt":{"rendered":"<p>Escrita en 1932, la novela anticipa el desarrollo en tecnolog\u00eda reproductiva, cultivos humanos e hipnopedia que, combinadas, cambian radicalmente la sociedad. El mundo aqu\u00ed descrito podr\u00eda ser una utop\u00eda, aunque ir\u00f3nica y ambigua: la humanidad es desenfadada, saludable y avanzada tecnol\u00f3gicamente. La guerra y la pobreza han sido erradicadas, y todos son permanentemente felices. Sin [&hellip;]<\/p>\n","protected":false},"featured_media":3888,"template":"","meta":[],"product_brand":[],"product_cat":[25],"product_tag":[494,136,55,495],"class_list":{"0":"post-3893","1":"product","2":"type-product","3":"status-publish","4":"has-post-thumbnail","6":"product_cat-libros-digitales-ebooks","7":"product_tag-aldous-huxley","8":"product_tag-decargar-ebook","9":"product_tag-novelas","10":"product_tag-un-mundo-feliz","12":"first","13":"instock","14":"shipping-taxable","15":"purchasable","16":"product-type-variable","17":"has-default-attributes"},"_links":{"self":[{"href":"https:\/\/www.taller-palabras.com\/WordPress_04\/wp-json\/wp\/v2\/product\/3893","targetHints":{"allow":["GET"]}}],"collection":[{"href":"https:\/\/www.taller-palabras.com\/WordPress_04\/wp-json\/wp\/v2\/product"}],"about":[{"href":"https:\/\/www.taller-palabras.com\/WordPress_04\/wp-json\/wp\/v2\/types\/product"}],"wp:featuredmedia":[{"embeddable":true,"href":"https:\/\/www.taller-palabras.com\/WordPress_04\/wp-json\/wp\/v2\/media\/3888"}],"wp:attachment":[{"href":"https:\/\/www.taller-palabras.com\/WordPress_04\/wp-json\/wp\/v2\/media?parent=3893"}],"wp:term":[{"taxonomy":"product_brand","embeddable":true,"href":"https:\/\/www.taller-palabras.com\/WordPress_04\/wp-json\/wp\/v2\/product_brand?post=3893"},{"taxonomy":"product_cat","embeddable":true,"href":"https:\/\/www.taller-palabras.com\/WordPress_04\/wp-json\/wp\/v2\/product_cat?post=3893"},{"taxonomy":"product_tag","embeddable":true,"href":"https:\/\/www.taller-palabras.com\/WordPress_04\/wp-json\/wp\/v2\/product_tag?post=3893"}],"curies":[{"name":"wp","href":"https:\/\/api.w.org\/{rel}","templated":true}]}}