{"id":3943,"date":"2021-08-01T11:44:50","date_gmt":"2021-08-01T14:44:50","guid":{"rendered":"https:\/\/www.taller-palabras.com\/WordPress_04\/?post_type=product&#038;p=3943"},"modified":"2026-03-22T13:04:52","modified_gmt":"2026-03-22T16:04:52","slug":"el-proceso-franz-kafka-ebook","status":"publish","type":"product","link":"https:\/\/www.taller-palabras.com\/WordPress_04\/producto\/el-proceso-franz-kafka-ebook","title":{"rendered":"El proceso &#8211; Franz Kafka  \/ebook"},"content":{"rendered":"<figure id=\"attachment_2777\" aria-describedby=\"caption-attachment-2777\" style=\"width: 150px\" class=\"wp-caption alignleft\"><img loading=\"lazy\" decoding=\"async\" class=\"wp-image-2777 size-thumbnail\" src=\"https:\/\/www.taller-palabras.com\/WordPress_04\/wp-content\/uploads\/2020\/11\/FranzKafka-150x150.jpg\" alt=\"\" width=\"150\" height=\"150\" srcset=\"https:\/\/www.taller-palabras.com\/WordPress_04\/wp-content\/uploads\/2020\/11\/FranzKafka-150x150.jpg 150w, https:\/\/www.taller-palabras.com\/WordPress_04\/wp-content\/uploads\/2020\/11\/FranzKafka-100x100.jpg 100w, https:\/\/www.taller-palabras.com\/WordPress_04\/wp-content\/uploads\/2020\/11\/FranzKafka.jpg 283w\" sizes=\"auto, (max-width: 150px) 100vw, 150px\" \/><figcaption id=\"caption-attachment-2777\" class=\"wp-caption-text\">Autor Franz Kafka<\/figcaption><\/figure>\n<p>Una ma\u00f1ana cualquiera, Josef K., joven empleado de un banco, se despierta en la pensi\u00f3n donde reside con la extra\u00f1a visita de unos hombres que le comunican que est\u00e1 detenido \u2014aunque por el momento seguir\u00e1 libre\u2014. Le informan de que se ha iniciado un proceso contra \u00e9l, y le aseguran que conocer\u00e1 los cargos a su debido tiempo. As\u00ed comienza una de las m\u00e1s memorables y enigm\u00e1ticas pesadillas jam\u00e1s escritas. Para el protagonista, Josef K., el proceso laber\u00edntico en el que inesperadamente se ve inmerso supone una toma de conciencia de s\u00ed mismo, un despertar que le obliga a reflexionar sobre su propia existencia, sobre la p\u00e9rdida de la inocencia y la aparici\u00f3n de la muerte. La lectura de &#8216;El proceso&#8217; produce cierto \u00abhorror vacui\u00bb pues nos sumerge en una existencia absurda, en el filo de la navaja entre la vida y la nada.<\/p>\n","protected":false},"excerpt":{"rendered":"<p>Una ma\u00f1ana cualquiera, Josef K., joven empleado de un banco, se despierta en la pensi\u00f3n donde reside con la extra\u00f1a visita de unos hombres que le comunican que est\u00e1 detenido \u2014aunque por el momento seguir\u00e1 libre\u2014. Le informan de que se ha iniciado un proceso contra \u00e9l, y le aseguran que conocer\u00e1 los cargos a [&hellip;]<\/p>\n","protected":false},"featured_media":3939,"template":"","meta":[],"product_brand":[],"product_cat":[25],"product_tag":[345,503,136,55],"class_list":{"0":"post-3943","1":"product","2":"type-product","3":"status-publish","4":"has-post-thumbnail","6":"product_cat-libros-digitales-ebooks","7":"product_tag-agatha-christie","8":"product_tag-autobiografia","9":"product_tag-decargar-ebook","10":"product_tag-novelas","12":"first","13":"instock","14":"shipping-taxable","15":"purchasable","16":"product-type-variable","17":"has-default-attributes"},"_links":{"self":[{"href":"https:\/\/www.taller-palabras.com\/WordPress_04\/wp-json\/wp\/v2\/product\/3943","targetHints":{"allow":["GET"]}}],"collection":[{"href":"https:\/\/www.taller-palabras.com\/WordPress_04\/wp-json\/wp\/v2\/product"}],"about":[{"href":"https:\/\/www.taller-palabras.com\/WordPress_04\/wp-json\/wp\/v2\/types\/product"}],"wp:featuredmedia":[{"embeddable":true,"href":"https:\/\/www.taller-palabras.com\/WordPress_04\/wp-json\/wp\/v2\/media\/3939"}],"wp:attachment":[{"href":"https:\/\/www.taller-palabras.com\/WordPress_04\/wp-json\/wp\/v2\/media?parent=3943"}],"wp:term":[{"taxonomy":"product_brand","embeddable":true,"href":"https:\/\/www.taller-palabras.com\/WordPress_04\/wp-json\/wp\/v2\/product_brand?post=3943"},{"taxonomy":"product_cat","embeddable":true,"href":"https:\/\/www.taller-palabras.com\/WordPress_04\/wp-json\/wp\/v2\/product_cat?post=3943"},{"taxonomy":"product_tag","embeddable":true,"href":"https:\/\/www.taller-palabras.com\/WordPress_04\/wp-json\/wp\/v2\/product_tag?post=3943"}],"curies":[{"name":"wp","href":"https:\/\/api.w.org\/{rel}","templated":true}]}}

<figure id="attachment_2777" aria-describedby="caption-attachment-2777" style="width: 150px" class="wp-caption alignleft"><img loading="lazy" decoding="async" class="wp-image-2777 size-thumbnail" src="https://www.taller-palabras.com/WordPress_04/wp-content/uploads/2020/11/FranzKafka-150x150.jpg" alt="" width="150" height="150" srcset="https://www.taller-palabras.com/WordPress_04/wp-content/uploads/2020/11/FranzKafka-150x150.jpg 150w, https://www.taller-palabras.com/WordPress_04/wp-content/uploads/2020/11/FranzKafka-100x100.jpg 100w, https://www.taller-palabras.com/WordPress_04/wp-content/uploads/2020/11/FranzKafka.jpg 283w" sizes="auto, (max-width: 150px) 100vw, 150px" /><figcaption id="caption-attachment-2777" class="wp-caption-text">Autor Franz Kafka</figcaption></figure>
<p>Una mañana cualquiera, Josef K., joven empleado de un banco, se despierta en la pensión donde reside con la extraña visita de unos hombres que le comunican que está detenido —aunque por el momento seguirá libre—. Le informan de que se ha iniciado un proceso contra él, y le aseguran que conocerá los cargos a su debido tiempo. Así comienza una de las más memorables y enigmáticas pesadillas jamás escritas. Para el protagonista, Josef K., el proceso laberíntico en el que inesperadamente se ve inmerso supone una toma de conciencia de sí mismo, un despertar que le obliga a reflexionar sobre su propia existencia, sobre la pérdida de la inocencia y la aparición de la muerte. La lectura de &#8216;El proceso&#8217; produce cierto «horror vacui» pues nos sumerge en una existencia absurda, en el filo de la navaja entre la vida y la nada.</p>

<p>Una mañana cualquiera, Josef K., joven empleado de un banco, se despierta en la pensión donde reside con la extraña visita de unos hombres que le comunican que está detenido —aunque por el momento seguirá libre—. Le informan de que se ha iniciado un proceso contra él, y le aseguran que conocerá los cargos a [&hellip;]</p>
