{"id":3972,"date":"2021-07-18T16:55:30","date_gmt":"2021-07-18T19:55:30","guid":{"rendered":"https:\/\/www.taller-palabras.com\/WordPress_04\/?post_type=product&#038;p=3972"},"modified":"2024-03-21T11:58:02","modified_gmt":"2024-03-21T14:58:02","slug":"el-limonero-real-juan-jose-saer-ebook","status":"publish","type":"product","link":"https:\/\/www.taller-palabras.com\/WordPress_04\/producto\/el-limonero-real-juan-jose-saer-ebook","title":{"rendered":"El limonero real &#8211; Juan Jos\u00e9 Saer\/ ebook"},"content":{"rendered":"<figure id=\"attachment_3976\" aria-describedby=\"caption-attachment-3976\" style=\"width: 150px\" class=\"wp-caption alignleft\"><img loading=\"lazy\" decoding=\"async\" class=\"wp-image-3976 size-thumbnail\" src=\"https:\/\/www.taller-palabras.com\/WordPress_04\/wp-content\/uploads\/2021\/07\/Juan_Jose_Saer-150x150.jpg\" alt=\"\" width=\"150\" height=\"150\" srcset=\"https:\/\/www.taller-palabras.com\/WordPress_04\/wp-content\/uploads\/2021\/07\/Juan_Jose_Saer-150x150.jpg 150w, https:\/\/www.taller-palabras.com\/WordPress_04\/wp-content\/uploads\/2021\/07\/Juan_Jose_Saer-100x100.jpg 100w, https:\/\/www.taller-palabras.com\/WordPress_04\/wp-content\/uploads\/2021\/07\/Juan_Jose_Saer.jpg 224w\" sizes=\"auto, (max-width: 150px) 100vw, 150px\" \/><figcaption id=\"caption-attachment-3976\" class=\"wp-caption-text\">Autor Juan Jos\u00e9 Saer<\/figcaption><\/figure>\n<p>Una familia de pobladores de la costa de Santa Fe se re\u00fane desde la ma\u00f1ana, en el \u00faltimo d\u00eda del a\u00f1o, para una celebraci\u00f3n que culmina, por la noche, con la comida de un cordero asado. Dos ausencias hostigan al personaje central de la novela: una, la de su mujer, que se ha negado a asistir a la fiesta alegando el luto por su hijo; otra, la de ese mismo hijo, cuya figura peque\u00f1a emerge una y otra vez en el recuerdo. As\u00ed, doblemente acosado por la muerte y por la ausencia, el relato se va impregnando de una densidad creciente que otorga a la comida nocturna las dimensiones de un banquete ritual. Juan Jos\u00e9 Saer tard\u00f3 nueve a\u00f1os en escribir El limonero real, considerada la novela de la luz y de la sombra, cuyos juegos y alternancias punt\u00faan el transcurso del tiempo; es la novela de las manchas que terminan, finalmente, por componer una figura; es la novela de la descripci\u00f3n obsesiva de los gestos m\u00e1s triviales, de las sensaciones y las percepciones, de las texturas y los sabores. Una novela de dif\u00edcil lectura, pero espl\u00e9ndida.<\/p>\n","protected":false},"excerpt":{"rendered":"<p>Una familia de pobladores de la costa de Santa Fe se re\u00fane desde la ma\u00f1ana, en el \u00faltimo d\u00eda del a\u00f1o, para una celebraci\u00f3n que culmina, por la noche, con la comida de un cordero asado. Dos ausencias hostigan al personaje central de la novela: una, la de su mujer, que se ha negado a [&hellip;]<\/p>\n","protected":false},"featured_media":3965,"template":"","meta":[],"product_brand":[],"product_cat":[25],"product_tag":[136,507,506,55],"class_list":{"0":"post-3972","1":"product","2":"type-product","3":"status-publish","4":"has-post-thumbnail","6":"product_cat-libros-digitales-ebooks","7":"product_tag-decargar-ebook","8":"product_tag-el-limonero-real","9":"product_tag-juan-jose-saer","10":"product_tag-novelas","12":"first","13":"instock","14":"shipping-taxable","15":"purchasable","16":"product-type-variable","17":"has-default-attributes"},"_links":{"self":[{"href":"https:\/\/www.taller-palabras.com\/WordPress_04\/wp-json\/wp\/v2\/product\/3972","targetHints":{"allow":["GET"]}}],"collection":[{"href":"https:\/\/www.taller-palabras.com\/WordPress_04\/wp-json\/wp\/v2\/product"}],"about":[{"href":"https:\/\/www.taller-palabras.com\/WordPress_04\/wp-json\/wp\/v2\/types\/product"}],"wp:featuredmedia":[{"embeddable":true,"href":"https:\/\/www.taller-palabras.com\/WordPress_04\/wp-json\/wp\/v2\/media\/3965"}],"wp:attachment":[{"href":"https:\/\/www.taller-palabras.com\/WordPress_04\/wp-json\/wp\/v2\/media?parent=3972"}],"wp:term":[{"taxonomy":"product_brand","embeddable":true,"href":"https:\/\/www.taller-palabras.com\/WordPress_04\/wp-json\/wp\/v2\/product_brand?post=3972"},{"taxonomy":"product_cat","embeddable":true,"href":"https:\/\/www.taller-palabras.com\/WordPress_04\/wp-json\/wp\/v2\/product_cat?post=3972"},{"taxonomy":"product_tag","embeddable":true,"href":"https:\/\/www.taller-palabras.com\/WordPress_04\/wp-json\/wp\/v2\/product_tag?post=3972"}],"curies":[{"name":"wp","href":"https:\/\/api.w.org\/{rel}","templated":true}]}}