{"id":4015,"date":"2021-07-22T13:48:55","date_gmt":"2021-07-22T16:48:55","guid":{"rendered":"https:\/\/www.taller-palabras.com\/WordPress_04\/?post_type=product&#038;p=4015"},"modified":"2026-03-31T12:18:34","modified_gmt":"2026-03-31T15:18:34","slug":"el-llano-en-llamas-juan-rulfo-ebook","status":"publish","type":"product","link":"https:\/\/www.taller-palabras.com\/WordPress_04\/producto\/el-llano-en-llamas-juan-rulfo-ebook","title":{"rendered":"El llano en llamas &#8211; Juan Rulfo\/ ebook"},"content":{"rendered":"<figure id=\"attachment_4013\" aria-describedby=\"caption-attachment-4013\" style=\"width: 150px\" class=\"wp-caption alignleft\"><img loading=\"lazy\" decoding=\"async\" class=\"wp-image-4013 size-thumbnail\" src=\"https:\/\/www.taller-palabras.com\/WordPress_04\/wp-content\/uploads\/2021\/07\/JuanRulfo-150x150.jpg\" alt=\"\" width=\"150\" height=\"150\" srcset=\"https:\/\/www.taller-palabras.com\/WordPress_04\/wp-content\/uploads\/2021\/07\/JuanRulfo-150x150.jpg 150w, https:\/\/www.taller-palabras.com\/WordPress_04\/wp-content\/uploads\/2021\/07\/JuanRulfo-300x300.jpg 300w, https:\/\/www.taller-palabras.com\/WordPress_04\/wp-content\/uploads\/2021\/07\/JuanRulfo-768x768.jpg 768w, https:\/\/www.taller-palabras.com\/WordPress_04\/wp-content\/uploads\/2021\/07\/JuanRulfo-324x324.jpg 324w, https:\/\/www.taller-palabras.com\/WordPress_04\/wp-content\/uploads\/2021\/07\/JuanRulfo-416x416.jpg 416w, https:\/\/www.taller-palabras.com\/WordPress_04\/wp-content\/uploads\/2021\/07\/JuanRulfo-100x100.jpg 100w, https:\/\/www.taller-palabras.com\/WordPress_04\/wp-content\/uploads\/2021\/07\/JuanRulfo.jpg 960w\" sizes=\"auto, (max-width: 150px) 100vw, 150px\" \/><figcaption id=\"caption-attachment-4013\" class=\"wp-caption-text\">Autor Juan Rulfo<\/figcaption><\/figure>\n<p>Serie de 17 cuentos en los que Juan Rulfo (1918-1986) trata entre otros asuntos, el problema de la tierra. Los personajes principales de cada cuento son los narradores, y muchas veces son los mismos personajes los que dan t\u00edtulo a los relatos. Rulfo crea un mundo en donde los seres viven en relaci\u00f3n con un presente tr\u00e1gico, la nostalgia del pasado y la falta de esperanza. El autor logr\u00f3 retratar de forma inigualable la problem\u00e1tica del campo y la visi\u00f3n m\u00e1gica de los campesinos.<\/p>\n","protected":false},"excerpt":{"rendered":"<p>Serie de 17 cuentos en los que Juan Rulfo (1918-1986) trata entre otros asuntos, el problema de la tierra. Los personajes principales de cada cuento son los narradores, y muchas veces son los mismos personajes los que dan t\u00edtulo a los relatos. Rulfo crea un mundo en donde los seres viven en relaci\u00f3n con un [&hellip;]<\/p>\n","protected":false},"featured_media":3998,"template":"","meta":[],"product_brand":[1706],"product_cat":[25],"product_tag":[136,512,511,55],"class_list":{"0":"post-4015","1":"product","2":"type-product","3":"status-publish","4":"has-post-thumbnail","6":"product_brand-grupo1","7":"product_cat-libros-digitales-ebooks","8":"product_tag-decargar-ebook","9":"product_tag-el-llano-en-llamas","10":"product_tag-juan-rulfo","11":"product_tag-novelas","13":"first","14":"instock","15":"shipping-taxable","16":"purchasable","17":"product-type-variable","18":"has-default-attributes"},"_links":{"self":[{"href":"https:\/\/www.taller-palabras.com\/WordPress_04\/wp-json\/wp\/v2\/product\/4015","targetHints":{"allow":["GET"]}}],"collection":[{"href":"https:\/\/www.taller-palabras.com\/WordPress_04\/wp-json\/wp\/v2\/product"}],"about":[{"href":"https:\/\/www.taller-palabras.com\/WordPress_04\/wp-json\/wp\/v2\/types\/product"}],"wp:featuredmedia":[{"embeddable":true,"href":"https:\/\/www.taller-palabras.com\/WordPress_04\/wp-json\/wp\/v2\/media\/3998"}],"wp:attachment":[{"href":"https:\/\/www.taller-palabras.com\/WordPress_04\/wp-json\/wp\/v2\/media?parent=4015"}],"wp:term":[{"taxonomy":"product_brand","embeddable":true,"href":"https:\/\/www.taller-palabras.com\/WordPress_04\/wp-json\/wp\/v2\/product_brand?post=4015"},{"taxonomy":"product_cat","embeddable":true,"href":"https:\/\/www.taller-palabras.com\/WordPress_04\/wp-json\/wp\/v2\/product_cat?post=4015"},{"taxonomy":"product_tag","embeddable":true,"href":"https:\/\/www.taller-palabras.com\/WordPress_04\/wp-json\/wp\/v2\/product_tag?post=4015"}],"curies":[{"name":"wp","href":"https:\/\/api.w.org\/{rel}","templated":true}]}}

<figure id="attachment_4013" aria-describedby="caption-attachment-4013" style="width: 150px" class="wp-caption alignleft"><img loading="lazy" decoding="async" class="wp-image-4013 size-thumbnail" src="https://www.taller-palabras.com/WordPress_04/wp-content/uploads/2021/07/JuanRulfo-150x150.jpg" alt="" width="150" height="150" srcset="https://www.taller-palabras.com/WordPress_04/wp-content/uploads/2021/07/JuanRulfo-150x150.jpg 150w, https://www.taller-palabras.com/WordPress_04/wp-content/uploads/2021/07/JuanRulfo-300x300.jpg 300w, https://www.taller-palabras.com/WordPress_04/wp-content/uploads/2021/07/JuanRulfo-768x768.jpg 768w, https://www.taller-palabras.com/WordPress_04/wp-content/uploads/2021/07/JuanRulfo-324x324.jpg 324w, https://www.taller-palabras.com/WordPress_04/wp-content/uploads/2021/07/JuanRulfo-416x416.jpg 416w, https://www.taller-palabras.com/WordPress_04/wp-content/uploads/2021/07/JuanRulfo-100x100.jpg 100w, https://www.taller-palabras.com/WordPress_04/wp-content/uploads/2021/07/JuanRulfo.jpg 960w" sizes="auto, (max-width: 150px) 100vw, 150px" /><figcaption id="caption-attachment-4013" class="wp-caption-text">Autor Juan Rulfo</figcaption></figure>
<p>Serie de 17 cuentos en los que Juan Rulfo (1918-1986) trata entre otros asuntos, el problema de la tierra. Los personajes principales de cada cuento son los narradores, y muchas veces son los mismos personajes los que dan título a los relatos. Rulfo crea un mundo en donde los seres viven en relación con un presente trágico, la nostalgia del pasado y la falta de esperanza. El autor logró retratar de forma inigualable la problemática del campo y la visión mágica de los campesinos.</p>

<p>Serie de 17 cuentos en los que Juan Rulfo (1918-1986) trata entre otros asuntos, el problema de la tierra. Los personajes principales de cada cuento son los narradores, y muchas veces son los mismos personajes los que dan título a los relatos. Rulfo crea un mundo en donde los seres viven en relación con un [&hellip;]</p>
