{"id":4085,"date":"2021-08-01T12:28:31","date_gmt":"2021-08-01T15:28:31","guid":{"rendered":"https:\/\/www.taller-palabras.com\/WordPress_04\/?post_type=product&#038;p=4085"},"modified":"2024-04-02T13:25:56","modified_gmt":"2024-04-02T16:25:56","slug":"macbeth-william-shakespeare-ebook","status":"publish","type":"product","link":"https:\/\/www.taller-palabras.com\/WordPress_04\/producto\/macbeth-william-shakespeare-ebook","title":{"rendered":"Macbeth &#8211; William Shakespeare\/ ebook"},"content":{"rendered":"<figure id=\"attachment_4083\" aria-describedby=\"caption-attachment-4083\" style=\"width: 150px\" class=\"wp-caption alignleft\"><img loading=\"lazy\" decoding=\"async\" class=\"wp-image-4083 size-thumbnail\" src=\"https:\/\/www.taller-palabras.com\/WordPress_04\/wp-content\/uploads\/2021\/08\/WilliamS-150x150.jpg\" alt=\"\" width=\"150\" height=\"150\" srcset=\"https:\/\/www.taller-palabras.com\/WordPress_04\/wp-content\/uploads\/2021\/08\/WilliamS-150x150.jpg 150w, https:\/\/www.taller-palabras.com\/WordPress_04\/wp-content\/uploads\/2021\/08\/WilliamS-100x100.jpg 100w\" sizes=\"auto, (max-width: 150px) 100vw, 150px\" \/><figcaption id=\"caption-attachment-4083\" class=\"wp-caption-text\">Autor William Shakespeare<\/figcaption><\/figure>\n<p>Compuesta entre 1605 y 1606, Macbeth es sin duda una de las cumbres de la producci\u00f3n de William Shakespeare. Concebida en el ambiente medieval escoc\u00e9s, la obra logra anclarse perfectamente a la realidad que busca representar, y de ah\u00ed la presencia de brujas, profec\u00edas, desenfrenadas ambiciones, traiciones, asesinatos\u2026 en fin, la existencia de un mundo ca\u00f3tico dominado por una comprensi\u00f3n esot\u00e9rica de la realidad, en la que las pasiones, movidas por irrefrenables deseos de poder y riqueza, aprisionan, empeque\u00f1eciendo, a los individuos, cre\u00e1ndose las bestiales dictaduras del medievo. Asistimos a una tragedia sangrienta que, no obstante, no es un mero juego esc\u00e9nico sobre el asesinato, sino m\u00e1s bien la representaci\u00f3n de la lucha del protagonista contra s\u00ed mismo. El ambicioso Macbeth combate contra sus brotes de \u00e9tica, venciendo siempre el lado oscuro humano. Las brujas refuerzan el car\u00e1cter tenebroso de toda la trama; Lady Macbeth es el impulso necesario para hacer caer a su dubitativo marido en el abismo; y todo parece apuntar a la intenci\u00f3n de dejar al espectador con la certeza de que el mal es un hecho de permanencia inevitable. En los cinco actos de Macbeth asistimos al nacimiento de un tirano. \u00c1vido de poder, nuestro h\u00e9roe mata al rey para ocupar su lugar. Sin embargo, el miedo por la posibilidad de perder el ansiado trono, le lleva a realizar y ordenar otra serie de asesinatos con la esperanza de matar as\u00ed sus propios temores. Sus actos, sin embargo solo sirven para aumentar su tormento. Se encuentra solo, lleno de desconfianza y remordimientos. Lo hermoso del poder ansiado se transforma en una inquietante vigilia que desgasta sus fuerzas y su mente.<\/p>\n","protected":false},"excerpt":{"rendered":"<p>Compuesta entre 1605 y 1606, Macbeth es sin duda una de las cumbres de la producci\u00f3n de William Shakespeare. Concebida en el ambiente medieval escoc\u00e9s, la obra logra anclarse perfectamente a la realidad que busca representar, y de ah\u00ed la presencia de brujas, profec\u00edas, desenfrenadas ambiciones, traiciones, asesinatos\u2026 en fin, la existencia de un mundo [&hellip;]<\/p>\n","protected":false},"featured_media":4089,"template":"","meta":[],"product_brand":[],"product_cat":[25],"product_tag":[136,524,55,522],"class_list":{"0":"post-4085","1":"product","2":"type-product","3":"status-publish","4":"has-post-thumbnail","6":"product_cat-libros-digitales-ebooks","7":"product_tag-decargar-ebook","8":"product_tag-macbeth","9":"product_tag-novelas","10":"product_tag-william-shakespeare","12":"first","13":"instock","14":"shipping-taxable","15":"purchasable","16":"product-type-variable","17":"has-default-attributes"},"_links":{"self":[{"href":"https:\/\/www.taller-palabras.com\/WordPress_04\/wp-json\/wp\/v2\/product\/4085","targetHints":{"allow":["GET"]}}],"collection":[{"href":"https:\/\/www.taller-palabras.com\/WordPress_04\/wp-json\/wp\/v2\/product"}],"about":[{"href":"https:\/\/www.taller-palabras.com\/WordPress_04\/wp-json\/wp\/v2\/types\/product"}],"wp:featuredmedia":[{"embeddable":true,"href":"https:\/\/www.taller-palabras.com\/WordPress_04\/wp-json\/wp\/v2\/media\/4089"}],"wp:attachment":[{"href":"https:\/\/www.taller-palabras.com\/WordPress_04\/wp-json\/wp\/v2\/media?parent=4085"}],"wp:term":[{"taxonomy":"product_brand","embeddable":true,"href":"https:\/\/www.taller-palabras.com\/WordPress_04\/wp-json\/wp\/v2\/product_brand?post=4085"},{"taxonomy":"product_cat","embeddable":true,"href":"https:\/\/www.taller-palabras.com\/WordPress_04\/wp-json\/wp\/v2\/product_cat?post=4085"},{"taxonomy":"product_tag","embeddable":true,"href":"https:\/\/www.taller-palabras.com\/WordPress_04\/wp-json\/wp\/v2\/product_tag?post=4085"}],"curies":[{"name":"wp","href":"https:\/\/api.w.org\/{rel}","templated":true}]}}