{"id":4168,"date":"2021-08-18T14:00:35","date_gmt":"2021-08-18T17:00:35","guid":{"rendered":"https:\/\/www.taller-palabras.com\/WordPress_04\/?post_type=product&#038;p=4168"},"modified":"2024-04-16T10:51:00","modified_gmt":"2024-04-16T13:51:00","slug":"los-dias-de-la-sombra-2-liliana-bodoc-ebook","status":"publish","type":"product","link":"https:\/\/www.taller-palabras.com\/WordPress_04\/producto\/los-dias-de-la-sombra-2-liliana-bodoc-ebook","title":{"rendered":"Saga: Los d\u00edas de la sombra (2) &#8211; Liliana Bodoc  \/ebook"},"content":{"rendered":"<figure id=\"attachment_2338\" aria-describedby=\"caption-attachment-2338\" style=\"width: 150px\" class=\"wp-caption alignleft\"><img loading=\"lazy\" decoding=\"async\" class=\"wp-image-2338 size-thumbnail\" src=\"https:\/\/www.taller-palabras.com\/WordPress_04\/wp-content\/uploads\/2020\/08\/Liliana-Bodoc-150x150.jpg\" alt=\"\" width=\"150\" height=\"150\" srcset=\"https:\/\/www.taller-palabras.com\/WordPress_04\/wp-content\/uploads\/2020\/08\/Liliana-Bodoc-150x150.jpg 150w, https:\/\/www.taller-palabras.com\/WordPress_04\/wp-content\/uploads\/2020\/08\/Liliana-Bodoc-100x100.jpg 100w\" sizes=\"auto, (max-width: 150px) 100vw, 150px\" \/><figcaption id=\"caption-attachment-2338\" class=\"wp-caption-text\">Autora Liliana Bodoc<\/figcaption><\/figure>\n<p>Cinco cosechas, cinco a\u00f1os del sol han transcurrido desde el triunfo de las Tierras F\u00e9rtiles contra las fuerzas de Mis\u00e1ianes, el hijo de la Muerte. El continente a\u00fan no se recupera y una nueva flota -m\u00e1s numerosa y despiadada que la anterior- se aproxima. El ej\u00e9rcito del Venado prepara la resistencia en medio de disputas y orgullos, celos y traiciones. Para oponerse a las fuerzas malignas que envia el hijo de la Muerte, s\u00f3lo hay tres caminos: una flota partir\u00e1 rumbo a las Tierras Antiguas, un pueblo iniciar\u00e1 el \u00e9xodo hacia el tiempo m\u00e1gico y un ej\u00e9rcito de guerreros se preparar\u00e1 para enfrentar la lucha. Las tropas de Mis\u00e1ianes est\u00e1n dispuestas a conquistar el continente. Al frente de \u00e9stas, una anciana envuelta en un manto avanza. Es la madre del Odio Eterno. La Muerte. La Sombra. Ella porta un mandato implacable.<\/p>\n","protected":false},"excerpt":{"rendered":"<p>Cinco cosechas, cinco a\u00f1os del sol han transcurrido desde el triunfo de las Tierras F\u00e9rtiles contra las fuerzas de Mis\u00e1ianes, el hijo de la Muerte. El continente a\u00fan no se recupera y una nueva flota -m\u00e1s numerosa y despiadada que la anterior- se aproxima. El ej\u00e9rcito del Venado prepara la resistencia en medio de disputas [&hellip;]<\/p>\n","protected":false},"featured_media":4161,"template":"","meta":[],"product_brand":[],"product_cat":[47],"product_tag":[54,251,536,45],"class_list":{"0":"post-4168","1":"product","2":"type-product","3":"status-publish","4":"has-post-thumbnail","6":"product_cat-libros-digitales-sagas","7":"product_tag-descargar-ebook","8":"product_tag-liliana-bodoc","9":"product_tag-los-dias-de-la-sombra","10":"product_tag-mejor-novela","12":"first","13":"instock","14":"shipping-taxable","15":"purchasable","16":"product-type-variable","17":"has-default-attributes"},"_links":{"self":[{"href":"https:\/\/www.taller-palabras.com\/WordPress_04\/wp-json\/wp\/v2\/product\/4168","targetHints":{"allow":["GET"]}}],"collection":[{"href":"https:\/\/www.taller-palabras.com\/WordPress_04\/wp-json\/wp\/v2\/product"}],"about":[{"href":"https:\/\/www.taller-palabras.com\/WordPress_04\/wp-json\/wp\/v2\/types\/product"}],"wp:featuredmedia":[{"embeddable":true,"href":"https:\/\/www.taller-palabras.com\/WordPress_04\/wp-json\/wp\/v2\/media\/4161"}],"wp:attachment":[{"href":"https:\/\/www.taller-palabras.com\/WordPress_04\/wp-json\/wp\/v2\/media?parent=4168"}],"wp:term":[{"taxonomy":"product_brand","embeddable":true,"href":"https:\/\/www.taller-palabras.com\/WordPress_04\/wp-json\/wp\/v2\/product_brand?post=4168"},{"taxonomy":"product_cat","embeddable":true,"href":"https:\/\/www.taller-palabras.com\/WordPress_04\/wp-json\/wp\/v2\/product_cat?post=4168"},{"taxonomy":"product_tag","embeddable":true,"href":"https:\/\/www.taller-palabras.com\/WordPress_04\/wp-json\/wp\/v2\/product_tag?post=4168"}],"curies":[{"name":"wp","href":"https:\/\/api.w.org\/{rel}","templated":true}]}}