{"id":4255,"date":"2021-09-08T12:09:20","date_gmt":"2021-09-08T15:09:20","guid":{"rendered":"https:\/\/www.taller-palabras.com\/WordPress_04\/?post_type=product&#038;p=4255"},"modified":"2024-03-23T12:30:47","modified_gmt":"2024-03-23T15:30:47","slug":"adios-a-las-armas-ernest-hemingway-ebook","status":"publish","type":"product","link":"https:\/\/www.taller-palabras.com\/WordPress_04\/producto\/adios-a-las-armas-ernest-hemingway-ebook","title":{"rendered":"Adi\u00f3s a las armas &#8211; Ernest Hemingway\/ ebook"},"content":{"rendered":"<figure id=\"attachment_3959\" aria-describedby=\"caption-attachment-3959\" style=\"width: 150px\" class=\"wp-caption alignleft\"><img loading=\"lazy\" decoding=\"async\" class=\"wp-image-3959 size-thumbnail\" src=\"https:\/\/www.taller-palabras.com\/WordPress_04\/wp-content\/uploads\/2021\/07\/Ernest_Hemingway-150x150.jpg\" alt=\"\" width=\"150\" height=\"150\" srcset=\"https:\/\/www.taller-palabras.com\/WordPress_04\/wp-content\/uploads\/2021\/07\/Ernest_Hemingway-150x150.jpg 150w, https:\/\/www.taller-palabras.com\/WordPress_04\/wp-content\/uploads\/2021\/07\/Ernest_Hemingway-300x300.jpg 300w, https:\/\/www.taller-palabras.com\/WordPress_04\/wp-content\/uploads\/2021\/07\/Ernest_Hemingway-324x324.jpg 324w, https:\/\/www.taller-palabras.com\/WordPress_04\/wp-content\/uploads\/2021\/07\/Ernest_Hemingway-100x100.jpg 100w, https:\/\/www.taller-palabras.com\/WordPress_04\/wp-content\/uploads\/2021\/07\/Ernest_Hemingway.jpg 329w\" sizes=\"auto, (max-width: 150px) 100vw, 150px\" \/><figcaption id=\"caption-attachment-3959\" class=\"wp-caption-text\">Autor Ernest Hemingway<\/figcaption><\/figure>\n<p>Fredrerick Henry es voluntario en el ej\u00e9rcito italiano durante la guerra que llen\u00f3 Europa de trincheras entre 1914 y 1918. Est\u00e1 encargado de conducir una ambulancia cuando se enamora de la enfermera inglesa Catherine Barkley, encamin\u00e1ndose a un tr\u00e1gico destino.Claro precedente de Robert Jordan de Por quien doblan las campanas, Fredrerick Henry comparte similitudes con Hemingway, quien fuera param\u00e9dico durante la Primera Guerra Mundial hasta ser herido y trasladado a un hospital de Mil\u00e1n, donde tuvo una relaci\u00f3n amorosa con la enfermera Agnes von Kurowsky.El t\u00edtulo Adi\u00f3s a las armas fue tomado de un verso de George Plee, poeta ingl\u00e9s del siglo XVI. Publicada por entregas en la revista Scribner\u2019s Son en mayo de 1929, la obra fue censurada en Boston a causa de la dureza del lenguaje utilizado por el escritor y se prohibi\u00f3 su publicaci\u00f3n en Italia hasta 1948. La novela fue considerada perjudicial para el honor de las Fuerzas Armadas por el r\u00e9gimen fascista, tanto por la descripci\u00f3n de la batalla de Caporetto como por cierto antimilitarismo impl\u00edcito en la obra. En 1943, Fernanda Pivano realiz\u00f3 una traducci\u00f3n clandestina al italiano, por la que fue arrestada en Tur\u00edn. Todo ello no impidi\u00f3 que la novela conociera un \u00e9xito sin precedentes, convirtiendo a Hemingway en el m\u00e1s le\u00eddo de su generaci\u00f3n.<\/p>\n","protected":false},"excerpt":{"rendered":"<p>Fredrerick Henry es voluntario en el ej\u00e9rcito italiano durante la guerra que llen\u00f3 Europa de trincheras entre 1914 y 1918. Est\u00e1 encargado de conducir una ambulancia cuando se enamora de la enfermera inglesa Catherine Barkley, encamin\u00e1ndose a un tr\u00e1gico destino.Claro precedente de Robert Jordan de Por quien doblan las campanas, Fredrerick Henry comparte similitudes con [&hellip;]<\/p>\n","protected":false},"featured_media":4259,"template":"","meta":[],"product_brand":[],"product_cat":[25],"product_tag":[547,136,508,55],"class_list":{"0":"post-4255","1":"product","2":"type-product","3":"status-publish","4":"has-post-thumbnail","6":"product_cat-libros-digitales-ebooks","7":"product_tag-adios-a-las-armas","8":"product_tag-decargar-ebook","9":"product_tag-ernest-hemingway","10":"product_tag-novelas","12":"first","13":"instock","14":"shipping-taxable","15":"purchasable","16":"product-type-variable","17":"has-default-attributes"},"_links":{"self":[{"href":"https:\/\/www.taller-palabras.com\/WordPress_04\/wp-json\/wp\/v2\/product\/4255","targetHints":{"allow":["GET"]}}],"collection":[{"href":"https:\/\/www.taller-palabras.com\/WordPress_04\/wp-json\/wp\/v2\/product"}],"about":[{"href":"https:\/\/www.taller-palabras.com\/WordPress_04\/wp-json\/wp\/v2\/types\/product"}],"wp:featuredmedia":[{"embeddable":true,"href":"https:\/\/www.taller-palabras.com\/WordPress_04\/wp-json\/wp\/v2\/media\/4259"}],"wp:attachment":[{"href":"https:\/\/www.taller-palabras.com\/WordPress_04\/wp-json\/wp\/v2\/media?parent=4255"}],"wp:term":[{"taxonomy":"product_brand","embeddable":true,"href":"https:\/\/www.taller-palabras.com\/WordPress_04\/wp-json\/wp\/v2\/product_brand?post=4255"},{"taxonomy":"product_cat","embeddable":true,"href":"https:\/\/www.taller-palabras.com\/WordPress_04\/wp-json\/wp\/v2\/product_cat?post=4255"},{"taxonomy":"product_tag","embeddable":true,"href":"https:\/\/www.taller-palabras.com\/WordPress_04\/wp-json\/wp\/v2\/product_tag?post=4255"}],"curies":[{"name":"wp","href":"https:\/\/api.w.org\/{rel}","templated":true}]}}