{"id":4292,"date":"2021-09-20T14:31:01","date_gmt":"2021-09-20T17:31:01","guid":{"rendered":"https:\/\/www.taller-palabras.com\/WordPress_04\/?post_type=product&#038;p=4292"},"modified":"2024-04-18T13:16:48","modified_gmt":"2024-04-18T16:16:48","slug":"don-quijote-de-la-mancha-miguel-de-cervantes-ebook","status":"publish","type":"product","link":"https:\/\/www.taller-palabras.com\/WordPress_04\/producto\/don-quijote-de-la-mancha-miguel-de-cervantes-ebook","title":{"rendered":"Don Quijote de la Mancha &#8211; Miguel de Cervantes \/ebook)"},"content":{"rendered":"<figure id=\"attachment_4279\" aria-describedby=\"caption-attachment-4279\" style=\"width: 150px\" class=\"wp-caption alignleft\"><img loading=\"lazy\" decoding=\"async\" class=\"wp-image-4279 size-thumbnail\" src=\"https:\/\/www.taller-palabras.com\/WordPress_04\/wp-content\/uploads\/2021\/09\/MigueldeCervantes-150x150.jpg\" alt=\"\" width=\"150\" height=\"150\" srcset=\"https:\/\/www.taller-palabras.com\/WordPress_04\/wp-content\/uploads\/2021\/09\/MigueldeCervantes-150x150.jpg 150w, https:\/\/www.taller-palabras.com\/WordPress_04\/wp-content\/uploads\/2021\/09\/MigueldeCervantes-100x100.jpg 100w\" sizes=\"auto, (max-width: 150px) 100vw, 150px\" \/><figcaption id=\"caption-attachment-4279\" class=\"wp-caption-text\">Autor Miguel de Cervantes<\/figcaption><\/figure>\n<p>Obra cumbre de la literatura universal, el Quijote narra la historia de un hidalgo manchego, de unos cincuenta a\u00f1os, que se vuelve loco por leer muchos libros de caballer\u00edas. El protagonista llega a creer que las narraciones caballerescas relatan sucesos reales, y decide salir de su aldea en busca de aventuras similares a las de sus h\u00e9roes literarios con el objetivo de \u00abdesfacer agravios, enderezar entuertos y proteger doncellas\u00bb. En su mente, confunde la realidad y la literatura: as\u00ed, la venta de un camino le parecer\u00e1 un castillo; los molinos ser\u00e1n gigantes, y los reba\u00f1os se transformar\u00e1n en ej\u00e9rcitos de conocidos caballeros. El Quijote se public\u00f3 en dos partes: la primera, escrita en 1605, y la segunda, en 1615.<\/p>\n","protected":false},"excerpt":{"rendered":"<p>Obra cumbre de la literatura universal, el Quijote narra la historia de un hidalgo manchego, de unos cincuenta a\u00f1os, que se vuelve loco por leer muchos libros de caballer\u00edas. El protagonista llega a creer que las narraciones caballerescas relatan sucesos reales, y decide salir de su aldea en busca de aventuras similares a las de [&hellip;]<\/p>\n","protected":false},"featured_media":4290,"template":"","meta":[],"product_brand":[],"product_cat":[25],"product_tag":[54,550,45,549],"class_list":{"0":"post-4292","1":"product","2":"type-product","3":"status-publish","4":"has-post-thumbnail","6":"product_cat-libros-digitales-ebooks","7":"product_tag-descargar-ebook","8":"product_tag-don-quijote-de-la-mancha","9":"product_tag-mejor-novela","10":"product_tag-miguel-de-cervantes","12":"first","13":"instock","14":"shipping-taxable","15":"purchasable","16":"product-type-variable","17":"has-default-attributes"},"_links":{"self":[{"href":"https:\/\/www.taller-palabras.com\/WordPress_04\/wp-json\/wp\/v2\/product\/4292","targetHints":{"allow":["GET"]}}],"collection":[{"href":"https:\/\/www.taller-palabras.com\/WordPress_04\/wp-json\/wp\/v2\/product"}],"about":[{"href":"https:\/\/www.taller-palabras.com\/WordPress_04\/wp-json\/wp\/v2\/types\/product"}],"wp:featuredmedia":[{"embeddable":true,"href":"https:\/\/www.taller-palabras.com\/WordPress_04\/wp-json\/wp\/v2\/media\/4290"}],"wp:attachment":[{"href":"https:\/\/www.taller-palabras.com\/WordPress_04\/wp-json\/wp\/v2\/media?parent=4292"}],"wp:term":[{"taxonomy":"product_brand","embeddable":true,"href":"https:\/\/www.taller-palabras.com\/WordPress_04\/wp-json\/wp\/v2\/product_brand?post=4292"},{"taxonomy":"product_cat","embeddable":true,"href":"https:\/\/www.taller-palabras.com\/WordPress_04\/wp-json\/wp\/v2\/product_cat?post=4292"},{"taxonomy":"product_tag","embeddable":true,"href":"https:\/\/www.taller-palabras.com\/WordPress_04\/wp-json\/wp\/v2\/product_tag?post=4292"}],"curies":[{"name":"wp","href":"https:\/\/api.w.org\/{rel}","templated":true}]}}