{"id":4466,"date":"2021-10-21T10:35:28","date_gmt":"2021-10-21T13:35:28","guid":{"rendered":"https:\/\/www.taller-palabras.com\/WordPress_04\/?post_type=product&#038;p=4466"},"modified":"2024-05-06T13:51:20","modified_gmt":"2024-05-06T16:51:20","slug":"el-sanador-mistico-v-s-naipaul-ebook","status":"publish","type":"product","link":"https:\/\/www.taller-palabras.com\/WordPress_04\/producto\/el-sanador-mistico-v-s-naipaul-ebook","title":{"rendered":"El sanador m\u00edstico &#8211; V. S. Naipaul \/ebook"},"content":{"rendered":"<figure id=\"attachment_4413\" aria-describedby=\"caption-attachment-4413\" style=\"width: 150px\" class=\"wp-caption alignleft\"><img loading=\"lazy\" decoding=\"async\" class=\"wp-image-4413 size-thumbnail\" src=\"https:\/\/www.taller-palabras.com\/WordPress_04\/wp-content\/uploads\/2021\/10\/V.S.Naipaul-150x150.jpg\" alt=\"\" width=\"150\" height=\"150\" srcset=\"https:\/\/www.taller-palabras.com\/WordPress_04\/wp-content\/uploads\/2021\/10\/V.S.Naipaul-150x150.jpg 150w, https:\/\/www.taller-palabras.com\/WordPress_04\/wp-content\/uploads\/2021\/10\/V.S.Naipaul-100x100.jpg 100w\" sizes=\"auto, (max-width: 150px) 100vw, 150px\" \/><figcaption id=\"caption-attachment-4413\" class=\"wp-caption-text\">Autor V. S. Naipaul<\/figcaption><\/figure>\n<p>En esta su primera novela, V.S. Naipaul presta su voz a Ganesh Ramsumair, maestro espiritual y pol\u00edtico que, desde los m\u00e1s humildes or\u00edgenes, llegar\u00e1 a obtener la Orden del Imperio Brit\u00e1nico. Pero no es la historia de este curioso personaje el argumento principal de esta novela: el ascenso social, el descubrimiento de la cultura y de la escritura, el mundo colonial, la falsedad de las pol\u00edticas poscoloniales o la ternura de la vida cotidiana son los temas que Naipaul nos presenta a trav\u00e9s de Ganesh, y que ser\u00e1n, ya desde esta primera obra, recurrentes en toda su narrativa.<\/p>\n","protected":false},"excerpt":{"rendered":"<p>En esta su primera novela, V.S. Naipaul presta su voz a Ganesh Ramsumair, maestro espiritual y pol\u00edtico que, desde los m\u00e1s humildes or\u00edgenes, llegar\u00e1 a obtener la Orden del Imperio Brit\u00e1nico. Pero no es la historia de este curioso personaje el argumento principal de esta novela: el ascenso social, el descubrimiento de la cultura y [&hellip;]<\/p>\n","protected":false},"featured_media":4420,"template":"","meta":[],"product_brand":[],"product_cat":[25],"product_tag":[54,584,45,583],"class_list":{"0":"post-4466","1":"product","2":"type-product","3":"status-publish","4":"has-post-thumbnail","6":"product_cat-libros-digitales-ebooks","7":"product_tag-descargar-ebook","8":"product_tag-el-sanador-mistico","9":"product_tag-mejor-novela","10":"product_tag-v-s-naipaul","12":"first","13":"instock","14":"shipping-taxable","15":"purchasable","16":"product-type-variable","17":"has-default-attributes"},"_links":{"self":[{"href":"https:\/\/www.taller-palabras.com\/WordPress_04\/wp-json\/wp\/v2\/product\/4466","targetHints":{"allow":["GET"]}}],"collection":[{"href":"https:\/\/www.taller-palabras.com\/WordPress_04\/wp-json\/wp\/v2\/product"}],"about":[{"href":"https:\/\/www.taller-palabras.com\/WordPress_04\/wp-json\/wp\/v2\/types\/product"}],"wp:featuredmedia":[{"embeddable":true,"href":"https:\/\/www.taller-palabras.com\/WordPress_04\/wp-json\/wp\/v2\/media\/4420"}],"wp:attachment":[{"href":"https:\/\/www.taller-palabras.com\/WordPress_04\/wp-json\/wp\/v2\/media?parent=4466"}],"wp:term":[{"taxonomy":"product_brand","embeddable":true,"href":"https:\/\/www.taller-palabras.com\/WordPress_04\/wp-json\/wp\/v2\/product_brand?post=4466"},{"taxonomy":"product_cat","embeddable":true,"href":"https:\/\/www.taller-palabras.com\/WordPress_04\/wp-json\/wp\/v2\/product_cat?post=4466"},{"taxonomy":"product_tag","embeddable":true,"href":"https:\/\/www.taller-palabras.com\/WordPress_04\/wp-json\/wp\/v2\/product_tag?post=4466"}],"curies":[{"name":"wp","href":"https:\/\/api.w.org\/{rel}","templated":true}]}}