{"id":4520,"date":"2021-10-28T10:25:13","date_gmt":"2021-10-28T13:25:13","guid":{"rendered":"https:\/\/www.taller-palabras.com\/WordPress_04\/?post_type=product&#038;p=4520"},"modified":"2024-05-08T16:40:37","modified_gmt":"2024-05-08T19:40:37","slug":"tus-pasos-en-la-escalera-antonio-munoz-molina-ebook","status":"publish","type":"product","link":"https:\/\/www.taller-palabras.com\/WordPress_04\/producto\/tus-pasos-en-la-escalera-antonio-munoz-molina-ebook","title":{"rendered":"Tus pasos en la escalera &#8211; Antonio Mu\u00f1oz Molina \/ebook"},"content":{"rendered":"<figure id=\"attachment_4501\" aria-describedby=\"caption-attachment-4501\" style=\"width: 150px\" class=\"wp-caption alignleft\"><img loading=\"lazy\" decoding=\"async\" class=\"wp-image-4501 size-thumbnail\" src=\"https:\/\/www.taller-palabras.com\/WordPress_04\/wp-content\/uploads\/2021\/10\/AntonioMunozMolina-150x150.jpg\" alt=\"\" width=\"150\" height=\"150\" srcset=\"https:\/\/www.taller-palabras.com\/WordPress_04\/wp-content\/uploads\/2021\/10\/AntonioMunozMolina-150x150.jpg 150w, https:\/\/www.taller-palabras.com\/WordPress_04\/wp-content\/uploads\/2021\/10\/AntonioMunozMolina-100x100.jpg 100w\" sizes=\"auto, (max-width: 150px) 100vw, 150px\" \/><figcaption id=\"caption-attachment-4501\" class=\"wp-caption-text\">Autor Antonio Mu\u00f1os Molina<\/figcaption><\/figure>\n<p>Un hombre anticipa con ilusi\u00f3n el momento de reunirse con su esposa mientras ultima los preparativos de su nuevo hogar en Lisboa. Atr\u00e1s queda una etapa de sus vidas en Nueva York marcada por el indeleble recuerdo del 11-S. \u00c9l se adelanta con la mudanza mientras Cecilia organiza el traslado de su proyecto cient\u00edfico sobre los mecanismos neuronales que rigen la memoria y el miedo.<br \/>\nUn tranquilo barrio de Lisboa ofrece la promesa de un futuro que \u00e9l se esmera en preparar con minucioso detalle. Pero incluso el refugio buscado y la rutina m\u00e1s apacible pueden resultar desconcertantes cuando la sospecha de una amenaza incierta altera su espera.<br \/>\nTus pasos en la escalera es una novela de suspense psicol\u00f3gico en la que la memoria, la raz\u00f3n y el miedo son los elementos que determinan la realidad tangible. Sutil y progresivamente Antonio Mu\u00f1oz Molina muestra que sometida a la lente de un microscopio, la realidad desvela fisuras que pueden derrumbar lo que con tanto cuidado nos hemos contado sobre nuestras vidas.<\/p>\n","protected":false},"excerpt":{"rendered":"<p>Un hombre anticipa con ilusi\u00f3n el momento de reunirse con su esposa mientras ultima los preparativos de su nuevo hogar en Lisboa. Atr\u00e1s queda una etapa de sus vidas en Nueva York marcada por el indeleble recuerdo del 11-S. \u00c9l se adelanta con la mudanza mientras Cecilia organiza el traslado de su proyecto cient\u00edfico sobre [&hellip;]<\/p>\n","protected":false},"featured_media":4500,"template":"","meta":[],"product_brand":[],"product_cat":[25],"product_tag":[594,54,45,595],"class_list":{"0":"post-4520","1":"product","2":"type-product","3":"status-publish","4":"has-post-thumbnail","6":"product_cat-libros-digitales-ebooks","7":"product_tag-antonio-munoz-molina","8":"product_tag-descargar-ebook","9":"product_tag-mejor-novela","10":"product_tag-tus-pasos-en-la-escalera","12":"first","13":"instock","14":"shipping-taxable","15":"purchasable","16":"product-type-variable","17":"has-default-attributes"},"_links":{"self":[{"href":"https:\/\/www.taller-palabras.com\/WordPress_04\/wp-json\/wp\/v2\/product\/4520","targetHints":{"allow":["GET"]}}],"collection":[{"href":"https:\/\/www.taller-palabras.com\/WordPress_04\/wp-json\/wp\/v2\/product"}],"about":[{"href":"https:\/\/www.taller-palabras.com\/WordPress_04\/wp-json\/wp\/v2\/types\/product"}],"wp:featuredmedia":[{"embeddable":true,"href":"https:\/\/www.taller-palabras.com\/WordPress_04\/wp-json\/wp\/v2\/media\/4500"}],"wp:attachment":[{"href":"https:\/\/www.taller-palabras.com\/WordPress_04\/wp-json\/wp\/v2\/media?parent=4520"}],"wp:term":[{"taxonomy":"product_brand","embeddable":true,"href":"https:\/\/www.taller-palabras.com\/WordPress_04\/wp-json\/wp\/v2\/product_brand?post=4520"},{"taxonomy":"product_cat","embeddable":true,"href":"https:\/\/www.taller-palabras.com\/WordPress_04\/wp-json\/wp\/v2\/product_cat?post=4520"},{"taxonomy":"product_tag","embeddable":true,"href":"https:\/\/www.taller-palabras.com\/WordPress_04\/wp-json\/wp\/v2\/product_tag?post=4520"}],"curies":[{"name":"wp","href":"https:\/\/api.w.org\/{rel}","templated":true}]}}

Tus pasos en la escalera &#8211; Antonio Muñoz Molina /ebook

<figure id="attachment_4501" aria-describedby="caption-attachment-4501" style="width: 150px" class="wp-caption alignleft"><img loading="lazy" decoding="async" class="wp-image-4501 size-thumbnail" src="https://www.taller-palabras.com/WordPress_04/wp-content/uploads/2021/10/AntonioMunozMolina-150x150.jpg" alt="" width="150" height="150" srcset="https://www.taller-palabras.com/WordPress_04/wp-content/uploads/2021/10/AntonioMunozMolina-150x150.jpg 150w, https://www.taller-palabras.com/WordPress_04/wp-content/uploads/2021/10/AntonioMunozMolina-100x100.jpg 100w" sizes="auto, (max-width: 150px) 100vw, 150px" /><figcaption id="caption-attachment-4501" class="wp-caption-text">Autor Antonio Muños Molina</figcaption></figure>
<p>Un hombre anticipa con ilusión el momento de reunirse con su esposa mientras ultima los preparativos de su nuevo hogar en Lisboa. Atrás queda una etapa de sus vidas en Nueva York marcada por el indeleble recuerdo del 11-S. Él se adelanta con la mudanza mientras Cecilia organiza el traslado de su proyecto científico sobre los mecanismos neuronales que rigen la memoria y el miedo.<br />
Un tranquilo barrio de Lisboa ofrece la promesa de un futuro que él se esmera en preparar con minucioso detalle. Pero incluso el refugio buscado y la rutina más apacible pueden resultar desconcertantes cuando la sospecha de una amenaza incierta altera su espera.<br />
Tus pasos en la escalera es una novela de suspense psicológico en la que la memoria, la razón y el miedo son los elementos que determinan la realidad tangible. Sutil y progresivamente Antonio Muñoz Molina muestra que sometida a la lente de un microscopio, la realidad desvela fisuras que pueden derrumbar lo que con tanto cuidado nos hemos contado sobre nuestras vidas.</p>

<p>Un hombre anticipa con ilusión el momento de reunirse con su esposa mientras ultima los preparativos de su nuevo hogar en Lisboa. Atrás queda una etapa de sus vidas en Nueva York marcada por el indeleble recuerdo del 11-S. Él se adelanta con la mudanza mientras Cecilia organiza el traslado de su proyecto científico sobre [&hellip;]</p>
