{"id":4570,"date":"2021-10-31T11:02:00","date_gmt":"2021-10-31T14:02:00","guid":{"rendered":"https:\/\/www.taller-palabras.com\/WordPress_04\/?post_type=product&#038;p=4570"},"modified":"2024-05-11T16:56:49","modified_gmt":"2024-05-11T19:56:49","slug":"la-traduccion-pablo-de-santis-ebook","status":"publish","type":"product","link":"https:\/\/www.taller-palabras.com\/WordPress_04\/producto\/la-traduccion-pablo-de-santis-ebook","title":{"rendered":"La traducci\u00f3n &#8211; Pablo de Santis \/ebook"},"content":{"rendered":"<figure id=\"attachment_4551\" aria-describedby=\"caption-attachment-4551\" style=\"width: 150px\" class=\"wp-caption alignleft\"><img loading=\"lazy\" decoding=\"async\" class=\"wp-image-4551 size-thumbnail\" src=\"https:\/\/www.taller-palabras.com\/WordPress_04\/wp-content\/uploads\/2021\/10\/PablodeSantis-150x150.jpg\" alt=\"\" width=\"150\" height=\"150\" srcset=\"https:\/\/www.taller-palabras.com\/WordPress_04\/wp-content\/uploads\/2021\/10\/PablodeSantis-150x150.jpg 150w, https:\/\/www.taller-palabras.com\/WordPress_04\/wp-content\/uploads\/2021\/10\/PablodeSantis-100x100.jpg 100w\" sizes=\"auto, (max-width: 150px) 100vw, 150px\" \/><figcaption id=\"caption-attachment-4551\" class=\"wp-caption-text\">Autor Pablo De Santis<\/figcaption><\/figure>\n<p>Una ciudad fantasma de la costa argentina. Un lugar devastado, casi abstracto, donde mueren lobos marinos a causa de una misteriosa epidemia, y donde tienen lugar otras muertes m\u00e1s oscuras: todos los cad\u00e1veres cerca del agua, con una moneda de n\u00edquel fuera de circulaci\u00f3n bajo la lengua. Como por una iron\u00eda del destino, los invitados al congreso sobre traducci\u00f3n en Puerto Esfinge se enfrentar\u00e1n a la interpretaci\u00f3n de estos signos, y ver\u00e1n convertidos en realidad sus sue\u00f1os m\u00e1s inconfesados: el estudio y la pasi\u00f3n por el lenguaje puede tener consecuencias tr\u00e1gicas. Miguel De Blast, traductor, casado, cuarenta a\u00f1os, detective y sospechoso a la vez, seguir\u00e1 las \u00fanicas huellas posibles: Cuando uno est\u00e1 pendiente de una mujer, descuida el resto del mundo. Esa mujer es Ana, que ha llegado al congreso junto con Naum, un c\u00e9lebre ling\u00fcista. Quince a\u00f1os atr\u00e1s De Blast amaba a Ana; quince a\u00f1os atr\u00e1s, \u00e9l y Naum eran colegas y rivales. Ahora el amor es la excusa perfecta para el odio.<\/p>\n","protected":false},"excerpt":{"rendered":"<p>Una ciudad fantasma de la costa argentina. Un lugar devastado, casi abstracto, donde mueren lobos marinos a causa de una misteriosa epidemia, y donde tienen lugar otras muertes m\u00e1s oscuras: todos los cad\u00e1veres cerca del agua, con una moneda de n\u00edquel fuera de circulaci\u00f3n bajo la lengua. Como por una iron\u00eda del destino, los invitados [&hellip;]<\/p>\n","protected":false},"featured_media":4556,"template":"","meta":[],"product_brand":[],"product_cat":[25],"product_tag":[54,607,45,604],"class_list":{"0":"post-4570","1":"product","2":"type-product","3":"status-publish","4":"has-post-thumbnail","6":"product_cat-libros-digitales-ebooks","7":"product_tag-descargar-ebook","8":"product_tag-la-traduccion","9":"product_tag-mejor-novela","10":"product_tag-pablo-de-santis","12":"first","13":"instock","14":"shipping-taxable","15":"purchasable","16":"product-type-variable","17":"has-default-attributes"},"_links":{"self":[{"href":"https:\/\/www.taller-palabras.com\/WordPress_04\/wp-json\/wp\/v2\/product\/4570","targetHints":{"allow":["GET"]}}],"collection":[{"href":"https:\/\/www.taller-palabras.com\/WordPress_04\/wp-json\/wp\/v2\/product"}],"about":[{"href":"https:\/\/www.taller-palabras.com\/WordPress_04\/wp-json\/wp\/v2\/types\/product"}],"wp:featuredmedia":[{"embeddable":true,"href":"https:\/\/www.taller-palabras.com\/WordPress_04\/wp-json\/wp\/v2\/media\/4556"}],"wp:attachment":[{"href":"https:\/\/www.taller-palabras.com\/WordPress_04\/wp-json\/wp\/v2\/media?parent=4570"}],"wp:term":[{"taxonomy":"product_brand","embeddable":true,"href":"https:\/\/www.taller-palabras.com\/WordPress_04\/wp-json\/wp\/v2\/product_brand?post=4570"},{"taxonomy":"product_cat","embeddable":true,"href":"https:\/\/www.taller-palabras.com\/WordPress_04\/wp-json\/wp\/v2\/product_cat?post=4570"},{"taxonomy":"product_tag","embeddable":true,"href":"https:\/\/www.taller-palabras.com\/WordPress_04\/wp-json\/wp\/v2\/product_tag?post=4570"}],"curies":[{"name":"wp","href":"https:\/\/api.w.org\/{rel}","templated":true}]}}