{"id":4627,"date":"2021-11-10T11:03:28","date_gmt":"2021-11-10T14:03:28","guid":{"rendered":"https:\/\/www.taller-palabras.com\/WordPress_04\/?post_type=product&#038;p=4627"},"modified":"2026-03-31T12:15:57","modified_gmt":"2026-03-31T15:15:57","slug":"el-aleph-jorge-luis-borges-ebook","status":"publish","type":"product","link":"https:\/\/www.taller-palabras.com\/WordPress_04\/producto\/el-aleph-jorge-luis-borges-ebook","title":{"rendered":"El Aleph &#8211; Jorge Luis Borges \/ebook)"},"content":{"rendered":"<figure id=\"attachment_2902\" aria-describedby=\"caption-attachment-2902\" style=\"width: 150px\" class=\"wp-caption alignleft\"><img loading=\"lazy\" decoding=\"async\" class=\"wp-image-2902 size-thumbnail\" src=\"https:\/\/www.taller-palabras.com\/WordPress_04\/wp-content\/uploads\/2020\/12\/JorgeLuisBorges-150x150.jpg\" alt=\"\" width=\"150\" height=\"150\" srcset=\"https:\/\/www.taller-palabras.com\/WordPress_04\/wp-content\/uploads\/2020\/12\/JorgeLuisBorges-150x150.jpg 150w, https:\/\/www.taller-palabras.com\/WordPress_04\/wp-content\/uploads\/2020\/12\/JorgeLuisBorges-100x100.jpg 100w\" sizes=\"auto, (max-width: 150px) 100vw, 150px\" \/><figcaption id=\"caption-attachment-2902\" class=\"wp-caption-text\">Autor Jorge Luis Borges<\/figcaption><\/figure>\n<p>La ceguera de Borges, aunque pocos lo sepan, fue el precio que tuvo que pagar por haber escrito el Aleph. Los dioses no nos permiten tenerlo todo y Borges que con su erudici\u00f3n casi lleg\u00f3 a usurpar aqu\u00ed en la tierra el puesto que le corresponde a quienes est\u00e1n en los cielos, se le fue arrojado un velo al igual que a los hombres de ma\u00edz en el Popol Vuh. Pero Borges, cual Huddini que escapa de los destinos impuestos por la divinidad y se evade de la condena manteniendo la vista fija en el Aleph.<br \/>\n\u00c9ste es un libro compuesto por cuentos. Cada cuento es una recreaci\u00f3n del tiempo y el espacio a la manera Borgiana a trav\u00e9s de verdades inmutables y medias verdades imperecederas. Con \u00e9ste libro Borges demuestra ser el tigre que se pasea dentro del laberinto.<\/p>\n","protected":false},"excerpt":{"rendered":"<p>La ceguera de Borges, aunque pocos lo sepan, fue el precio que tuvo que pagar por haber escrito el Aleph. Los dioses no nos permiten tenerlo todo y Borges que con su erudici\u00f3n casi lleg\u00f3 a usurpar aqu\u00ed en la tierra el puesto que le corresponde a quienes est\u00e1n en los cielos, se le fue [&hellip;]<\/p>\n","protected":false},"featured_media":4634,"template":"","meta":[],"product_brand":[1706],"product_cat":[25],"product_tag":[54,618,346,225],"class_list":{"0":"post-4627","1":"product","2":"type-product","3":"status-publish","4":"has-post-thumbnail","6":"product_brand-grupo1","7":"product_cat-libros-digitales-ebooks","8":"product_tag-descargar-ebook","9":"product_tag-el-aleph","10":"product_tag-jorge-luis-borges","11":"product_tag-mejores-novelas","13":"first","14":"instock","15":"shipping-taxable","16":"purchasable","17":"product-type-variable","18":"has-default-attributes"},"_links":{"self":[{"href":"https:\/\/www.taller-palabras.com\/WordPress_04\/wp-json\/wp\/v2\/product\/4627","targetHints":{"allow":["GET"]}}],"collection":[{"href":"https:\/\/www.taller-palabras.com\/WordPress_04\/wp-json\/wp\/v2\/product"}],"about":[{"href":"https:\/\/www.taller-palabras.com\/WordPress_04\/wp-json\/wp\/v2\/types\/product"}],"wp:featuredmedia":[{"embeddable":true,"href":"https:\/\/www.taller-palabras.com\/WordPress_04\/wp-json\/wp\/v2\/media\/4634"}],"wp:attachment":[{"href":"https:\/\/www.taller-palabras.com\/WordPress_04\/wp-json\/wp\/v2\/media?parent=4627"}],"wp:term":[{"taxonomy":"product_brand","embeddable":true,"href":"https:\/\/www.taller-palabras.com\/WordPress_04\/wp-json\/wp\/v2\/product_brand?post=4627"},{"taxonomy":"product_cat","embeddable":true,"href":"https:\/\/www.taller-palabras.com\/WordPress_04\/wp-json\/wp\/v2\/product_cat?post=4627"},{"taxonomy":"product_tag","embeddable":true,"href":"https:\/\/www.taller-palabras.com\/WordPress_04\/wp-json\/wp\/v2\/product_tag?post=4627"}],"curies":[{"name":"wp","href":"https:\/\/api.w.org\/{rel}","templated":true}]}}