{"id":4709,"date":"2021-11-22T12:11:19","date_gmt":"2021-11-22T15:11:19","guid":{"rendered":"https:\/\/www.taller-palabras.com\/WordPress_04\/?post_type=product&#038;p=4709"},"modified":"2026-03-31T12:15:51","modified_gmt":"2026-03-31T15:15:51","slug":"el-hacedor-jorge-luis-borges-ebook","status":"publish","type":"product","link":"https:\/\/www.taller-palabras.com\/WordPress_04\/producto\/el-hacedor-jorge-luis-borges-ebook","title":{"rendered":"El hacedor &#8211; Jorge Luis Borges \/ebook)"},"content":{"rendered":"<figure id=\"attachment_2902\" aria-describedby=\"caption-attachment-2902\" style=\"width: 150px\" class=\"wp-caption alignleft\"><img loading=\"lazy\" decoding=\"async\" class=\"wp-image-2902 size-thumbnail\" src=\"https:\/\/www.taller-palabras.com\/WordPress_04\/wp-content\/uploads\/2020\/12\/JorgeLuisBorges-150x150.jpg\" alt=\"\" width=\"150\" height=\"150\" srcset=\"https:\/\/www.taller-palabras.com\/WordPress_04\/wp-content\/uploads\/2020\/12\/JorgeLuisBorges-150x150.jpg 150w, https:\/\/www.taller-palabras.com\/WordPress_04\/wp-content\/uploads\/2020\/12\/JorgeLuisBorges-100x100.jpg 100w\" sizes=\"auto, (max-width: 150px) 100vw, 150px\" \/><figcaption id=\"caption-attachment-2902\" class=\"wp-caption-text\">Autor Jorge Luis Borges<\/figcaption><\/figure>\n<p>Caracterizan las p\u00e1ginas de El hacedor el cruce de g\u00e9neros (relatos, ensayos y poemas) y la diversidad tem\u00e1tica. Homero y Dante alternan con Rosas y Facundo; la fantas\u00eda que inventa laberintos in\u00e9ditos, con la cr\u00f3nica de sucesos aparentemente triviales pero cargados de insospechadas significaciones; el particularismo criollo, con la universalidad hist\u00f3rica que abarca tanto la simbolog\u00eda oriental como la cultura europea. \u00abDe cuantos libros he entregado a la imprenta \u2014escribi\u00f3 el propio Jorge Luis Borges\u2014 ninguno, creo, es tan personal como esta colectiva y desordenada silva de varia lecci\u00f3n.\u00bb<\/p>\n","protected":false},"excerpt":{"rendered":"<p>Caracterizan las p\u00e1ginas de El hacedor el cruce de g\u00e9neros (relatos, ensayos y poemas) y la diversidad tem\u00e1tica. Homero y Dante alternan con Rosas y Facundo; la fantas\u00eda que inventa laberintos in\u00e9ditos, con la cr\u00f3nica de sucesos aparentemente triviales pero cargados de insospechadas significaciones; el particularismo criollo, con la universalidad hist\u00f3rica que abarca tanto la [&hellip;]<\/p>\n","protected":false},"featured_media":4715,"template":"","meta":[],"product_brand":[1706],"product_cat":[25],"product_tag":[54,630,346,225],"class_list":{"0":"post-4709","1":"product","2":"type-product","3":"status-publish","4":"has-post-thumbnail","6":"product_brand-grupo1","7":"product_cat-libros-digitales-ebooks","8":"product_tag-descargar-ebook","9":"product_tag-el-hacedor","10":"product_tag-jorge-luis-borges","11":"product_tag-mejores-novelas","13":"first","14":"instock","15":"shipping-taxable","16":"purchasable","17":"product-type-variable","18":"has-default-attributes"},"_links":{"self":[{"href":"https:\/\/www.taller-palabras.com\/WordPress_04\/wp-json\/wp\/v2\/product\/4709","targetHints":{"allow":["GET"]}}],"collection":[{"href":"https:\/\/www.taller-palabras.com\/WordPress_04\/wp-json\/wp\/v2\/product"}],"about":[{"href":"https:\/\/www.taller-palabras.com\/WordPress_04\/wp-json\/wp\/v2\/types\/product"}],"wp:featuredmedia":[{"embeddable":true,"href":"https:\/\/www.taller-palabras.com\/WordPress_04\/wp-json\/wp\/v2\/media\/4715"}],"wp:attachment":[{"href":"https:\/\/www.taller-palabras.com\/WordPress_04\/wp-json\/wp\/v2\/media?parent=4709"}],"wp:term":[{"taxonomy":"product_brand","embeddable":true,"href":"https:\/\/www.taller-palabras.com\/WordPress_04\/wp-json\/wp\/v2\/product_brand?post=4709"},{"taxonomy":"product_cat","embeddable":true,"href":"https:\/\/www.taller-palabras.com\/WordPress_04\/wp-json\/wp\/v2\/product_cat?post=4709"},{"taxonomy":"product_tag","embeddable":true,"href":"https:\/\/www.taller-palabras.com\/WordPress_04\/wp-json\/wp\/v2\/product_tag?post=4709"}],"curies":[{"name":"wp","href":"https:\/\/api.w.org\/{rel}","templated":true}]}}