{"id":4734,"date":"2021-11-23T12:52:55","date_gmt":"2021-11-23T15:52:55","guid":{"rendered":"https:\/\/www.taller-palabras.com\/WordPress_04\/?post_type=product&#038;p=4734"},"modified":"2024-05-14T16:36:23","modified_gmt":"2024-05-14T19:36:23","slug":"la-carretera-cormac-mccarthy-ebook","status":"publish","type":"product","link":"https:\/\/www.taller-palabras.com\/WordPress_04\/producto\/la-carretera-cormac-mccarthy-ebook","title":{"rendered":"La carretera &#8211; Cormac McCarthy \/ebook)"},"content":{"rendered":"<figure id=\"attachment_4741\" aria-describedby=\"caption-attachment-4741\" style=\"width: 150px\" class=\"wp-caption alignleft\"><img loading=\"lazy\" decoding=\"async\" class=\"wp-image-4741 size-thumbnail\" src=\"https:\/\/www.taller-palabras.com\/WordPress_04\/wp-content\/uploads\/2021\/11\/ComarcaMcCarthy-150x150.jpg\" alt=\"\" width=\"150\" height=\"150\" srcset=\"https:\/\/www.taller-palabras.com\/WordPress_04\/wp-content\/uploads\/2021\/11\/ComarcaMcCarthy-150x150.jpg 150w, https:\/\/www.taller-palabras.com\/WordPress_04\/wp-content\/uploads\/2021\/11\/ComarcaMcCarthy-100x100.jpg 100w\" sizes=\"auto, (max-width: 150px) 100vw, 150px\" \/><figcaption id=\"caption-attachment-4741\" class=\"wp-caption-text\">Autor Cormac Mc Carthy<\/figcaption><\/figure>\n<p>La carretera, novela galardonada con el premio Pulitzer 2007 y best seller literario del a\u00f1o en Estados Unidos, transcurre en la inmensidad del territorio norteamericano, un paisaje literalmente quemado por lo que parece haber sido un reciente holocausto nuclear. Un padre trata de salvar a su hijo emprendiendo un viaje con \u00e9l. Rodeados de un paisaje bald\u00edo, amenazados por bandas de can\u00edbales, empujando un carrito de la compra donde guardan sus escasas pertenencias, recorren los lugares donde el padre pas\u00f3 una infancia recordada a veces en forma de breves bocetos del para\u00edso perdido, y avanzan hacia el sur, hacia el mar, huyendo de un fr\u00edo \u00abcapaz de romper las rocas\u00bb.<\/p>\n","protected":false},"excerpt":{"rendered":"<p>La carretera, novela galardonada con el premio Pulitzer 2007 y best seller literario del a\u00f1o en Estados Unidos, transcurre en la inmensidad del territorio norteamericano, un paisaje literalmente quemado por lo que parece haber sido un reciente holocausto nuclear. Un padre trata de salvar a su hijo emprendiendo un viaje con \u00e9l. Rodeados de un [&hellip;]<\/p>\n","protected":false},"featured_media":4740,"template":"","meta":[],"product_brand":[],"product_cat":[25],"product_tag":[634,54,635,225],"class_list":{"0":"post-4734","1":"product","2":"type-product","3":"status-publish","4":"has-post-thumbnail","6":"product_cat-libros-digitales-ebooks","7":"product_tag-cormac-mccarthy","8":"product_tag-descargar-ebook","9":"product_tag-la-carretera","10":"product_tag-mejores-novelas","12":"first","13":"instock","14":"shipping-taxable","15":"purchasable","16":"product-type-variable","17":"has-default-attributes"},"_links":{"self":[{"href":"https:\/\/www.taller-palabras.com\/WordPress_04\/wp-json\/wp\/v2\/product\/4734","targetHints":{"allow":["GET"]}}],"collection":[{"href":"https:\/\/www.taller-palabras.com\/WordPress_04\/wp-json\/wp\/v2\/product"}],"about":[{"href":"https:\/\/www.taller-palabras.com\/WordPress_04\/wp-json\/wp\/v2\/types\/product"}],"wp:featuredmedia":[{"embeddable":true,"href":"https:\/\/www.taller-palabras.com\/WordPress_04\/wp-json\/wp\/v2\/media\/4740"}],"wp:attachment":[{"href":"https:\/\/www.taller-palabras.com\/WordPress_04\/wp-json\/wp\/v2\/media?parent=4734"}],"wp:term":[{"taxonomy":"product_brand","embeddable":true,"href":"https:\/\/www.taller-palabras.com\/WordPress_04\/wp-json\/wp\/v2\/product_brand?post=4734"},{"taxonomy":"product_cat","embeddable":true,"href":"https:\/\/www.taller-palabras.com\/WordPress_04\/wp-json\/wp\/v2\/product_cat?post=4734"},{"taxonomy":"product_tag","embeddable":true,"href":"https:\/\/www.taller-palabras.com\/WordPress_04\/wp-json\/wp\/v2\/product_tag?post=4734"}],"curies":[{"name":"wp","href":"https:\/\/api.w.org\/{rel}","templated":true}]}}