{"id":4829,"date":"2019-03-22T12:06:37","date_gmt":"2019-03-22T15:06:37","guid":{"rendered":"https:\/\/www.taller-palabras.com\/WordPress_04\/?post_type=product&#038;p=4829"},"modified":"2025-05-18T13:47:43","modified_gmt":"2025-05-18T16:47:43","slug":"la-madre-de-frankenstein-5-almudena-grandes-ebook","status":"publish","type":"product","link":"https:\/\/www.taller-palabras.com\/WordPress_04\/producto\/la-madre-de-frankenstein-5-almudena-grandes-ebook","title":{"rendered":"La madre de Frankenstein (5) &#8211; Almudena Grandes \/ebook"},"content":{"rendered":"<figure id=\"attachment_457\" aria-describedby=\"caption-attachment-457\" style=\"width: 150px\" class=\"wp-caption alignleft\"><img loading=\"lazy\" decoding=\"async\" class=\"wp-image-457 size-thumbnail\" src=\"https:\/\/www.taller-palabras.com\/WordPress_04\/wp-content\/uploads\/2019\/03\/almudenagrandes-150x150.jpg\" alt=\"\" width=\"150\" height=\"150\" srcset=\"https:\/\/www.taller-palabras.com\/WordPress_04\/wp-content\/uploads\/2019\/03\/almudenagrandes-150x150.jpg 150w, https:\/\/www.taller-palabras.com\/WordPress_04\/wp-content\/uploads\/2019\/03\/almudenagrandes-300x300.jpg 300w, https:\/\/www.taller-palabras.com\/WordPress_04\/wp-content\/uploads\/2019\/03\/almudenagrandes-324x324.jpg 324w, https:\/\/www.taller-palabras.com\/WordPress_04\/wp-content\/uploads\/2019\/03\/almudenagrandes-100x100.jpg 100w, https:\/\/www.taller-palabras.com\/WordPress_04\/wp-content\/uploads\/2019\/03\/almudenagrandes.jpg 400w\" sizes=\"auto, (max-width: 150px) 100vw, 150px\" \/><figcaption id=\"caption-attachment-457\" class=\"wp-caption-text\">Autora Almudena Grandes<\/figcaption><\/figure>\n<p>Finales de los a\u00f1os 50 en Espa\u00f1a; al sur de Madrid, en Ciempozuelos, un manicomio femenino regentado por las monjas del Sagrado Coraz\u00f3n de Jes\u00fas. All\u00ed vive recluida una interna esquizofr\u00e9nica, Aurora Rodr\u00edguez Carballeira, un personaje estrafalario que consigue asombrar a las monjas, a las internas y a las limpiadoras en cuanto se arranca a tocar el piano. Una de las asistentas, Mar\u00eda, una joven a la que do\u00f1a Aurora ha ense\u00f1ado a leer, le guarda absoluta lealtad por lo mucho que ha aprendido con ella.<br \/>\nA ese lugar ir\u00e1 destinado el doctor Germ\u00e1n Vel\u00e1zquez, formado en Ginebra, que ha regresado a Espa\u00f1a por varios asuntos pendientes. Germ\u00e1n va a descubrir c\u00f3mo el microcosmos del manicomio es en realidad un reflejo de las condiciones de represi\u00f3n en las que est\u00e1n viviendo los espa\u00f1oles durante la dictadura. All\u00ed comprueba que el puritanismo permite los abusos, y que las leyes est\u00e1n hechas para ocultar los atropellos. Y en ese contexto surge una improbable historia de amor, que ser\u00e1 en realidad una inolvidable historia de redenci\u00f3n.<\/p>\n","protected":false},"excerpt":{"rendered":"<p>Finales de los a\u00f1os 50 en Espa\u00f1a; al sur de Madrid, en Ciempozuelos, un manicomio femenino regentado por las monjas del Sagrado Coraz\u00f3n de Jes\u00fas. All\u00ed vive recluida una interna esquizofr\u00e9nica, Aurora Rodr\u00edguez Carballeira, un personaje estrafalario que consigue asombrar a las monjas, a las internas y a las limpiadoras en cuanto se arranca a [&hellip;]<\/p>\n","protected":false},"featured_media":4826,"template":"","meta":[],"product_brand":[],"product_cat":[25],"product_tag":[148,136,646,55],"class_list":{"0":"post-4829","1":"product","2":"type-product","3":"status-publish","4":"has-post-thumbnail","6":"product_cat-libros-digitales-ebooks","7":"product_tag-almudena-grandes","8":"product_tag-decargar-ebook","9":"product_tag-la-madre-de-frankenstein","10":"product_tag-novelas","12":"first","13":"instock","14":"shipping-taxable","15":"purchasable","16":"product-type-variable","17":"has-default-attributes"},"_links":{"self":[{"href":"https:\/\/www.taller-palabras.com\/WordPress_04\/wp-json\/wp\/v2\/product\/4829","targetHints":{"allow":["GET"]}}],"collection":[{"href":"https:\/\/www.taller-palabras.com\/WordPress_04\/wp-json\/wp\/v2\/product"}],"about":[{"href":"https:\/\/www.taller-palabras.com\/WordPress_04\/wp-json\/wp\/v2\/types\/product"}],"wp:featuredmedia":[{"embeddable":true,"href":"https:\/\/www.taller-palabras.com\/WordPress_04\/wp-json\/wp\/v2\/media\/4826"}],"wp:attachment":[{"href":"https:\/\/www.taller-palabras.com\/WordPress_04\/wp-json\/wp\/v2\/media?parent=4829"}],"wp:term":[{"taxonomy":"product_brand","embeddable":true,"href":"https:\/\/www.taller-palabras.com\/WordPress_04\/wp-json\/wp\/v2\/product_brand?post=4829"},{"taxonomy":"product_cat","embeddable":true,"href":"https:\/\/www.taller-palabras.com\/WordPress_04\/wp-json\/wp\/v2\/product_cat?post=4829"},{"taxonomy":"product_tag","embeddable":true,"href":"https:\/\/www.taller-palabras.com\/WordPress_04\/wp-json\/wp\/v2\/product_tag?post=4829"}],"curies":[{"name":"wp","href":"https:\/\/api.w.org\/{rel}","templated":true}]}}

<figure id="attachment_457" aria-describedby="caption-attachment-457" style="width: 150px" class="wp-caption alignleft"><img loading="lazy" decoding="async" class="wp-image-457 size-thumbnail" src="https://www.taller-palabras.com/WordPress_04/wp-content/uploads/2019/03/almudenagrandes-150x150.jpg" alt="" width="150" height="150" srcset="https://www.taller-palabras.com/WordPress_04/wp-content/uploads/2019/03/almudenagrandes-150x150.jpg 150w, https://www.taller-palabras.com/WordPress_04/wp-content/uploads/2019/03/almudenagrandes-300x300.jpg 300w, https://www.taller-palabras.com/WordPress_04/wp-content/uploads/2019/03/almudenagrandes-324x324.jpg 324w, https://www.taller-palabras.com/WordPress_04/wp-content/uploads/2019/03/almudenagrandes-100x100.jpg 100w, https://www.taller-palabras.com/WordPress_04/wp-content/uploads/2019/03/almudenagrandes.jpg 400w" sizes="auto, (max-width: 150px) 100vw, 150px" /><figcaption id="caption-attachment-457" class="wp-caption-text">Autora Almudena Grandes</figcaption></figure>
<p>Finales de los años 50 en España; al sur de Madrid, en Ciempozuelos, un manicomio femenino regentado por las monjas del Sagrado Corazón de Jesús. Allí vive recluida una interna esquizofrénica, Aurora Rodríguez Carballeira, un personaje estrafalario que consigue asombrar a las monjas, a las internas y a las limpiadoras en cuanto se arranca a tocar el piano. Una de las asistentas, María, una joven a la que doña Aurora ha enseñado a leer, le guarda absoluta lealtad por lo mucho que ha aprendido con ella.<br />
A ese lugar irá destinado el doctor Germán Velázquez, formado en Ginebra, que ha regresado a España por varios asuntos pendientes. Germán va a descubrir cómo el microcosmos del manicomio es en realidad un reflejo de las condiciones de represión en las que están viviendo los españoles durante la dictadura. Allí comprueba que el puritanismo permite los abusos, y que las leyes están hechas para ocultar los atropellos. Y en ese contexto surge una improbable historia de amor, que será en realidad una inolvidable historia de redención.</p>

<p>Finales de los años 50 en España; al sur de Madrid, en Ciempozuelos, un manicomio femenino regentado por las monjas del Sagrado Corazón de Jesús. Allí vive recluida una interna esquizofrénica, Aurora Rodríguez Carballeira, un personaje estrafalario que consigue asombrar a las monjas, a las internas y a las limpiadoras en cuanto se arranca a [&hellip;]</p>
