{"id":4834,"date":"2019-01-08T13:28:36","date_gmt":"2019-01-08T16:28:36","guid":{"rendered":"https:\/\/www.taller-palabras.com\/WordPress_04\/?post_type=product&#038;p=4834"},"modified":"2023-10-03T13:47:22","modified_gmt":"2023-10-03T16:47:22","slug":"malena-es-un-nombre-de-tango-almudena-grandes-ebook","status":"publish","type":"product","link":"https:\/\/www.taller-palabras.com\/WordPress_04\/producto\/malena-es-un-nombre-de-tango-almudena-grandes-ebook","title":{"rendered":"Malena es un nombre de tango &#8211; Almudena Grandes \/ebook"},"content":{"rendered":"<figure id=\"attachment_457\" aria-describedby=\"caption-attachment-457\" style=\"width: 150px\" class=\"wp-caption alignleft\"><img loading=\"lazy\" decoding=\"async\" class=\"wp-image-457 size-thumbnail\" src=\"https:\/\/www.taller-palabras.com\/WordPress_04\/wp-content\/uploads\/2019\/03\/almudenagrandes-150x150.jpg\" alt=\"\" width=\"150\" height=\"150\" srcset=\"https:\/\/www.taller-palabras.com\/WordPress_04\/wp-content\/uploads\/2019\/03\/almudenagrandes-150x150.jpg 150w, https:\/\/www.taller-palabras.com\/WordPress_04\/wp-content\/uploads\/2019\/03\/almudenagrandes-300x300.jpg 300w, https:\/\/www.taller-palabras.com\/WordPress_04\/wp-content\/uploads\/2019\/03\/almudenagrandes-324x324.jpg 324w, https:\/\/www.taller-palabras.com\/WordPress_04\/wp-content\/uploads\/2019\/03\/almudenagrandes-100x100.jpg 100w, https:\/\/www.taller-palabras.com\/WordPress_04\/wp-content\/uploads\/2019\/03\/almudenagrandes.jpg 400w\" sizes=\"auto, (max-width: 150px) 100vw, 150px\" \/><figcaption id=\"caption-attachment-457\" class=\"wp-caption-text\">Autora Almudena Grandes<\/figcaption><\/figure>\n<p>Malena tiene doce a\u00f1os cuando recibe, sin raz\u00f3n, y sin derecho alguno, de manos de su abuelo el \u00faltimo tesoro que conserva la familia: una esmeralda antigua, sin tallar, de la que ella nunca podr\u00e1 hablar porque alg\u00fan d\u00eda le salvar\u00e1 la vida. A partir de entonces, esa ni\u00f1a desorientada y perpleja, que reza en silencio para volverse ni\u00f1o porque presiente que jam\u00e1s conseguir\u00e1 parecerse a su hermana melliza, Reina, la mujer perfecta, empieza a sospechar que no es la primera Fern\u00e1ndez de Alc\u00e1ntara incapaz de encontrar el lugar adecuado en el mundo que la rodea. Se propone entonces desenmara\u00f1ar el laberinto de secretos que late bajo la apacible piel de su familia, una ejemplar familia burguesa madrile\u00f1a. A la sombra de una vieja maldici\u00f3n, Malena aprende a mirarse, como en un espejo, en la memoria de quienes se creyeron malditos antes que ella y descubre, mientras va llegando a la madurez, un reflejo de sus miedos y de su amor en la sucesi\u00f3n de mujeres imperfectas que la precedieron. Y es que no hay otra maldici\u00f3n que la vida, ni otra culpa que atreverse a vivirla.<\/p>\n","protected":false},"excerpt":{"rendered":"<p>Malena tiene doce a\u00f1os cuando recibe, sin raz\u00f3n, y sin derecho alguno, de manos de su abuelo el \u00faltimo tesoro que conserva la familia: una esmeralda antigua, sin tallar, de la que ella nunca podr\u00e1 hablar porque alg\u00fan d\u00eda le salvar\u00e1 la vida. A partir de entonces, esa ni\u00f1a desorientada y perpleja, que reza en [&hellip;]<\/p>\n","protected":false},"featured_media":4841,"template":"","meta":[],"product_brand":[],"product_cat":[25],"product_tag":[148,136,647,55],"class_list":{"0":"post-4834","1":"product","2":"type-product","3":"status-publish","4":"has-post-thumbnail","6":"product_cat-libros-digitales-ebooks","7":"product_tag-almudena-grandes","8":"product_tag-decargar-ebook","9":"product_tag-malena-es-un-nombre-de-tango","10":"product_tag-novelas","12":"first","13":"instock","14":"shipping-taxable","15":"purchasable","16":"product-type-variable","17":"has-default-attributes"},"_links":{"self":[{"href":"https:\/\/www.taller-palabras.com\/WordPress_04\/wp-json\/wp\/v2\/product\/4834","targetHints":{"allow":["GET"]}}],"collection":[{"href":"https:\/\/www.taller-palabras.com\/WordPress_04\/wp-json\/wp\/v2\/product"}],"about":[{"href":"https:\/\/www.taller-palabras.com\/WordPress_04\/wp-json\/wp\/v2\/types\/product"}],"wp:featuredmedia":[{"embeddable":true,"href":"https:\/\/www.taller-palabras.com\/WordPress_04\/wp-json\/wp\/v2\/media\/4841"}],"wp:attachment":[{"href":"https:\/\/www.taller-palabras.com\/WordPress_04\/wp-json\/wp\/v2\/media?parent=4834"}],"wp:term":[{"taxonomy":"product_brand","embeddable":true,"href":"https:\/\/www.taller-palabras.com\/WordPress_04\/wp-json\/wp\/v2\/product_brand?post=4834"},{"taxonomy":"product_cat","embeddable":true,"href":"https:\/\/www.taller-palabras.com\/WordPress_04\/wp-json\/wp\/v2\/product_cat?post=4834"},{"taxonomy":"product_tag","embeddable":true,"href":"https:\/\/www.taller-palabras.com\/WordPress_04\/wp-json\/wp\/v2\/product_tag?post=4834"}],"curies":[{"name":"wp","href":"https:\/\/api.w.org\/{rel}","templated":true}]}}