{"id":4847,"date":"2021-11-30T12:14:34","date_gmt":"2021-11-30T15:14:34","guid":{"rendered":"https:\/\/www.taller-palabras.com\/WordPress_04\/?post_type=product&#038;p=4847"},"modified":"2024-05-24T12:33:29","modified_gmt":"2024-05-24T15:33:29","slug":"los-hijos-muertos-ana-maria-matute-ebook","status":"publish","type":"product","link":"https:\/\/www.taller-palabras.com\/WordPress_04\/producto\/los-hijos-muertos-ana-maria-matute-ebook","title":{"rendered":"Los hijos muertos &#8211; Ana Mar\u00eda Matute \/ebook"},"content":{"rendered":"<figure id=\"attachment_4851\" aria-describedby=\"caption-attachment-4851\" style=\"width: 150px\" class=\"wp-caption alignleft\"><img loading=\"lazy\" decoding=\"async\" class=\"wp-image-4851 size-thumbnail\" src=\"https:\/\/www.taller-palabras.com\/WordPress_04\/wp-content\/uploads\/2021\/11\/Ana-Maria-Matute-150x150.jpg\" alt=\"\" width=\"150\" height=\"150\" \/><figcaption id=\"caption-attachment-4851\" class=\"wp-caption-text\">Autora Ana Mar\u00eda Matute<\/figcaption><\/figure>\n<p>El asombro ante lo incomprensible, reflejo inconsciente de la infancia de la autora, es la superestructura tem\u00e1tica que da unidad y coherencia a toda la obra de Ana Mar\u00eda Matute. La injusticia, la fatalidad y el tiempo, en estrecha alianza, desintegran constantemente el mundo. Y la muerte act\u00faa como brochazo final y amenaza alzada, de modo permanente, sobre la vida. \u201cEn Los hijos muertos\u201d la tierra est\u00e1 amasada de capas superpuestas de muertos que proyectan su halo nefasto sobre los vivos. En esta gran novela, Ana Mar\u00eda Matute radiograf\u00eda la vida compleja y conflictiva de una naci\u00f3n escindida y desgarrada, para intentar comprender y penetrar en las causas \u00faltimas de la injusticia y el odio, que hacen inhabitable, en primer t\u00e9rmino, a Espa\u00f1a y, en \u00faltima instancia, al mundo. La conclusi\u00f3n que se desprende no puede ser m\u00e1s negativa y desalentadora: la injusticia y el odio y, por consiguiente, la infelicidad, reinar\u00e1n siempre en la tierra porque el mundo est\u00e1 mal hecho desde sus or\u00edgenes: el hombre es el ser m\u00e1s despose\u00eddo de la creaci\u00f3n porque sabe que tiene que morir y porque se da cuenta de su soledad y de su limitaci\u00f3n. Este pesimismo sin salida impulsa al hombre a aferrarse con todas sus fuerzas a la tierra, avasallando a los que est\u00e1n por debajo de \u00e9l: el fuerte siempre medra a expensas del d\u00e9bil.<\/p>\n","protected":false},"excerpt":{"rendered":"<p>El asombro ante lo incomprensible, reflejo inconsciente de la infancia de la autora, es la superestructura tem\u00e1tica que da unidad y coherencia a toda la obra de Ana Mar\u00eda Matute. La injusticia, la fatalidad y el tiempo, en estrecha alianza, desintegran constantemente el mundo. Y la muerte act\u00faa como brochazo final y amenaza alzada, de [&hellip;]<\/p>\n","protected":false},"featured_media":4852,"template":"","meta":[],"product_brand":[],"product_cat":[25],"product_tag":[650,54,651,225],"class_list":{"0":"post-4847","1":"product","2":"type-product","3":"status-publish","4":"has-post-thumbnail","6":"product_cat-libros-digitales-ebooks","7":"product_tag-ana-maria-matute","8":"product_tag-descargar-ebook","9":"product_tag-los-hijos-muertos","10":"product_tag-mejores-novelas","12":"first","13":"instock","14":"shipping-taxable","15":"purchasable","16":"product-type-variable","17":"has-default-attributes"},"_links":{"self":[{"href":"https:\/\/www.taller-palabras.com\/WordPress_04\/wp-json\/wp\/v2\/product\/4847","targetHints":{"allow":["GET"]}}],"collection":[{"href":"https:\/\/www.taller-palabras.com\/WordPress_04\/wp-json\/wp\/v2\/product"}],"about":[{"href":"https:\/\/www.taller-palabras.com\/WordPress_04\/wp-json\/wp\/v2\/types\/product"}],"wp:featuredmedia":[{"embeddable":true,"href":"https:\/\/www.taller-palabras.com\/WordPress_04\/wp-json\/wp\/v2\/media\/4852"}],"wp:attachment":[{"href":"https:\/\/www.taller-palabras.com\/WordPress_04\/wp-json\/wp\/v2\/media?parent=4847"}],"wp:term":[{"taxonomy":"product_brand","embeddable":true,"href":"https:\/\/www.taller-palabras.com\/WordPress_04\/wp-json\/wp\/v2\/product_brand?post=4847"},{"taxonomy":"product_cat","embeddable":true,"href":"https:\/\/www.taller-palabras.com\/WordPress_04\/wp-json\/wp\/v2\/product_cat?post=4847"},{"taxonomy":"product_tag","embeddable":true,"href":"https:\/\/www.taller-palabras.com\/WordPress_04\/wp-json\/wp\/v2\/product_tag?post=4847"}],"curies":[{"name":"wp","href":"https:\/\/api.w.org\/{rel}","templated":true}]}}

Los hijos muertos &#8211; Ana María Matute /ebook

<figure id="attachment_4851" aria-describedby="caption-attachment-4851" style="width: 150px" class="wp-caption alignleft"><img loading="lazy" decoding="async" class="wp-image-4851 size-thumbnail" src="https://www.taller-palabras.com/WordPress_04/wp-content/uploads/2021/11/Ana-Maria-Matute-150x150.jpg" alt="" width="150" height="150" /><figcaption id="caption-attachment-4851" class="wp-caption-text">Autora Ana María Matute</figcaption></figure>
<p>El asombro ante lo incomprensible, reflejo inconsciente de la infancia de la autora, es la superestructura temática que da unidad y coherencia a toda la obra de Ana María Matute. La injusticia, la fatalidad y el tiempo, en estrecha alianza, desintegran constantemente el mundo. Y la muerte actúa como brochazo final y amenaza alzada, de modo permanente, sobre la vida. “En Los hijos muertos” la tierra está amasada de capas superpuestas de muertos que proyectan su halo nefasto sobre los vivos. En esta gran novela, Ana María Matute radiografía la vida compleja y conflictiva de una nación escindida y desgarrada, para intentar comprender y penetrar en las causas últimas de la injusticia y el odio, que hacen inhabitable, en primer término, a España y, en última instancia, al mundo. La conclusión que se desprende no puede ser más negativa y desalentadora: la injusticia y el odio y, por consiguiente, la infelicidad, reinarán siempre en la tierra porque el mundo está mal hecho desde sus orígenes: el hombre es el ser más desposeído de la creación porque sabe que tiene que morir y porque se da cuenta de su soledad y de su limitación. Este pesimismo sin salida impulsa al hombre a aferrarse con todas sus fuerzas a la tierra, avasallando a los que están por debajo de él: el fuerte siempre medra a expensas del débil.</p>

<p>El asombro ante lo incomprensible, reflejo inconsciente de la infancia de la autora, es la superestructura temática que da unidad y coherencia a toda la obra de Ana María Matute. La injusticia, la fatalidad y el tiempo, en estrecha alianza, desintegran constantemente el mundo. Y la muerte actúa como brochazo final y amenaza alzada, de [&hellip;]</p>
