{"id":4931,"date":"2021-12-15T12:35:34","date_gmt":"2021-12-15T15:35:34","guid":{"rendered":"https:\/\/www.taller-palabras.com\/WordPress_04\/?post_type=product&#038;p=4931"},"modified":"2024-05-28T12:49:26","modified_gmt":"2024-05-28T15:49:26","slug":"vestido-para-la-muerte-donna-leon-ebook","status":"publish","type":"product","link":"https:\/\/www.taller-palabras.com\/WordPress_04\/producto\/vestido-para-la-muerte-donna-leon-ebook","title":{"rendered":"Vestido para la muerte (3) &#8211; Donna Leon \/ebook"},"content":{"rendered":"<figure id=\"attachment_4937\" aria-describedby=\"caption-attachment-4937\" style=\"width: 150px\" class=\"wp-caption alignleft\"><img loading=\"lazy\" decoding=\"async\" class=\"wp-image-4937 size-thumbnail\" src=\"https:\/\/www.taller-palabras.com\/WordPress_04\/wp-content\/uploads\/2021\/12\/DonnaLeon-150x150.jpg\" alt=\"\" width=\"150\" height=\"150\" srcset=\"https:\/\/www.taller-palabras.com\/WordPress_04\/wp-content\/uploads\/2021\/12\/DonnaLeon-150x150.jpg 150w, https:\/\/www.taller-palabras.com\/WordPress_04\/wp-content\/uploads\/2021\/12\/DonnaLeon-100x100.jpg 100w\" sizes=\"auto, (max-width: 150px) 100vw, 150px\" \/><figcaption id=\"caption-attachment-4937\" class=\"wp-caption-text\">Autora Donna Leon<\/figcaption><\/figure>\n<p>Un travesti ha sido asesinado y su cuerpo aparece con el rostro desfigurado. Quiz\u00e1 otra v\u00edctima an\u00f3nima para el registro de cr\u00edmenes sin resolver. Pero el comisario veneciano Guido Brunetti, obedeciendo a su infalible instinto, descubre que ese hombre vestido de mujer es Leonardo Mascari, director del Banco de Verona y respetable ciudadano en Venecia. Podr\u00eda ser un simple caso de doble vida, pero los indicios delatan que hay algo m\u00e1s en esta nueva e intrigante historia de Donna Leon. Su personaje, el comisario Brunetti, considerado por la cr\u00edtica como \u00abel heredero del Maigret de Simenon\u00bb y \u00abel comisario con mayor carisma\u00bb de este g\u00e9nero literario, encuentra a un abogado del Vaticano y activo miembro de la Lega della Moralit\u00e0 \u2014asociaci\u00f3n destinada a perpetuar la fe, la familia y las virtudes morales\u2014 en el apartamento de un chapero llamado Crespo. Y poco a poco se enfrenta a una trama en la que est\u00e1n implicados los niveles m\u00e1s altos del mundo financiero, gubernamental y eclesi\u00e1stico.<\/p>\n","protected":false},"excerpt":{"rendered":"<p>Un travesti ha sido asesinado y su cuerpo aparece con el rostro desfigurado. Quiz\u00e1 otra v\u00edctima an\u00f3nima para el registro de cr\u00edmenes sin resolver. Pero el comisario veneciano Guido Brunetti, obedeciendo a su infalible instinto, descubre que ese hombre vestido de mujer es Leonardo Mascari, director del Banco de Verona y respetable ciudadano en Venecia. [&hellip;]<\/p>\n","protected":false},"featured_media":4953,"template":"","meta":[],"product_brand":[],"product_cat":[25],"product_tag":[54,665,225,666],"class_list":{"0":"post-4931","1":"product","2":"type-product","3":"status-publish","4":"has-post-thumbnail","6":"product_cat-libros-digitales-ebooks","7":"product_tag-descargar-ebook","8":"product_tag-donna-leon","9":"product_tag-mejores-novelas","10":"product_tag-vestido-para-la-muerte","12":"first","13":"instock","14":"shipping-taxable","15":"purchasable","16":"product-type-variable","17":"has-default-attributes"},"_links":{"self":[{"href":"https:\/\/www.taller-palabras.com\/WordPress_04\/wp-json\/wp\/v2\/product\/4931","targetHints":{"allow":["GET"]}}],"collection":[{"href":"https:\/\/www.taller-palabras.com\/WordPress_04\/wp-json\/wp\/v2\/product"}],"about":[{"href":"https:\/\/www.taller-palabras.com\/WordPress_04\/wp-json\/wp\/v2\/types\/product"}],"wp:featuredmedia":[{"embeddable":true,"href":"https:\/\/www.taller-palabras.com\/WordPress_04\/wp-json\/wp\/v2\/media\/4953"}],"wp:attachment":[{"href":"https:\/\/www.taller-palabras.com\/WordPress_04\/wp-json\/wp\/v2\/media?parent=4931"}],"wp:term":[{"taxonomy":"product_brand","embeddable":true,"href":"https:\/\/www.taller-palabras.com\/WordPress_04\/wp-json\/wp\/v2\/product_brand?post=4931"},{"taxonomy":"product_cat","embeddable":true,"href":"https:\/\/www.taller-palabras.com\/WordPress_04\/wp-json\/wp\/v2\/product_cat?post=4931"},{"taxonomy":"product_tag","embeddable":true,"href":"https:\/\/www.taller-palabras.com\/WordPress_04\/wp-json\/wp\/v2\/product_tag?post=4931"}],"curies":[{"name":"wp","href":"https:\/\/api.w.org\/{rel}","templated":true}]}}