{"id":496,"date":"2019-03-22T16:59:59","date_gmt":"2019-03-22T19:59:59","guid":{"rendered":"https:\/\/www.taller-palabras.com\/WordPress_04\/?post_type=product&#038;p=496"},"modified":"2023-10-04T13:48:50","modified_gmt":"2023-10-04T16:48:50","slug":"el-lector-de-julio-verne-almudena-grandes-ebook","status":"publish","type":"product","link":"https:\/\/www.taller-palabras.com\/WordPress_04\/producto\/el-lector-de-julio-verne-almudena-grandes-ebook","title":{"rendered":"El lector de Julio Verne (2) &#8211; Almudena Grandes  \/ebook"},"content":{"rendered":"<figure id=\"attachment_457\" aria-describedby=\"caption-attachment-457\" style=\"width: 150px\" class=\"wp-caption alignleft\"><img loading=\"lazy\" decoding=\"async\" class=\"wp-image-457 size-thumbnail\" src=\"https:\/\/www.taller-palabras.com\/WordPress_04\/wp-content\/uploads\/2019\/03\/almudenagrandes-150x150.jpg\" alt=\"\" width=\"150\" height=\"150\" srcset=\"https:\/\/www.taller-palabras.com\/WordPress_04\/wp-content\/uploads\/2019\/03\/almudenagrandes-150x150.jpg 150w, https:\/\/www.taller-palabras.com\/WordPress_04\/wp-content\/uploads\/2019\/03\/almudenagrandes-300x300.jpg 300w, https:\/\/www.taller-palabras.com\/WordPress_04\/wp-content\/uploads\/2019\/03\/almudenagrandes-324x324.jpg 324w, https:\/\/www.taller-palabras.com\/WordPress_04\/wp-content\/uploads\/2019\/03\/almudenagrandes-100x100.jpg 100w, https:\/\/www.taller-palabras.com\/WordPress_04\/wp-content\/uploads\/2019\/03\/almudenagrandes.jpg 400w\" sizes=\"auto, (max-width: 150px) 100vw, 150px\" \/><figcaption id=\"caption-attachment-457\" class=\"wp-caption-text\">Autora Almudena Grandes<\/figcaption><\/figure>\n<p>Nino, hijo de guardia civil, tiene nueve a\u00f1os, vive en la casa cuartel de un pueblo de la Sierra Sur de Ja\u00e9n, y nunca podr\u00e1 olvidar el verano de 1947. Pepe el Portugu\u00e9s, el forastero misterioso, fascinante, que acaba de instalarse en un molino apartado, se convierte en su amigo y su modelo, el hombre en el que le gustar\u00eda convertirse alguna vez. Mientras pasan juntos las tardes a la orilla del r\u00edo, Nino se jurar\u00e1 a s\u00ed mismo que nunca ser\u00e1 guardia civil como su padre, y comenzar\u00e1 a recibir clases de mecanograf\u00eda en el cortijo de las Rubias, donde una familia de mujeres solas, viudas y hu\u00e9rfanas, resiste en la frontera entre el monte y el llano. Mientras descubre un mundo nuevo gracias a las novelas de aventuras que le convertir\u00e1n en otra persona, Nino comprende una verdad que nadie hab\u00eda querido contarle. En la Sierra Sur se est\u00e1 librando una guerra, pero los enemigos de su padre no son los suyos. Tras ese verano, empezar\u00e1 a mirar con otros ojos a los guerrilleros de Cencerro, y a entender por qu\u00e9 su padre quiere que aprenda mecanograf\u00eda.<\/p>\n<p>Almudena Grandes es una de las m\u00e1s colosales escritoras vivas de la literatura espa\u00f1ola contempor\u00e1nea. Almudena conmueve y remueve dentro nuestro sensaciones, sentimientos pero sobre todo nos ayuda a fijar los conceptos de integridad, de \u00e9tica, de humanidad y sensibilidad como pilares de nuestra existencia.<\/p>\n<p>Admiradora de Benito P\u00e9rez Galdos y de Julio Verne, esos dos autores no pod\u00edan estar ausente en una historia como El lector de Julio Verne, un ni\u00f1o que gracias a los libros (entre otras cosas) descubre que pensar no est\u00e1 mal pero que es peligroso en ciertas circunstancias. Los Episodios Nacionales de Benito P\u00e9rez Galdos marcaron de alguna forma la decisi\u00f3n de encarar este proyecto literario denominado &#8216;Episodios de una Guerra Interminable&#8217; y del cual El lector de Julio Verne, es la segunda entrega.<\/p>\n","protected":false},"excerpt":{"rendered":"<p>Nino, hijo de guardia civil, tiene nueve a\u00f1os, vive en la casa cuartel de un pueblo de la Sierra Sur de Ja\u00e9n, y nunca podr\u00e1 olvidar el verano de 1947. Pepe el Portugu\u00e9s, el forastero misterioso, fascinante, que acaba de instalarse en un molino apartado, se convierte en su amigo y su modelo, el hombre [&hellip;]<\/p>\n","protected":false},"featured_media":498,"template":"","meta":[],"product_brand":[],"product_cat":[25],"product_tag":[137,136,138,55],"class_list":{"0":"post-496","1":"product","2":"type-product","3":"status-publish","4":"has-post-thumbnail","6":"product_cat-libros-digitales-ebooks","7":"product_tag-almudena-grande","8":"product_tag-decargar-ebook","9":"product_tag-el-lector-de-julio-verne","10":"product_tag-novelas","12":"first","13":"instock","14":"shipping-taxable","15":"purchasable","16":"product-type-variable","17":"has-default-attributes"},"_links":{"self":[{"href":"https:\/\/www.taller-palabras.com\/WordPress_04\/wp-json\/wp\/v2\/product\/496","targetHints":{"allow":["GET"]}}],"collection":[{"href":"https:\/\/www.taller-palabras.com\/WordPress_04\/wp-json\/wp\/v2\/product"}],"about":[{"href":"https:\/\/www.taller-palabras.com\/WordPress_04\/wp-json\/wp\/v2\/types\/product"}],"wp:featuredmedia":[{"embeddable":true,"href":"https:\/\/www.taller-palabras.com\/WordPress_04\/wp-json\/wp\/v2\/media\/498"}],"wp:attachment":[{"href":"https:\/\/www.taller-palabras.com\/WordPress_04\/wp-json\/wp\/v2\/media?parent=496"}],"wp:term":[{"taxonomy":"product_brand","embeddable":true,"href":"https:\/\/www.taller-palabras.com\/WordPress_04\/wp-json\/wp\/v2\/product_brand?post=496"},{"taxonomy":"product_cat","embeddable":true,"href":"https:\/\/www.taller-palabras.com\/WordPress_04\/wp-json\/wp\/v2\/product_cat?post=496"},{"taxonomy":"product_tag","embeddable":true,"href":"https:\/\/www.taller-palabras.com\/WordPress_04\/wp-json\/wp\/v2\/product_tag?post=496"}],"curies":[{"name":"wp","href":"https:\/\/api.w.org\/{rel}","templated":true}]}}