{"id":5009,"date":"2021-12-18T11:58:51","date_gmt":"2021-12-18T14:58:51","guid":{"rendered":"https:\/\/www.taller-palabras.com\/WordPress_04\/?post_type=product&#038;p=5009"},"modified":"2024-05-29T12:29:33","modified_gmt":"2024-05-29T15:29:33","slug":"nemesis-philip-roth-ebook","status":"publish","type":"product","link":"https:\/\/www.taller-palabras.com\/WordPress_04\/producto\/nemesis-philip-roth-ebook","title":{"rendered":"Nemesis &#8211; Philip Roth \/ebook"},"content":{"rendered":"<figure id=\"attachment_5014\" aria-describedby=\"caption-attachment-5014\" style=\"width: 150px\" class=\"wp-caption alignleft\"><img loading=\"lazy\" decoding=\"async\" class=\"wp-image-5014 size-thumbnail\" src=\"https:\/\/www.taller-palabras.com\/WordPress_04\/wp-content\/uploads\/2021\/12\/Philip_Roth-150x150.jpg\" alt=\"\" width=\"150\" height=\"150\" srcset=\"https:\/\/www.taller-palabras.com\/WordPress_04\/wp-content\/uploads\/2021\/12\/Philip_Roth-150x150.jpg 150w, https:\/\/www.taller-palabras.com\/WordPress_04\/wp-content\/uploads\/2021\/12\/Philip_Roth-100x100.jpg 100w\" sizes=\"auto, (max-width: 150px) 100vw, 150px\" \/><figcaption id=\"caption-attachment-5014\" class=\"wp-caption-text\">Autor Philip Roth<\/figcaption><\/figure>\n<p>En el calor sofocante de la Newark ecuatorial una espantosa epidemia causa estragos y amenaza con dejar a los ni\u00f1os de la ciudad de Nueva Jersey mutilados, paralizados o minusv\u00e1lidos, e incluso con matarlos. Este es el sorprendente tema de la nueva y desgarradora obra de Roth: una epidemia de polio que tiene lugar en un tiempo de guerra, el verano de 1944, y sus efectos sobre la comunidad de Newark, regida por la cohesi\u00f3n y los valores de la familia, y sobre sus ni\u00f1os. El protagonista de N\u00e9mesis es Bucky Cantor, un joven de veintitr\u00e9s a\u00f1os responsable de las actividades al aire libre de los alumnos de una escuela, lanzador de jabalina y levantador de pesas, que vive volcado en sus pupilos y frustrado por no haber podido ir a la guerra con sus coet\u00e1neos a causa de un defecto de visi\u00f3n. Cuando la polio empieza a asolar el patio de recreo, Roth se concentra en los dilemas de Cantor y en las realidades cotidianas a las que este se enfrenta, y nos conduce a trav\u00e9s de todas las emociones que una plaga semejante puede engendrar: el miedo, el p\u00e1nico, la c\u00f3lera, el desconcierto, el sufrimiento y el dolor. Alternando el escenario de las sofocantes y malolientes calles de la Newark asediada y el de Indian Hill, un inmaculado campamento infantil sito en lo alto de las monta\u00f1as Pocono, donde el aire estaba exento de toda poluci\u00f3n, Roth retrata a un hombre bueno, en\u00e9rgico y armado con las mejores intenciones que libra su particular guerra contra la epidemia. El autor se muestra en todo momento delicadamente preciso al abordar la transici\u00f3n de Cantor hacia la tragedia personal, y no menos preciso al tratar el tema de la infancia. En esta novela volvemos a encontrar el sombr\u00edo interrogante que recorre las \u00faltimas cuatro novelas de Roth, Eleg\u00eda, Indignaci\u00f3n, La humillaci\u00f3n y ahora N\u00e9mesis: \u00bfqu\u00e9 decisiones determinan fatalmente la vida? \u00bfHasta qu\u00e9 punto somos impotentes ante las circunstancias?<\/p>\n","protected":false},"excerpt":{"rendered":"<p>En el calor sofocante de la Newark ecuatorial una espantosa epidemia causa estragos y amenaza con dejar a los ni\u00f1os de la ciudad de Nueva Jersey mutilados, paralizados o minusv\u00e1lidos, e incluso con matarlos. Este es el sorprendente tema de la nueva y desgarradora obra de Roth: una epidemia de polio que tiene lugar en [&hellip;]<\/p>\n","protected":false},"featured_media":5015,"template":"","meta":[],"product_brand":[],"product_cat":[25],"product_tag":[54,45,677,678],"class_list":{"0":"post-5009","1":"product","2":"type-product","3":"status-publish","4":"has-post-thumbnail","6":"product_cat-libros-digitales-ebooks","7":"product_tag-descargar-ebook","8":"product_tag-mejor-novela","9":"product_tag-nemesis","10":"product_tag-philip-roth","12":"first","13":"instock","14":"shipping-taxable","15":"purchasable","16":"product-type-variable","17":"has-default-attributes"},"_links":{"self":[{"href":"https:\/\/www.taller-palabras.com\/WordPress_04\/wp-json\/wp\/v2\/product\/5009","targetHints":{"allow":["GET"]}}],"collection":[{"href":"https:\/\/www.taller-palabras.com\/WordPress_04\/wp-json\/wp\/v2\/product"}],"about":[{"href":"https:\/\/www.taller-palabras.com\/WordPress_04\/wp-json\/wp\/v2\/types\/product"}],"wp:featuredmedia":[{"embeddable":true,"href":"https:\/\/www.taller-palabras.com\/WordPress_04\/wp-json\/wp\/v2\/media\/5015"}],"wp:attachment":[{"href":"https:\/\/www.taller-palabras.com\/WordPress_04\/wp-json\/wp\/v2\/media?parent=5009"}],"wp:term":[{"taxonomy":"product_brand","embeddable":true,"href":"https:\/\/www.taller-palabras.com\/WordPress_04\/wp-json\/wp\/v2\/product_brand?post=5009"},{"taxonomy":"product_cat","embeddable":true,"href":"https:\/\/www.taller-palabras.com\/WordPress_04\/wp-json\/wp\/v2\/product_cat?post=5009"},{"taxonomy":"product_tag","embeddable":true,"href":"https:\/\/www.taller-palabras.com\/WordPress_04\/wp-json\/wp\/v2\/product_tag?post=5009"}],"curies":[{"name":"wp","href":"https:\/\/api.w.org\/{rel}","templated":true}]}}

<figure id="attachment_5014" aria-describedby="caption-attachment-5014" style="width: 150px" class="wp-caption alignleft"><img loading="lazy" decoding="async" class="wp-image-5014 size-thumbnail" src="https://www.taller-palabras.com/WordPress_04/wp-content/uploads/2021/12/Philip_Roth-150x150.jpg" alt="" width="150" height="150" srcset="https://www.taller-palabras.com/WordPress_04/wp-content/uploads/2021/12/Philip_Roth-150x150.jpg 150w, https://www.taller-palabras.com/WordPress_04/wp-content/uploads/2021/12/Philip_Roth-100x100.jpg 100w" sizes="auto, (max-width: 150px) 100vw, 150px" /><figcaption id="caption-attachment-5014" class="wp-caption-text">Autor Philip Roth</figcaption></figure>
<p>En el calor sofocante de la Newark ecuatorial una espantosa epidemia causa estragos y amenaza con dejar a los niños de la ciudad de Nueva Jersey mutilados, paralizados o minusválidos, e incluso con matarlos. Este es el sorprendente tema de la nueva y desgarradora obra de Roth: una epidemia de polio que tiene lugar en un tiempo de guerra, el verano de 1944, y sus efectos sobre la comunidad de Newark, regida por la cohesión y los valores de la familia, y sobre sus niños. El protagonista de Némesis es Bucky Cantor, un joven de veintitrés años responsable de las actividades al aire libre de los alumnos de una escuela, lanzador de jabalina y levantador de pesas, que vive volcado en sus pupilos y frustrado por no haber podido ir a la guerra con sus coetáneos a causa de un defecto de visión. Cuando la polio empieza a asolar el patio de recreo, Roth se concentra en los dilemas de Cantor y en las realidades cotidianas a las que este se enfrenta, y nos conduce a través de todas las emociones que una plaga semejante puede engendrar: el miedo, el pánico, la cólera, el desconcierto, el sufrimiento y el dolor. Alternando el escenario de las sofocantes y malolientes calles de la Newark asediada y el de Indian Hill, un inmaculado campamento infantil sito en lo alto de las montañas Pocono, donde el aire estaba exento de toda polución, Roth retrata a un hombre bueno, enérgico y armado con las mejores intenciones que libra su particular guerra contra la epidemia. El autor se muestra en todo momento delicadamente preciso al abordar la transición de Cantor hacia la tragedia personal, y no menos preciso al tratar el tema de la infancia. En esta novela volvemos a encontrar el sombrío interrogante que recorre las últimas cuatro novelas de Roth, Elegía, Indignación, La humillación y ahora Némesis: ¿qué decisiones determinan fatalmente la vida? ¿Hasta qué punto somos impotentes ante las circunstancias?</p>

<p>En el calor sofocante de la Newark ecuatorial una espantosa epidemia causa estragos y amenaza con dejar a los niños de la ciudad de Nueva Jersey mutilados, paralizados o minusválidos, e incluso con matarlos. Este es el sorprendente tema de la nueva y desgarradora obra de Roth: una epidemia de polio que tiene lugar en [&hellip;]</p>
