{"id":5086,"date":"2022-01-18T08:44:59","date_gmt":"2022-01-18T11:44:59","guid":{"rendered":"https:\/\/www.taller-palabras.com\/WordPress_04\/?post_type=product&#038;p=5086"},"modified":"2024-05-30T12:01:56","modified_gmt":"2024-05-30T15:01:56","slug":"el-cuaderno-de-noah-nicholas-sparks-ebook","status":"publish","type":"product","link":"https:\/\/www.taller-palabras.com\/WordPress_04\/producto\/el-cuaderno-de-noah-nicholas-sparks-ebook","title":{"rendered":"El cuaderno de Noah &#8211; Nicholas Sparks \/ebook"},"content":{"rendered":"<figure id=\"attachment_5042\" aria-describedby=\"caption-attachment-5042\" style=\"width: 150px\" class=\"wp-caption alignleft\"><img loading=\"lazy\" decoding=\"async\" class=\"wp-image-5042 size-thumbnail\" src=\"https:\/\/www.taller-palabras.com\/WordPress_04\/wp-content\/uploads\/2022\/01\/Nicholas-Sparks-150x150.jpg\" alt=\"\" width=\"150\" height=\"150\" srcset=\"https:\/\/www.taller-palabras.com\/WordPress_04\/wp-content\/uploads\/2022\/01\/Nicholas-Sparks-150x150.jpg 150w, https:\/\/www.taller-palabras.com\/WordPress_04\/wp-content\/uploads\/2022\/01\/Nicholas-Sparks-100x100.jpg 100w\" sizes=\"auto, (max-width: 150px) 100vw, 150px\" \/><figcaption id=\"caption-attachment-5042\" class=\"wp-caption-text\">Autor Nicholas Sparks<\/figcaption><\/figure>\n<p>Un hombre tiene un cuaderno, tra\u00eddo y llevado mil veces, en su regazo. Una mujer escucha lo que \u00e9l le lee aunque no acaba de entender. El cuaderno de Noah cuenta la historia de Noah, un sure\u00f1o que vuelve a casa despu\u00e9s de la Segunda Guerra Mundial. Noah intenta que la plantaci\u00f3n de la que procede vuelva a su antigua gloria, pero las im\u00e1genes de la joven que conoci\u00f3 hace catorce a\u00f1os no paran de perseguirle. No ha conseguido olvidar el verano que pasaron juntos. Es entonces cuando vuelve a dar con ella. Allie est\u00e1 comprometida pero la pasi\u00f3n que sinti\u00f3 por Noah no ha disminuido ni un \u00e1pice. Los obst\u00e1culos que impidieron su relaci\u00f3n contin\u00faan existiendo y Allie se ve obligada a enfrentarse a sus sue\u00f1os con su boda a tan solo unas semanas de suceder.<\/p>\n","protected":false},"excerpt":{"rendered":"<p>Un hombre tiene un cuaderno, tra\u00eddo y llevado mil veces, en su regazo. Una mujer escucha lo que \u00e9l le lee aunque no acaba de entender. El cuaderno de Noah cuenta la historia de Noah, un sure\u00f1o que vuelve a casa despu\u00e9s de la Segunda Guerra Mundial. Noah intenta que la plantaci\u00f3n de la que [&hellip;]<\/p>\n","protected":false},"featured_media":5030,"template":"","meta":[],"product_brand":[],"product_cat":[25],"product_tag":[54,685,45,686],"class_list":{"0":"post-5086","1":"product","2":"type-product","3":"status-publish","4":"has-post-thumbnail","6":"product_cat-libros-digitales-ebooks","7":"product_tag-descargar-ebook","8":"product_tag-el-cuaderno-de-noah","9":"product_tag-mejor-novela","10":"product_tag-nicholas-sparks","12":"first","13":"instock","14":"shipping-taxable","15":"purchasable","16":"product-type-variable","17":"has-default-attributes"},"_links":{"self":[{"href":"https:\/\/www.taller-palabras.com\/WordPress_04\/wp-json\/wp\/v2\/product\/5086","targetHints":{"allow":["GET"]}}],"collection":[{"href":"https:\/\/www.taller-palabras.com\/WordPress_04\/wp-json\/wp\/v2\/product"}],"about":[{"href":"https:\/\/www.taller-palabras.com\/WordPress_04\/wp-json\/wp\/v2\/types\/product"}],"wp:featuredmedia":[{"embeddable":true,"href":"https:\/\/www.taller-palabras.com\/WordPress_04\/wp-json\/wp\/v2\/media\/5030"}],"wp:attachment":[{"href":"https:\/\/www.taller-palabras.com\/WordPress_04\/wp-json\/wp\/v2\/media?parent=5086"}],"wp:term":[{"taxonomy":"product_brand","embeddable":true,"href":"https:\/\/www.taller-palabras.com\/WordPress_04\/wp-json\/wp\/v2\/product_brand?post=5086"},{"taxonomy":"product_cat","embeddable":true,"href":"https:\/\/www.taller-palabras.com\/WordPress_04\/wp-json\/wp\/v2\/product_cat?post=5086"},{"taxonomy":"product_tag","embeddable":true,"href":"https:\/\/www.taller-palabras.com\/WordPress_04\/wp-json\/wp\/v2\/product_tag?post=5086"}],"curies":[{"name":"wp","href":"https:\/\/api.w.org\/{rel}","templated":true}]}}