{"id":5122,"date":"2022-01-22T09:34:59","date_gmt":"2022-01-22T12:34:59","guid":{"rendered":"https:\/\/www.taller-palabras.com\/WordPress_04\/?post_type=product&#038;p=5122"},"modified":"2024-06-18T17:20:42","modified_gmt":"2024-06-18T20:20:42","slug":"el-origen-de-las-especies-charles-darwin-ebook","status":"publish","type":"product","link":"https:\/\/www.taller-palabras.com\/WordPress_04\/producto\/el-origen-de-las-especies-charles-darwin-ebook","title":{"rendered":"El origen de las especies &#8211; Charles Darwin \/ebook"},"content":{"rendered":"<figure id=\"attachment_5126\" aria-describedby=\"caption-attachment-5126\" style=\"width: 150px\" class=\"wp-caption alignleft\"><img loading=\"lazy\" decoding=\"async\" class=\"wp-image-5126 size-thumbnail\" src=\"https:\/\/www.taller-palabras.com\/WordPress_04\/wp-content\/uploads\/2022\/01\/Charles-Darwin-150x150.jpg\" alt=\"\" width=\"150\" height=\"150\" srcset=\"https:\/\/www.taller-palabras.com\/WordPress_04\/wp-content\/uploads\/2022\/01\/Charles-Darwin-150x150.jpg 150w, https:\/\/www.taller-palabras.com\/WordPress_04\/wp-content\/uploads\/2022\/01\/Charles-Darwin-100x100.jpg 100w, https:\/\/www.taller-palabras.com\/WordPress_04\/wp-content\/uploads\/2022\/01\/Charles-Darwin.jpg 283w\" sizes=\"auto, (max-width: 150px) 100vw, 150px\" \/><figcaption id=\"caption-attachment-5126\" class=\"wp-caption-text\">Autor Charles Darwin<\/figcaption><\/figure>\n<p>Con esta obra, Charles Darwin present\u00f3 su teor\u00eda de la evoluci\u00f3n mediante la selecci\u00f3n natural que, pasados m\u00e1s de cien a\u00f1os, contin\u00faa siendo la base del estudio de la naturaleza para la biolog\u00eda actual. Gran \u00e9xito desde su primera edici\u00f3n, suscit\u00f3 vivas pol\u00e9micas y su influencia se hizo notar no s\u00f3lo en la comunidad cient\u00edfica, sino tambi\u00e9n en toda la sociedad.<\/p>\n","protected":false},"excerpt":{"rendered":"<p>Con esta obra, Charles Darwin present\u00f3 su teor\u00eda de la evoluci\u00f3n mediante la selecci\u00f3n natural que, pasados m\u00e1s de cien a\u00f1os, contin\u00faa siendo la base del estudio de la naturaleza para la biolog\u00eda actual. Gran \u00e9xito desde su primera edici\u00f3n, suscit\u00f3 vivas pol\u00e9micas y su influencia se hizo notar no s\u00f3lo en la comunidad cient\u00edfica, [&hellip;]<\/p>\n","protected":false},"featured_media":5127,"template":"","meta":[],"product_brand":[],"product_cat":[25],"product_tag":[701,54,702,45],"class_list":{"0":"post-5122","1":"product","2":"type-product","3":"status-publish","4":"has-post-thumbnail","6":"product_cat-libros-digitales-ebooks","7":"product_tag-charles-darwin","8":"product_tag-descargar-ebook","9":"product_tag-el-origen-de-las-especies","10":"product_tag-mejor-novela","12":"first","13":"instock","14":"shipping-taxable","15":"purchasable","16":"product-type-variable","17":"has-default-attributes"},"_links":{"self":[{"href":"https:\/\/www.taller-palabras.com\/WordPress_04\/wp-json\/wp\/v2\/product\/5122","targetHints":{"allow":["GET"]}}],"collection":[{"href":"https:\/\/www.taller-palabras.com\/WordPress_04\/wp-json\/wp\/v2\/product"}],"about":[{"href":"https:\/\/www.taller-palabras.com\/WordPress_04\/wp-json\/wp\/v2\/types\/product"}],"wp:featuredmedia":[{"embeddable":true,"href":"https:\/\/www.taller-palabras.com\/WordPress_04\/wp-json\/wp\/v2\/media\/5127"}],"wp:attachment":[{"href":"https:\/\/www.taller-palabras.com\/WordPress_04\/wp-json\/wp\/v2\/media?parent=5122"}],"wp:term":[{"taxonomy":"product_brand","embeddable":true,"href":"https:\/\/www.taller-palabras.com\/WordPress_04\/wp-json\/wp\/v2\/product_brand?post=5122"},{"taxonomy":"product_cat","embeddable":true,"href":"https:\/\/www.taller-palabras.com\/WordPress_04\/wp-json\/wp\/v2\/product_cat?post=5122"},{"taxonomy":"product_tag","embeddable":true,"href":"https:\/\/www.taller-palabras.com\/WordPress_04\/wp-json\/wp\/v2\/product_tag?post=5122"}],"curies":[{"name":"wp","href":"https:\/\/api.w.org\/{rel}","templated":true}]}}