{"id":5213,"date":"2022-02-12T13:08:57","date_gmt":"2022-02-12T16:08:57","guid":{"rendered":"https:\/\/www.taller-palabras.com\/WordPress_04\/?post_type=product&#038;p=5213"},"modified":"2024-05-09T17:11:20","modified_gmt":"2024-05-09T20:11:20","slug":"bartleby-el-escribiente-herman-melville-ebook","status":"publish","type":"product","link":"https:\/\/www.taller-palabras.com\/WordPress_04\/producto\/bartleby-el-escribiente-herman-melville-ebook","title":{"rendered":"Bartleby el escribiente &#8211; Herman Melville \/ebook"},"content":{"rendered":"<figure id=\"attachment_4503\" aria-describedby=\"caption-attachment-4503\" style=\"width: 150px\" class=\"wp-caption alignleft\"><img loading=\"lazy\" decoding=\"async\" class=\"wp-image-4503 size-thumbnail\" src=\"https:\/\/www.taller-palabras.com\/WordPress_04\/wp-content\/uploads\/2021\/10\/HermanMelville-150x150.jpg\" alt=\"\" width=\"150\" height=\"150\" srcset=\"https:\/\/www.taller-palabras.com\/WordPress_04\/wp-content\/uploads\/2021\/10\/HermanMelville-150x150.jpg 150w, https:\/\/www.taller-palabras.com\/WordPress_04\/wp-content\/uploads\/2021\/10\/HermanMelville-100x100.jpg 100w\" sizes=\"auto, (max-width: 150px) 100vw, 150px\" \/><figcaption id=\"caption-attachment-4503\" class=\"wp-caption-text\">Autor Herman Melville<\/figcaption><\/figure>\n<p>Bartleby, el escribiente es una de las narraciones m\u00e1s originales y conmovedoras de la historia de la literatura. Melville escribi\u00f3 este relato a mediados del siglo XIX, pero por \u00e9l no parece haber pasado el tiempo. Nos cuenta la historia de un peculiar copista que trabaja en una oficina de Wall Street. Un d\u00eda, de repente, deja de escribir ampar\u00e1ndose en su famosa f\u00f3rmula: \u00abPreferir\u00eda no hacerlo\u00bb. Nadie sabe de d\u00f3nde viene este escribiente, prefiere no decirlo, y su futuro es incierto pues prefiere no hacer nada que altere su situaci\u00f3n. El abogado, que es el narrador, no sabe c\u00f3mo actuar ante esta rebeld\u00eda, pero al mismo tiempo se siente atra\u00eddo por tan misteriosa actitud. Su compasi\u00f3n hacia el escribiente, un empleado que no cumple ninguna de sus \u00f3rdenes, hace de este personaje un ser tan extra\u00f1o como el propio Bartleby. El libro est\u00e1 ilustrado por Javier Zabala, Premio Nacional de Ilustraci\u00f3n 2005.<\/p>\n","protected":false},"excerpt":{"rendered":"<p>Bartleby, el escribiente es una de las narraciones m\u00e1s originales y conmovedoras de la historia de la literatura. Melville escribi\u00f3 este relato a mediados del siglo XIX, pero por \u00e9l no parece haber pasado el tiempo. Nos cuenta la historia de un peculiar copista que trabaja en una oficina de Wall Street. Un d\u00eda, de [&hellip;]<\/p>\n","protected":false},"featured_media":5177,"template":"","meta":[],"product_brand":[],"product_cat":[25],"product_tag":[717,54,601,45],"class_list":{"0":"post-5213","1":"product","2":"type-product","3":"status-publish","4":"has-post-thumbnail","6":"product_cat-libros-digitales-ebooks","7":"product_tag-bartleby-el-escribiente","8":"product_tag-descargar-ebook","9":"product_tag-herman-melville","10":"product_tag-mejor-novela","12":"first","13":"instock","14":"shipping-taxable","15":"purchasable","16":"product-type-variable","17":"has-default-attributes"},"_links":{"self":[{"href":"https:\/\/www.taller-palabras.com\/WordPress_04\/wp-json\/wp\/v2\/product\/5213","targetHints":{"allow":["GET"]}}],"collection":[{"href":"https:\/\/www.taller-palabras.com\/WordPress_04\/wp-json\/wp\/v2\/product"}],"about":[{"href":"https:\/\/www.taller-palabras.com\/WordPress_04\/wp-json\/wp\/v2\/types\/product"}],"wp:featuredmedia":[{"embeddable":true,"href":"https:\/\/www.taller-palabras.com\/WordPress_04\/wp-json\/wp\/v2\/media\/5177"}],"wp:attachment":[{"href":"https:\/\/www.taller-palabras.com\/WordPress_04\/wp-json\/wp\/v2\/media?parent=5213"}],"wp:term":[{"taxonomy":"product_brand","embeddable":true,"href":"https:\/\/www.taller-palabras.com\/WordPress_04\/wp-json\/wp\/v2\/product_brand?post=5213"},{"taxonomy":"product_cat","embeddable":true,"href":"https:\/\/www.taller-palabras.com\/WordPress_04\/wp-json\/wp\/v2\/product_cat?post=5213"},{"taxonomy":"product_tag","embeddable":true,"href":"https:\/\/www.taller-palabras.com\/WordPress_04\/wp-json\/wp\/v2\/product_tag?post=5213"}],"curies":[{"name":"wp","href":"https:\/\/api.w.org\/{rel}","templated":true}]}}